{"id":690444,"date":"2025-08-27T13:51:49","date_gmt":"2025-08-27T10:51:49","guid":{"rendered":"https:\/\/roveyayinevi.com.tr\/index.php\/urun\/buyuk-aga-tarik-bugra\/"},"modified":"2026-04-16T01:59:56","modified_gmt":"2026-04-15T22:59:56","slug":"buyuk-aga-tarik-bugra","status":"publish","type":"product","link":"https:\/\/roveyayinevi.com.tr\/index.php\/urun\/buyuk-aga-tarik-bugra\/","title":{"rendered":"B\u00fcy\u00fck A\u011fa Tar\u0131k Bu\u011fra"},"content":{"rendered":"<p>Tar\u0131k Bu\u011fra, bu topra\u011fa ve bu topra\u011f\u0131n de\u011ferlerine y\u00fcrekten ba\u011fl\u0131, d\u00f6n\u00fcp d\u00f6n\u00fcp yeniden okunmas\u0131 gereken ve her okunu\u015fta yeni bir derinli\u011fi ke\u015ffedilen yazarlardand\u0131r. Sanat anlay\u0131\u015f\u0131n\u0131n, dilinin ve \u00fcsl\u00fbbunun  farkl\u0131l\u0131\u011f\u0131 dolay\u0131s\u0131yla ister istemez kendi neslinden koparak modalar\u0131n d\u0131\u015f\u0131nda bir yazarl\u0131k maceras\u0131 ya\u015fayan Tar\u0131k Bu\u011fra, as\u0131nda yaln\u0131z bir adamd\u0131, fakat yaln\u0131zl\u0131\u011f\u0131n\u0131 bereketli bir kaynak haline getirebilmi\u015fti.   Be\u015fir Ayvazo\u011flu, elinizdeki kitapta onun bu yazarl\u0131k ve yaln\u0131zl\u0131k maceras\u0131n\u0131 anlat\u0131yor. Tar\u0131k Bu\u011fra\u2019y\u0131 sevenlere, kuru bir biyografik metin de\u011fil, roman gibi s\u00fcr\u00fckleyici bir kitap sunuyor. <\/p>\n","protected":false},"excerpt":{"rendered":"<p>Tar\u0131k Bu\u011fra, bu topra\u011fa ve bu topra\u011f\u0131n de\u011ferlerine y\u00fcrekten ba\u011fl\u0131, d\u00f6n\u00fcp d\u00f6n\u00fcp yeniden okunmas\u0131 gereken ve her okunu\u015fta yeni bir derinli\u011fi ke\u015ffedilen yazarlardand\u0131r. Sanat anlay\u0131\u015f\u0131n\u0131n, dilinin<span class=\"excerpt-hellip\"> [\u2026]<\/span><\/p>\n","protected":false},"featured_media":0,"template":"","meta":{"_monsterinsights_skip_tracking":false,"_monsterinsights_sitenote_active":false,"_monsterinsights_sitenote_note":"","_monsterinsights_sitenote_category":0},"product_brand":[],"product_cat":[14009,12291],"product_tag":[],"class_list":{"0":"post-690444","1":"product","2":"type-product","3":"status-publish","5":"product_cat-biyografi-otobiyografi-edebiyat","6":"product_cat-edebiyat","7":"pa_tur-kitap","8":"pa_yayinevi-kapi-yayinlari","9":"pa_yazar-besir-ayvazoglu","11":"first","12":"instock","13":"sale","14":"shipping-taxable","15":"purchasable","16":"product-type-simple"},"_links":{"self":[{"href":"https:\/\/roveyayinevi.com.tr\/index.php\/wp-json\/wp\/v2\/product\/690444","targetHints":{"allow":["GET"]}}],"collection":[{"href":"https:\/\/roveyayinevi.com.tr\/index.php\/wp-json\/wp\/v2\/product"}],"about":[{"href":"https:\/\/roveyayinevi.com.tr\/index.php\/wp-json\/wp\/v2\/types\/product"}],"wp:attachment":[{"href":"https:\/\/roveyayinevi.com.tr\/index.php\/wp-json\/wp\/v2\/media?parent=690444"}],"wp:term":[{"taxonomy":"product_brand","embeddable":true,"href":"https:\/\/roveyayinevi.com.tr\/index.php\/wp-json\/wp\/v2\/product_brand?post=690444"},{"taxonomy":"product_cat","embeddable":true,"href":"https:\/\/roveyayinevi.com.tr\/index.php\/wp-json\/wp\/v2\/product_cat?post=690444"},{"taxonomy":"product_tag","embeddable":true,"href":"https:\/\/roveyayinevi.com.tr\/index.php\/wp-json\/wp\/v2\/product_tag?post=690444"}],"curies":[{"name":"wp","href":"https:\/\/api.w.org\/{rel}","templated":true}]}}