{"id":690437,"date":"2025-08-27T13:51:47","date_gmt":"2025-08-27T10:51:47","guid":{"rendered":"https:\/\/roveyayinevi.com.tr\/index.php\/urun\/kuramdan-uygulamaya-yapilandirmaci-ogrenme-yaklasimi\/"},"modified":"2026-04-16T01:59:56","modified_gmt":"2026-04-15T22:59:56","slug":"kuramdan-uygulamaya-yapilandirmaci-ogrenme-yaklasimi","status":"publish","type":"product","link":"https:\/\/roveyayinevi.com.tr\/index.php\/urun\/kuramdan-uygulamaya-yapilandirmaci-ogrenme-yaklasimi\/","title":{"rendered":"Kuramdan Uygulamaya Yap\u0131land\u0131rmac\u0131 \u00d6\u011frenme Yakla\u015f\u0131m\u0131"},"content":{"rendered":"<p>\u00fclkemizde son y\u0131llarda program de\u011fi\u015fiklikleri her d\u00f6nemde g\u00fcndemde kalm\u0131\u015f k\u00f6kl\u00fc bir de\u011fi\u015fim ihtiyac\u0131 oldu\u011fu konusunda her d\u00fczeyde e\u011fitimciler g\u00f6r\u00fc\u015flerini dile getirmeye ba\u015flam\u0131\u015flard\u0131r. Geleneksel \u00f6\u011fretim metotlar\u0131n\u0131n b\u0131rak\u0131larak yerini \u00f6\u011frenciyi merkeze alan ve \u00f6\u011frenci taraf\u0131ndan yaparak, ya\u015fayarak kendi bilgilerinden hareketle bilgilerine yenilerini ekleyen yeni bir y\u00f6ntemin kabul g\u00f6rmesi, \u00e7a\u011fa uygun bireyler yeti\u015ftirilmesi a\u00e7\u0131s\u0131ndan \u00f6nemli bir etkendir. Bu d\u00fc\u015f\u00fcncelerden hareketle haz\u0131rlanan yap\u0131land\u0131rmac\u0131 \u00f6\u011frenme yakla\u015f\u0131m\u0131n\u0131n e\u011fitimcilerin b\u00fcy\u00fck bir \u00e7o\u011funlu\u011fu taraf\u0131ndan kabul g\u00f6rece\u011fi d\u00fc\u015f\u00fcncesi ile haz\u0131rlanm\u0131\u015ft\u0131r. <\/p>\n","protected":false},"excerpt":{"rendered":"<p>\u00fclkemizde son y\u0131llarda program de\u011fi\u015fiklikleri her d\u00f6nemde g\u00fcndemde kalm\u0131\u015f k\u00f6kl\u00fc bir de\u011fi\u015fim ihtiyac\u0131 oldu\u011fu konusunda her d\u00fczeyde e\u011fitimciler g\u00f6r\u00fc\u015flerini dile getirmeye ba\u015flam\u0131\u015flard\u0131r. Geleneksel \u00f6\u011fretim metotlar\u0131n\u0131n b\u0131rak\u0131larak<span class=\"excerpt-hellip\"> [\u2026]<\/span><\/p>\n","protected":false},"featured_media":0,"template":"","meta":{"_monsterinsights_skip_tracking":false,"_monsterinsights_sitenote_active":false,"_monsterinsights_sitenote_note":"","_monsterinsights_sitenote_category":0},"product_brand":[],"product_cat":[12312,12304],"product_tag":[],"class_list":{"0":"post-690437","1":"product","2":"type-product","3":"status-publish","5":"product_cat-diger","6":"product_cat-tarih","7":"pa_cilt-ciltsiz","8":"pa_tur-kitap","9":"pa_yayinevi-kok-yayinevi","10":"pa_yazar-engin-karadag","12":"first","13":"instock","14":"sale","15":"shipping-taxable","16":"purchasable","17":"product-type-simple"},"_links":{"self":[{"href":"https:\/\/roveyayinevi.com.tr\/index.php\/wp-json\/wp\/v2\/product\/690437","targetHints":{"allow":["GET"]}}],"collection":[{"href":"https:\/\/roveyayinevi.com.tr\/index.php\/wp-json\/wp\/v2\/product"}],"about":[{"href":"https:\/\/roveyayinevi.com.tr\/index.php\/wp-json\/wp\/v2\/types\/product"}],"wp:attachment":[{"href":"https:\/\/roveyayinevi.com.tr\/index.php\/wp-json\/wp\/v2\/media?parent=690437"}],"wp:term":[{"taxonomy":"product_brand","embeddable":true,"href":"https:\/\/roveyayinevi.com.tr\/index.php\/wp-json\/wp\/v2\/product_brand?post=690437"},{"taxonomy":"product_cat","embeddable":true,"href":"https:\/\/roveyayinevi.com.tr\/index.php\/wp-json\/wp\/v2\/product_cat?post=690437"},{"taxonomy":"product_tag","embeddable":true,"href":"https:\/\/roveyayinevi.com.tr\/index.php\/wp-json\/wp\/v2\/product_tag?post=690437"}],"curies":[{"name":"wp","href":"https:\/\/api.w.org\/{rel}","templated":true}]}}