{"id":690432,"date":"2025-08-27T13:51:33","date_gmt":"2025-08-27T10:51:33","guid":{"rendered":"https:\/\/roveyayinevi.com.tr\/index.php\/urun\/buyuk-kapatilma\/"},"modified":"2026-04-16T01:59:56","modified_gmt":"2026-04-15T22:59:56","slug":"buyuk-kapatilma","status":"publish","type":"product","link":"https:\/\/roveyayinevi.com.tr\/index.php\/urun\/buyuk-kapatilma\/","title":{"rendered":"B\u00fcy\u00fck Kapat\u0131lma"},"content":{"rendered":"<p>On yedinci y\u00fczy\u0131ldan itibaren t\u00fcm Avrupa\u2019y\u0131 etkisi alt\u0131na alan b\u00fcy\u00fck bir de\u011fi\u015fimin nedenlerini ve sonu\u00e7lar\u0131n\u0131 tart\u0131\u015f\u0131yor B\u00fcy\u00fck Kapat\u0131lma. Foucault\u2019ya g\u00f6re bu s\u00fcre\u00e7, kapitalizmin iktisadi i\u015fleyi\u015finin do\u011frudan bir sonucudur. \u00c7al\u0131\u015famayacak durumda olan veya \u00e7al\u0131\u015fmak istemeyen, fabrikan\u0131n bo\u011fucu karanl\u0131\u011f\u0131 yerine \u00f6nceki d\u00f6nemlerde oldu\u011fu gibi g\u00fcn \u0131\u015f\u0131\u011f\u0131 alt\u0131nda ya\u015famak isteyen, i\u015fsiz ve yertsiz yurtsuz bir kalabal\u0131k, ilk kez bu d\u00f6nemde, Paris\u2019te kurulan Hopital general adl\u0131 bir mekana kapat\u0131ld\u0131. Hastalar, sakatlar, ak\u0131l hastalar\u0131, su\u00e7lular, ahlaks\u0131zlar, e\u015fcinseller, kad\u0131n-erkek ayr\u0131m\u0131 yap\u0131lmadan ayn\u0131 yere koyuldu. \ufffcTan\u0131t\u0131m Metni<\/p>\n","protected":false},"excerpt":{"rendered":"<p>On yedinci y\u00fczy\u0131ldan itibaren t\u00fcm Avrupa\u2019y\u0131 etkisi alt\u0131na alan b\u00fcy\u00fck bir de\u011fi\u015fimin nedenlerini ve sonu\u00e7lar\u0131n\u0131 tart\u0131\u015f\u0131yor B\u00fcy\u00fck Kapat\u0131lma. Foucault\u2019ya g\u00f6re bu s\u00fcre\u00e7, kapitalizmin iktisadi i\u015fleyi\u015finin do\u011frudan<span class=\"excerpt-hellip\"> [\u2026]<\/span><\/p>\n","protected":false},"featured_media":0,"template":"","meta":{"_monsterinsights_skip_tracking":false,"_monsterinsights_sitenote_active":false,"_monsterinsights_sitenote_note":"","_monsterinsights_sitenote_category":0},"product_brand":[],"product_cat":[12388,15309],"product_tag":[],"class_list":{"0":"post-690432","1":"product","2":"type-product","3":"status-publish","5":"product_cat-felsefe","6":"product_cat-felsefi-akimlar","7":"pa_cilt-ciltsiz","8":"pa_tur-kitap","9":"pa_yayinevi-ayrinti-yayinlari","10":"pa_yazar-michel-foucault","12":"first","13":"instock","14":"sale","15":"shipping-taxable","16":"purchasable","17":"product-type-simple"},"_links":{"self":[{"href":"https:\/\/roveyayinevi.com.tr\/index.php\/wp-json\/wp\/v2\/product\/690432","targetHints":{"allow":["GET"]}}],"collection":[{"href":"https:\/\/roveyayinevi.com.tr\/index.php\/wp-json\/wp\/v2\/product"}],"about":[{"href":"https:\/\/roveyayinevi.com.tr\/index.php\/wp-json\/wp\/v2\/types\/product"}],"wp:attachment":[{"href":"https:\/\/roveyayinevi.com.tr\/index.php\/wp-json\/wp\/v2\/media?parent=690432"}],"wp:term":[{"taxonomy":"product_brand","embeddable":true,"href":"https:\/\/roveyayinevi.com.tr\/index.php\/wp-json\/wp\/v2\/product_brand?post=690432"},{"taxonomy":"product_cat","embeddable":true,"href":"https:\/\/roveyayinevi.com.tr\/index.php\/wp-json\/wp\/v2\/product_cat?post=690432"},{"taxonomy":"product_tag","embeddable":true,"href":"https:\/\/roveyayinevi.com.tr\/index.php\/wp-json\/wp\/v2\/product_tag?post=690432"}],"curies":[{"name":"wp","href":"https:\/\/api.w.org\/{rel}","templated":true}]}}