{"id":690416,"date":"2025-08-27T13:51:30","date_gmt":"2025-08-27T10:51:30","guid":{"rendered":"https:\/\/roveyayinevi.com.tr\/index.php\/urun\/kaptan-dusukdon-6-kitap\/"},"modified":"2026-04-16T01:59:56","modified_gmt":"2026-04-15T22:59:56","slug":"kaptan-dusukdon-6-kitap","status":"publish","type":"product","link":"https:\/\/roveyayinevi.com.tr\/index.php\/urun\/kaptan-dusukdon-6-kitap\/","title":{"rendered":"Kaptan D\u00fc\u015f\u00fckdon 6. Kitap"},"content":{"rendered":"<p>Kaptan D\u00fc\u015f\u00fckdon\u2019la tan\u0131\u015fmayanlar i\u00e7in i\u015fte yeni bir f\u0131rsat! George ve Harold bu defa ger\u00e7ekten zor durumdalar. Son d\u00fczenledikleri h\u0131nz\u0131rca oyun, okulun kendini be\u011fenmi\u015f \u00f6\u011frencisi ukala Melvin Sneedly\u2019yi \u00e7ileden \u00e7\u0131kar\u0131r. Melvin, arkada\u015flar\u0131n\u0131n kendisine oynad\u0131klar\u0131 oyunun ac\u0131s\u0131n\u0131 \u00e7\u0131karmak i\u00e7in planlar yapar. Ama kendini biyonik g\u00fc\u00e7l\u00fc s\u00fcper \u00e7ocu\u011fa \u00e7evirmeye \u00e7al\u0131\u015f\u0131nca i\u015fler \u00e7\u0131\u011f\u0131r\u0131ndan \u00e7\u0131kar. Ve sonunda Biyonik S\u00fcm\u00fckl\u00fc \u00c7ocuk do\u011far! Acaba Kaptan D\u00fc\u015f\u00fckdon bu s\u00fcm\u00fckl\u00fcy\u00fc yenebilecek mi, yoksa t\u00fcm d\u00fcnya bu i\u011fren\u00e7 burun ak\u0131nt\u0131s\u0131n\u0131n i\u00e7inde bo\u011fulacak m\u0131? Mendilleri haz\u0131rlay\u0131n l\u00fctfen! <\/p>\n","protected":false},"excerpt":{"rendered":"<p>Kaptan D\u00fc\u015f\u00fckdon\u2019la tan\u0131\u015fmayanlar i\u00e7in i\u015fte yeni bir f\u0131rsat! George ve Harold bu defa ger\u00e7ekten zor durumdalar. Son d\u00fczenledikleri h\u0131nz\u0131rca oyun, okulun kendini be\u011fenmi\u015f \u00f6\u011frencisi ukala Melvin<span class=\"excerpt-hellip\"> [\u2026]<\/span><\/p>\n","protected":false},"featured_media":0,"template":"","meta":{"_monsterinsights_skip_tracking":false,"_monsterinsights_sitenote_active":false,"_monsterinsights_sitenote_note":"","_monsterinsights_sitenote_category":0},"product_brand":[],"product_cat":[12275,12274],"product_tag":[],"class_list":{"0":"post-690416","1":"product","2":"type-product","3":"status-publish","5":"product_cat-6-12-yas-kitaplari","6":"product_cat-cocuk-ve-genclik-kitaplari","7":"pa_cilt-ciltsiz","8":"pa_tur-kitap","9":"pa_yayinevi-altin-kitaplar-cocuk-kitaplari","10":"pa_yazar-dav-pilkey","12":"first","13":"instock","14":"sale","15":"shipping-taxable","16":"purchasable","17":"product-type-simple"},"_links":{"self":[{"href":"https:\/\/roveyayinevi.com.tr\/index.php\/wp-json\/wp\/v2\/product\/690416","targetHints":{"allow":["GET"]}}],"collection":[{"href":"https:\/\/roveyayinevi.com.tr\/index.php\/wp-json\/wp\/v2\/product"}],"about":[{"href":"https:\/\/roveyayinevi.com.tr\/index.php\/wp-json\/wp\/v2\/types\/product"}],"wp:attachment":[{"href":"https:\/\/roveyayinevi.com.tr\/index.php\/wp-json\/wp\/v2\/media?parent=690416"}],"wp:term":[{"taxonomy":"product_brand","embeddable":true,"href":"https:\/\/roveyayinevi.com.tr\/index.php\/wp-json\/wp\/v2\/product_brand?post=690416"},{"taxonomy":"product_cat","embeddable":true,"href":"https:\/\/roveyayinevi.com.tr\/index.php\/wp-json\/wp\/v2\/product_cat?post=690416"},{"taxonomy":"product_tag","embeddable":true,"href":"https:\/\/roveyayinevi.com.tr\/index.php\/wp-json\/wp\/v2\/product_tag?post=690416"}],"curies":[{"name":"wp","href":"https:\/\/api.w.org\/{rel}","templated":true}]}}