{"id":690408,"date":"2025-08-27T13:51:29","date_gmt":"2025-08-27T10:51:29","guid":{"rendered":"https:\/\/roveyayinevi.com.tr\/index.php\/urun\/kizilagaclar-krali\/"},"modified":"2026-04-16T01:59:55","modified_gmt":"2026-04-15T22:59:55","slug":"kizilagaclar-krali","status":"publish","type":"product","link":"https:\/\/roveyayinevi.com.tr\/index.php\/urun\/kizilagaclar-krali\/","title":{"rendered":"K\u0131z\u0131la\u011fa\u00e7lar Kral\u0131"},"content":{"rendered":"<p>Daha \u00f6nce Veda Yeme\u011fi, Cuma, \u00c7al\u0131 Horozu ve Alt\u0131n Damla adl\u0131 kitaplar\u0131n\u0131 yay\u0131mlad\u0131\u011f\u0131m\u0131z, Frans\u0131z edebiyat\u0131n\u0131n b\u00fcy\u00fck yarat\u0131c\u0131lar\u0131ndan Michel Tournier&#8217;nin en \u00f6nemli romanlar\u0131ndan biri olan K\u0131z\u0131la\u011fa\u00e7lar Kral\u0131&#8217;n\u0131 sunuyoruz bu kez. K\u0131z\u0131la\u011fa\u00e7lar Kral\u0131, herkesin kendi halinde bir oto tamircisi sand\u0131\u011f\u0131, oysa masallardaki tenobur devleri \u00e7a\u011fr\u0131\u015ft\u0131ran, k\u00f6keni y\u0131ld\u0131zlar ve gezegenler evreninde olan, zaman\u0131n \u00f6l\u00e7\u00fcs\u00fcnden s\u0131yr\u0131lan, ancak g\u00fcncel olaylar i\u00e7inde de ya\u015famak zorunda kalan Abel Tiffauges&#8217;un \u0130kinci D\u00fcnya Sava\u015f\u0131 \u00f6ncesi Fransas\u0131&#8217;nda ba\u015flayan ve sava\u015f boyunca Fransa, Almanya ve Prusya&#8217;da s\u00fcren ola\u011fan\u00fcst\u00fc ser\u00fcvenini anlat\u0131r.\u201cYar\u0131s\u0131 etten-kemikten, yar\u0131s\u0131 mermerden bir heykel\u201d olan, \u201cet seven, kan seven, ten seven\u201d, k\u00f6rpe \u00e7ocuklar\u0131ysa bamba\u015fka duygularla seven Abel Tiffauges, ruhunun d\u00fcnyan\u0131n olu\u015fumu kadar eski oldu\u011funa ve sonsuza kadar ya\u015fayaca\u011f\u0131na, kendisi ile Yazg\u0131 aras\u0131nda bir t\u00fcr ortakl\u0131\u011f\u0131n varl\u0131\u011f\u0131na, yery\u00fcz\u00fcndeki t\u00fcm olaylar\u0131n onun ya\u015fam\u0131ndaki geli\u015fmelere g\u00f6re bi\u00e7imlendi\u011fine inan\u0131r. \u00d6yle ki, SaintChristophe koleji o haks\u0131z yere cezaland\u0131r\u0131ld\u0131\u011f\u0131 i\u00e7in yanar; \u0130kinci D\u00fcnya Sava\u015f\u0131 o haks\u0131z yere tutukland\u0131\u011f\u0131 i\u00e7in \u00e7\u0131kar&#8230; K\u0131z\u0131la\u011fa\u00e7lar Kral\u0131 ba\u015fl\u0131\u011f\u0131 ile roman kahraman\u0131n\u0131n ad\u0131 Abel Tiffauges, daha ba\u015ftan, okuru bir g\u00f6stergeler, simgeler, alegoriler, mitler orman\u0131 i\u00e7ine s\u00fcr\u00fckler: ba\u015fl\u0131k, Goethe&#8217;nin \u00fcnl\u00fc balad\u0131ndan al\u0131nm\u0131\u015ft\u0131r ve bir baban\u0131n kuca\u011f\u0131ndan o\u011flunu kapan do\u011fa\u00fcst\u00fc bir \u00e7ocuk avc\u0131s\u0131na g\u00f6nderme yapar; bu simge roman i\u00e7inde bir ba\u015fka anlam daha kazanacakt\u0131r. Abel, Kutsal Kitaplar\u0131n bilinen \u00f6yk\u00fcs\u00fcne g\u00f6re, karde\u015fi Kabil taraf\u0131ndan \u00f6ld\u00fcr\u00fclen g\u00f6\u00e7ebe Habil&#8217;dir; Tiffauges&#8217;sa, korku \u00f6yk\u00fclerinde Mavi Sakal&#8217;a d\u00f6n\u00fc\u015fen Gilles de Rais&#8217;nin \u015fatosunun bulundu\u011fu y\u00f6renin ad\u0131na bir g\u00f6nderme. Abel Tiffauges&#8217;un ola\u011fand\u0131\u015f\u0131 ser\u00fcveni, ayr\u0131ca \u0130kinci D\u00fcnya Sava\u015f\u0131 s\u0131ras\u0131nda Nazi Almanyas\u0131&#8217;n\u0131n perde arkas\u0131 \u00fczerine ger\u00e7ek bir belgesel niteli\u011findedir. Bize, mitler d\u00fcnyas\u0131ndan seslenerek yepyeni \u00f6yk\u00fcler anlatan, hayal g\u00fcc\u00fcm\u00fcz\u00fcn s\u0131n\u0131rlar\u0131n\u0131 zorlayan bir ba\u015fyap\u0131t&#8230;<\/p>\n","protected":false},"excerpt":{"rendered":"<p>Daha \u00f6nce Veda Yeme\u011fi, Cuma, \u00c7al\u0131 Horozu ve Alt\u0131n Damla adl\u0131 kitaplar\u0131n\u0131 yay\u0131mlad\u0131\u011f\u0131m\u0131z, Frans\u0131z edebiyat\u0131n\u0131n b\u00fcy\u00fck yarat\u0131c\u0131lar\u0131ndan Michel Tournier&#8217;nin en \u00f6nemli romanlar\u0131ndan biri olan K\u0131z\u0131la\u011fa\u00e7lar Kral\u0131&#8217;n\u0131<span class=\"excerpt-hellip\"> [\u2026]<\/span><\/p>\n","protected":false},"featured_media":0,"template":"","meta":{"_monsterinsights_skip_tracking":false,"_monsterinsights_sitenote_active":false,"_monsterinsights_sitenote_note":"","_monsterinsights_sitenote_category":0},"product_brand":[],"product_cat":[12291,13376],"product_tag":[],"class_list":{"0":"post-690408","1":"product","2":"type-product","3":"status-publish","5":"product_cat-edebiyat","6":"product_cat-fransiz-edebiyati","7":"pa_cilt-ciltsiz","8":"pa_tur-kitap","9":"pa_yayinevi-ayrinti-yayinlari","10":"pa_yazar-michel-tournier","12":"first","13":"instock","14":"sale","15":"shipping-taxable","16":"purchasable","17":"product-type-simple"},"_links":{"self":[{"href":"https:\/\/roveyayinevi.com.tr\/index.php\/wp-json\/wp\/v2\/product\/690408","targetHints":{"allow":["GET"]}}],"collection":[{"href":"https:\/\/roveyayinevi.com.tr\/index.php\/wp-json\/wp\/v2\/product"}],"about":[{"href":"https:\/\/roveyayinevi.com.tr\/index.php\/wp-json\/wp\/v2\/types\/product"}],"wp:attachment":[{"href":"https:\/\/roveyayinevi.com.tr\/index.php\/wp-json\/wp\/v2\/media?parent=690408"}],"wp:term":[{"taxonomy":"product_brand","embeddable":true,"href":"https:\/\/roveyayinevi.com.tr\/index.php\/wp-json\/wp\/v2\/product_brand?post=690408"},{"taxonomy":"product_cat","embeddable":true,"href":"https:\/\/roveyayinevi.com.tr\/index.php\/wp-json\/wp\/v2\/product_cat?post=690408"},{"taxonomy":"product_tag","embeddable":true,"href":"https:\/\/roveyayinevi.com.tr\/index.php\/wp-json\/wp\/v2\/product_tag?post=690408"}],"curies":[{"name":"wp","href":"https:\/\/api.w.org\/{rel}","templated":true}]}}