{"id":690405,"date":"2025-08-27T13:51:28","date_gmt":"2025-08-27T10:51:28","guid":{"rendered":"https:\/\/roveyayinevi.com.tr\/index.php\/urun\/kulturel-bellek-eski-yuksek-kulturlerde-yazi-hatirlama-ve-politik-kimlik\/"},"modified":"2026-04-16T01:59:55","modified_gmt":"2026-04-15T22:59:55","slug":"kulturel-bellek-eski-yuksek-kulturlerde-yazi-hatirlama-ve-politik-kimlik","status":"publish","type":"product","link":"https:\/\/roveyayinevi.com.tr\/index.php\/urun\/kulturel-bellek-eski-yuksek-kulturlerde-yazi-hatirlama-ve-politik-kimlik\/","title":{"rendered":"K\u00fclt\u00fcrel Bellek : Eski Y\u00fcksek K\u00fclt\u00fcrlerde Yaz\u0131, Hat\u0131rlama ve Politik Kimlik"},"content":{"rendered":"<p>Toplumlar\u0131n belle\u011fini, kendi ge\u00e7mi\u015flerini hat\u0131rlama bi\u00e7imlerini kimlik sorunuyla ili\u015fkilendiren bu kitap, konuyla ilgilenenlere temel a\u00e7\u0131klamalar sunuyor. Uluslararas\u0131 \u00fcne sahip bir M\u0131s\u0131rolog olan Jan Assmann, uygarl\u0131\u011f\u0131n derin ge\u00e7mi\u015finden getirdi\u011fi a\u00e7\u0131klamalarla insanl\u0131\u011f\u0131n yaratt\u0131\u011f\u0131 toplum formasyonlar\u0131na \u0131\u015f\u0131k tutuyor. Yazar Eski M\u0131s\u0131r\u2019\u0131, Mezopotamya uygarl\u0131\u011f\u0131n\u0131, \u0130srail\u2019i ve Antik Yunanistan\u2019\u0131 kar\u015f\u0131la\u015ft\u0131rmal\u0131 olarak inceledi\u011fi bu \u00e7al\u0131\u015fmas\u0131nda toplumsal belle\u011fin temel karakterine, farkl\u0131 bi\u00e7imlerine ve ara\u00e7lar\u0131na y\u00f6nelik ayr\u0131nt\u0131l\u0131 \u00e7\u00f6z\u00fcmlemeler getiriyor. Bir hat\u0131rlama  ve ge\u00e7mi\u015fle ileti\u015fim arac\u0131 olarak tan\u0131mlanan yaz\u0131, Assmann\u2019a g\u00f6re toplumun belle\u011fine de yeni olanaklar sunarak toplumsal d\u00f6n\u00fc\u015f\u00fcmlerde merkezi bir rol oynuyor. Assmann yaz\u0131n\u0131n bu rol\u00fcn\u00fc a\u00e7\u0131klarken \u201ckanon\u201d ve \u201cklasik\u201d kavramlar\u0131yla birlikte yaz\u0131 sistemlerini de ayr\u0131nt\u0131lar\u0131yla  ele  al\u0131yor. Assmann uygarl\u0131k sorununa k\u00f6kensel ve yap\u0131sal a\u00e7\u0131klamalar getirirken, Bat\u0131 merkezci bak\u0131\u015ftan uzak duruyor, ama \u00f6te yandan Antik Yunanistan\u2019\u0131n bilimsel d\u00fc\u015f\u00fcnce ve Bat\u0131 uygarl\u0131\u011f\u0131n\u0131n k\u00f6kenini olu\u015fturdu\u011fu tezini kendi ara\u015ft\u0131rma alan\u0131ndan a\u00e7\u0131klamalarla restore ediyor. K\u00fclt\u00fcrel Bellek, daha \u00f6nce yay\u0131mlad\u0131\u011f\u0131m\u0131z Connerton\u2019un Toplumlar Nas\u0131l An\u0131msar ve Jacoby\u2019nin Belle\u011fini Yitiren Toplum adl\u0131 kitaplar\u0131yla birlikte \u201ctoplumsal bellek\u201d ba\u015fl\u0131\u011f\u0131 alt\u0131nda toplanabilecek bir b\u00fct\u00fcnl\u00fck olu\u015fturuyor. Bu kitaplarla toplumsal bellek sorununu, hem unutturma ve unutma mekanizmalar\u0131 hem de \u201chat\u0131rlanan\u201d\u0131n mekanizmalar\u0131 a\u00e7\u0131s\u0131ndan ele alan \u00e7al\u0131\u015fmalar sunmu\u015f oluyoruz. Elinizdeki kitap ortaya att\u0131\u011f\u0131 sorular a\u00e7\u0131s\u0131ndan, yaz\u0131 d\u0131\u015f\u0131 ara\u00e7lar\u0131 inceleyen Toplumlar Nas\u0131l An\u0131msar adl\u0131 kitapla ayn\u0131 \u00e7izgide. Assmann bu sorular\u0131 incelerken, yaz\u0131ya dayal\u0131 hat\u0131rlama bi\u00e7imlerini sergilemekle kalm\u0131yor, bu sorunu be\u015f-alt\u0131 bin y\u0131l gerilere giderek yaz\u0131l\u0131 k\u00fclt\u00fcrlerin ba\u015flar\u0131ndaki temel formasyonlar\u0131n ortaya \u00e7\u0131k\u0131\u015f\u0131na y\u00f6nelik tezler geli\u015ftiriyor. Konusuna yap\u0131salc\u0131 bir g\u00f6zle yakla\u015fan Assmann, toplumsal hat\u0131rlaman\u0131n ger\u00e7e\u011fi ne kadar yans\u0131tt\u0131\u011f\u0131yla, ge\u00e7mi\u015fle ba\u011flar\u0131 ne kadar iyi kurdu\u011fuyla ilgilenmiyor. Ama T\u00fcrk\u00e7e bask\u0131ya yazd\u0131\u011f\u0131 \u00f6ns\u00f6zde kendisinin de belirtti\u011fi gibi, hat\u0131rlama mekanizmalar\u0131n\u0131 anlamak toplumsal gerilim  ve \u00e7at\u0131\u015fmalara neden olan konulara daha serinkanl\u0131 bir g\u00f6zle bakmay\u0131 sa\u011fl\u0131yor. Bu kitap, T\u00fcrkiye gibi toplumsal belle\u011fin kendine \u00f6zg\u00fc yanlar\u0131 bulunan bir \u00fclkenin prototip bir analizini vermese de bug\u00fcne kadarki tart\u0131\u015fmalar\u0131m\u0131za yeni bir boyut sunuyor. <\/p>\n","protected":false},"excerpt":{"rendered":"<p>Toplumlar\u0131n belle\u011fini, kendi ge\u00e7mi\u015flerini hat\u0131rlama bi\u00e7imlerini kimlik sorunuyla ili\u015fkilendiren bu kitap, konuyla ilgilenenlere temel a\u00e7\u0131klamalar sunuyor. Uluslararas\u0131 \u00fcne sahip bir M\u0131s\u0131rolog olan Jan Assmann, uygarl\u0131\u011f\u0131n derin<span class=\"excerpt-hellip\"> [\u2026]<\/span><\/p>\n","protected":false},"featured_media":0,"template":"","meta":{"_monsterinsights_skip_tracking":false,"_monsterinsights_sitenote_active":false,"_monsterinsights_sitenote_note":"","_monsterinsights_sitenote_category":0},"product_brand":[],"product_cat":[13633,12324],"product_tag":[],"class_list":{"0":"post-690405","1":"product","2":"type-product","3":"status-publish","5":"product_cat-kultur-ve-bilim","6":"product_cat-sosyoloji","7":"pa_cilt-ciltsiz","8":"pa_tur-kitap","9":"pa_yayinevi-ayrinti-yayinlari","10":"pa_yazar-jan-assmann","12":"first","13":"instock","14":"sale","15":"shipping-taxable","16":"purchasable","17":"product-type-simple"},"_links":{"self":[{"href":"https:\/\/roveyayinevi.com.tr\/index.php\/wp-json\/wp\/v2\/product\/690405","targetHints":{"allow":["GET"]}}],"collection":[{"href":"https:\/\/roveyayinevi.com.tr\/index.php\/wp-json\/wp\/v2\/product"}],"about":[{"href":"https:\/\/roveyayinevi.com.tr\/index.php\/wp-json\/wp\/v2\/types\/product"}],"wp:attachment":[{"href":"https:\/\/roveyayinevi.com.tr\/index.php\/wp-json\/wp\/v2\/media?parent=690405"}],"wp:term":[{"taxonomy":"product_brand","embeddable":true,"href":"https:\/\/roveyayinevi.com.tr\/index.php\/wp-json\/wp\/v2\/product_brand?post=690405"},{"taxonomy":"product_cat","embeddable":true,"href":"https:\/\/roveyayinevi.com.tr\/index.php\/wp-json\/wp\/v2\/product_cat?post=690405"},{"taxonomy":"product_tag","embeddable":true,"href":"https:\/\/roveyayinevi.com.tr\/index.php\/wp-json\/wp\/v2\/product_tag?post=690405"}],"curies":[{"name":"wp","href":"https:\/\/api.w.org\/{rel}","templated":true}]}}