{"id":690399,"date":"2025-08-27T13:51:27","date_gmt":"2025-08-27T10:51:27","guid":{"rendered":"https:\/\/roveyayinevi.com.tr\/index.php\/urun\/kaptan-dusukdon-3-dunya-disindan-gelenlerin-saldiri\/"},"modified":"2026-04-16T01:59:55","modified_gmt":"2026-04-15T22:59:55","slug":"kaptan-dusukdon-3-dunya-disindan-gelenlerin-saldiri","status":"publish","type":"product","link":"https:\/\/roveyayinevi.com.tr\/index.php\/urun\/kaptan-dusukdon-3-dunya-disindan-gelenlerin-saldiri\/","title":{"rendered":"Kaptan D\u00fc\u015f\u00fckdon 3 &#8211; D\u00fcnya D\u0131\u015f\u0131ndan Gelenlerin Sald\u0131r\u0131"},"content":{"rendered":"<p>Kaptan D\u00fc\u015f\u00fckdon ve D\u00fcnya D\u0131\u015f\u0131ndan Gelen \u0130nan\u0131lamayacak Kadar Yaramaz A\u015f\u00e7\u0131 Kad\u0131nlar\u0131n Sald\u0131r\u0131s\u0131 (Ve Ayn\u0131 Derecede Korkun\u00e7 Zombi \u0130neklerin Bunu \u0130zleyen Sald\u0131r\u0131s\u0131) Kaptan D\u00fc\u015f\u00fckdon, \u00f6nce \u015feytan Dr. Bebekbezi\u2019ni yendi, sonra da korkun\u00e7, konu\u015fan tuvaletleri yok etti&#8230; \u015eimdi ise kendi can\u0131n\u0131 kurtar-mak i\u00e7in sava\u015f\u0131yor. Bakal\u0131m Kaptan D\u00fc\u015f\u00fckdon ve yarat\u0131c\u0131lar\u0131 George\u2019la Harold, t\u00fcm d\u00fcnyay\u0131 ele ge\u00e7irmeye \u00e7al\u0131\u015fan k\u0131l\u0131k de\u011fi\u015ftirmi\u015f \u00fc\u00e7 dev uzayl\u0131yla nas\u0131l sava\u015facak? \u015eimdi, olaylar\u0131 derinlemesine inceleyip Kaptan D\u00fc\u015f\u00fckdon\u2019un uzayl\u0131 maceras\u0131nda neler yapt\u0131\u011f\u0131n\u0131 \u00f6\u011frenme zaman\u0131. <\/p>\n","protected":false},"excerpt":{"rendered":"<p>Kaptan D\u00fc\u015f\u00fckdon ve D\u00fcnya D\u0131\u015f\u0131ndan Gelen \u0130nan\u0131lamayacak Kadar Yaramaz A\u015f\u00e7\u0131 Kad\u0131nlar\u0131n Sald\u0131r\u0131s\u0131 (Ve Ayn\u0131 Derecede Korkun\u00e7 Zombi \u0130neklerin Bunu \u0130zleyen Sald\u0131r\u0131s\u0131) Kaptan D\u00fc\u015f\u00fckdon, \u00f6nce \u015feytan Dr.<span class=\"excerpt-hellip\"> [\u2026]<\/span><\/p>\n","protected":false},"featured_media":0,"template":"","meta":{"_monsterinsights_skip_tracking":false,"_monsterinsights_sitenote_active":false,"_monsterinsights_sitenote_note":"","_monsterinsights_sitenote_category":0},"product_brand":[],"product_cat":[12275,12274],"product_tag":[],"class_list":{"0":"post-690399","1":"product","2":"type-product","3":"status-publish","5":"product_cat-6-12-yas-kitaplari","6":"product_cat-cocuk-ve-genclik-kitaplari","7":"pa_cilt-ciltsiz","8":"pa_tur-kitap","9":"pa_yayinevi-altin-kitaplar-cocuk-kitaplari","10":"pa_yazar-dav-pilkey","12":"first","13":"instock","14":"sale","15":"shipping-taxable","16":"purchasable","17":"product-type-simple"},"_links":{"self":[{"href":"https:\/\/roveyayinevi.com.tr\/index.php\/wp-json\/wp\/v2\/product\/690399","targetHints":{"allow":["GET"]}}],"collection":[{"href":"https:\/\/roveyayinevi.com.tr\/index.php\/wp-json\/wp\/v2\/product"}],"about":[{"href":"https:\/\/roveyayinevi.com.tr\/index.php\/wp-json\/wp\/v2\/types\/product"}],"wp:attachment":[{"href":"https:\/\/roveyayinevi.com.tr\/index.php\/wp-json\/wp\/v2\/media?parent=690399"}],"wp:term":[{"taxonomy":"product_brand","embeddable":true,"href":"https:\/\/roveyayinevi.com.tr\/index.php\/wp-json\/wp\/v2\/product_brand?post=690399"},{"taxonomy":"product_cat","embeddable":true,"href":"https:\/\/roveyayinevi.com.tr\/index.php\/wp-json\/wp\/v2\/product_cat?post=690399"},{"taxonomy":"product_tag","embeddable":true,"href":"https:\/\/roveyayinevi.com.tr\/index.php\/wp-json\/wp\/v2\/product_tag?post=690399"}],"curies":[{"name":"wp","href":"https:\/\/api.w.org\/{rel}","templated":true}]}}