{"id":690391,"date":"2025-08-27T13:51:26","date_gmt":"2025-08-27T10:51:26","guid":{"rendered":"https:\/\/roveyayinevi.com.tr\/index.php\/urun\/sasortkovan-soylenceleri\/"},"modified":"2026-04-16T01:59:55","modified_gmt":"2026-04-15T22:59:55","slug":"sasortkovan-soylenceleri","status":"publish","type":"product","link":"https:\/\/roveyayinevi.com.tr\/index.php\/urun\/sasortkovan-soylenceleri\/","title":{"rendered":"\u015ea\u015fortkovan S\u00f6ylenceleri"},"content":{"rendered":"<p>\u00d6mer Turan\u2019\u0131n son \u015fiir kitab\u0131 \u015ea\u015fortkovan S\u00f6ylenceleri\u2019ndeki \u015fiirler, y\u00fcz\u00fcn\u00fc \u00e7i\u00e7eklere, da\u011flara, Karadeniz\u2019in e\u015fsiz do\u011fas\u0131na d\u00f6nm\u00fc\u015f; bir anlamda do\u011fadan dile gelmi\u015f, d\u00fc\u015f\u00fcnen \u015fiirler&#8230; <\/p>\n","protected":false},"excerpt":{"rendered":"<p>\u00d6mer Turan\u2019\u0131n son \u015fiir kitab\u0131 \u015ea\u015fortkovan S\u00f6ylenceleri\u2019ndeki \u015fiirler, y\u00fcz\u00fcn\u00fc \u00e7i\u00e7eklere, da\u011flara, Karadeniz\u2019in e\u015fsiz do\u011fas\u0131na d\u00f6nm\u00fc\u015f; bir anlamda do\u011fadan dile gelmi\u015f, d\u00fc\u015f\u00fcnen \u015fiirler&#8230;<\/p>\n","protected":false},"featured_media":0,"template":"","meta":{"_monsterinsights_skip_tracking":false,"_monsterinsights_sitenote_active":false,"_monsterinsights_sitenote_note":"","_monsterinsights_sitenote_category":0},"product_brand":[],"product_cat":[12291,12509],"product_tag":[],"class_list":{"0":"post-690391","1":"product","2":"type-product","3":"status-publish","5":"product_cat-edebiyat","6":"product_cat-siir","7":"pa_cilt-ciltsiz","8":"pa_tur-kitap","9":"pa_yayinevi-bencekitap","10":"pa_yazar-ozer-turan","12":"first","13":"instock","14":"sale","15":"shipping-taxable","16":"purchasable","17":"product-type-simple"},"_links":{"self":[{"href":"https:\/\/roveyayinevi.com.tr\/index.php\/wp-json\/wp\/v2\/product\/690391","targetHints":{"allow":["GET"]}}],"collection":[{"href":"https:\/\/roveyayinevi.com.tr\/index.php\/wp-json\/wp\/v2\/product"}],"about":[{"href":"https:\/\/roveyayinevi.com.tr\/index.php\/wp-json\/wp\/v2\/types\/product"}],"wp:attachment":[{"href":"https:\/\/roveyayinevi.com.tr\/index.php\/wp-json\/wp\/v2\/media?parent=690391"}],"wp:term":[{"taxonomy":"product_brand","embeddable":true,"href":"https:\/\/roveyayinevi.com.tr\/index.php\/wp-json\/wp\/v2\/product_brand?post=690391"},{"taxonomy":"product_cat","embeddable":true,"href":"https:\/\/roveyayinevi.com.tr\/index.php\/wp-json\/wp\/v2\/product_cat?post=690391"},{"taxonomy":"product_tag","embeddable":true,"href":"https:\/\/roveyayinevi.com.tr\/index.php\/wp-json\/wp\/v2\/product_tag?post=690391"}],"curies":[{"name":"wp","href":"https:\/\/api.w.org\/{rel}","templated":true}]}}