{"id":690384,"date":"2025-08-27T13:51:24","date_gmt":"2025-08-27T10:51:24","guid":{"rendered":"https:\/\/roveyayinevi.com.tr\/index.php\/urun\/mahremiyetin-donusumu\/"},"modified":"2026-04-16T01:59:55","modified_gmt":"2026-04-15T22:59:55","slug":"mahremiyetin-donusumu","status":"publish","type":"product","link":"https:\/\/roveyayinevi.com.tr\/index.php\/urun\/mahremiyetin-donusumu\/","title":{"rendered":"Mahremiyetin D\u00f6n\u00fc\u015f\u00fcm\u00fc"},"content":{"rendered":"<p>\u00c7a\u011fda\u015f sosyolojinin en b\u00fcy\u00fck d\u00fc\u015f\u00fcn\u00fcrlerinden Anthony Giddens bu kitab\u0131nda, kad\u0131nlar\u0131n modernlik s\u00fcrecinde ya\u015fad\u0131klar\u0131 ki\u015fisel de\u011fi\u015fimleri yorumluyor. G\u00fcndelik hayatta \u00f6zg\u00fcrl\u00fck\u00e7\u00fc de\u011ferlere dayanan ili\u015fkiler geli\u015ftirilmesini ve ki\u015fisel hayat\u0131n demokratikle\u015ftirilmesini ama\u00e7layan bir \u201cya\u015fam politikas\u0131\u201d perspektifinin imk\u00e2nlar\u0131 de\u011ferlendiriliyor. Yazar\u0131n \u201cmahremiyetin d\u00f6n\u00fc\u015f\u00fcm\u00fc\u201d ad\u0131n\u0131 verdi\u011fi s\u00fcrecin iki ana dinami\u011fi var: do\u011fum teknolojisindeki geli\u015fmeler sayesinde \u00fcreme zorunlulu\u011fundan kopmu\u015f bir \u201cplastik cinselli\u011fin\u201d ortaya \u00e7\u0131kmas\u0131 ve kad\u0131nlar\u0131n cinsel \u00f6zerkli\u011finin artmas\u0131. Giddens\u2019a g\u00f6re, 19. y\u00fczy\u0131l ba\u015flar\u0131nda \u201canneli\u011fin icad\u0131\u201d ve romantik a\u015fk ideallerinin geli\u015fmesi, kamusal alana \u00e7\u0131kmas\u0131 engellenmi\u015f kad\u0131n\u0131n g\u00f6n\u00fcl i\u015flerinde uzmanla\u015fmas\u0131n\u0131 sa\u011flam\u0131\u015f ve b\u00f6ylece kad\u0131nlar s\u00fcrekli tart\u0131\u015farak i\u015flenebilecek bir \u201cbenlik anlat\u0131s\u0131\u201d geli\u015ftirme konusunda erkekleri yaya b\u0131rakm\u0131\u015flard\u0131r. Din ve gelenek gibi d\u0131\u015fsal anlam kaynaklar\u0131n\u0131n h\u0131zla geriledi\u011fi modernlik d\u00f6neminde, insanlar\u0131n kendi ili\u015fkilerine kendilerinin anlam vermesi gerekti\u011fi a\u00e7\u0131kt\u0131r ve bunda da bayra\u011f\u0131 \u201cmodernli\u011fin duygu devrimcileri\u201d olan kad\u0131nlar ta\u015f\u0131maktad\u0131r. Kad\u0131nlar \u00fczerindeki kontrolleri azalan ve kad\u0131nlar\u0131n getirdi\u011fi, kendini \u00f6tekine tamamen a\u00e7maya ve a\u015fk bilgisine dayanan, her t\u00fcrl\u00fc ba\u011f\u0131ml\u0131l\u0131\u011f\u0131 d\u0131\u015flayan ve mutlaka cinsel doyum i\u00e7ermek zorunda olan e\u015fitlik\u00e7i \u201csaf ili\u015fki\u201d modeline ayak uydurmakta zorlanan erkekler ya \u015fiddete ba\u015fvurmak ya da kendi erkekliklerini yeniden tan\u0131mlamak zorunda kalmaktad\u0131r.    Zamparal\u0131\u011f\u0131n art\u0131k neden demode bir \u015fey oldu\u011fundan sekskolikli\u011fe; Freud, Foucault, Reich, Marcuse\u2019\u00fcn teorilerinden gay k\u00fclt\u00fcr\u00fcne; pornografinin yayg\u0131nla\u015fmas\u0131ndan ebeveyn-\u00e7ocuk ili\u015fkisindeki de\u011fi\u015fimlere dek bir\u00e7ok konuda ufuk a\u00e7\u0131c\u0131 yorumlar getiren son derece \u00f6nemli bir kitap Mahremiyetin D\u00f6n\u00fc\u015f\u00fcm\u00fc. Temel kayg\u0131s\u0131 ekonomik b\u00fcy\u00fcme ve teknolojik denetim de\u011fil, duygusal doyum ve tinsel olgunluk olan bir uygarl\u0131k yaratmam\u0131z gerekti\u011fini d\u00fc\u015f\u00fcnenler i\u00e7in&#8230;  <\/p>\n","protected":false},"excerpt":{"rendered":"<p>\u00c7a\u011fda\u015f sosyolojinin en b\u00fcy\u00fck d\u00fc\u015f\u00fcn\u00fcrlerinden Anthony Giddens bu kitab\u0131nda, kad\u0131nlar\u0131n modernlik s\u00fcrecinde ya\u015fad\u0131klar\u0131 ki\u015fisel de\u011fi\u015fimleri yorumluyor. G\u00fcndelik hayatta \u00f6zg\u00fcrl\u00fck\u00e7\u00fc de\u011ferlere dayanan ili\u015fkiler geli\u015ftirilmesini ve ki\u015fisel hayat\u0131n<span class=\"excerpt-hellip\"> [\u2026]<\/span><\/p>\n","protected":false},"featured_media":0,"template":"","meta":{"_monsterinsights_skip_tracking":false,"_monsterinsights_sitenote_active":false,"_monsterinsights_sitenote_note":"","_monsterinsights_sitenote_category":0},"product_brand":[],"product_cat":[13633,12324],"product_tag":[],"class_list":{"0":"post-690384","1":"product","2":"type-product","3":"status-publish","5":"product_cat-kultur-ve-bilim","6":"product_cat-sosyoloji","7":"pa_cilt-ciltsiz","8":"pa_tur-kitap","9":"pa_yayinevi-ayrinti-yayinlari","10":"pa_yazar-anthony-giddens","12":"first","13":"instock","14":"sale","15":"shipping-taxable","16":"purchasable","17":"product-type-simple"},"_links":{"self":[{"href":"https:\/\/roveyayinevi.com.tr\/index.php\/wp-json\/wp\/v2\/product\/690384","targetHints":{"allow":["GET"]}}],"collection":[{"href":"https:\/\/roveyayinevi.com.tr\/index.php\/wp-json\/wp\/v2\/product"}],"about":[{"href":"https:\/\/roveyayinevi.com.tr\/index.php\/wp-json\/wp\/v2\/types\/product"}],"wp:attachment":[{"href":"https:\/\/roveyayinevi.com.tr\/index.php\/wp-json\/wp\/v2\/media?parent=690384"}],"wp:term":[{"taxonomy":"product_brand","embeddable":true,"href":"https:\/\/roveyayinevi.com.tr\/index.php\/wp-json\/wp\/v2\/product_brand?post=690384"},{"taxonomy":"product_cat","embeddable":true,"href":"https:\/\/roveyayinevi.com.tr\/index.php\/wp-json\/wp\/v2\/product_cat?post=690384"},{"taxonomy":"product_tag","embeddable":true,"href":"https:\/\/roveyayinevi.com.tr\/index.php\/wp-json\/wp\/v2\/product_tag?post=690384"}],"curies":[{"name":"wp","href":"https:\/\/api.w.org\/{rel}","templated":true}]}}