{"id":690380,"date":"2025-08-27T13:51:24","date_gmt":"2025-08-27T10:51:24","guid":{"rendered":"https:\/\/roveyayinevi.com.tr\/index.php\/urun\/lila-ahlakin-sorgulanmasi\/"},"modified":"2026-04-16T01:59:55","modified_gmt":"2026-04-15T22:59:55","slug":"lila-ahlakin-sorgulanmasi","status":"publish","type":"product","link":"https:\/\/roveyayinevi.com.tr\/index.php\/urun\/lila-ahlakin-sorgulanmasi\/","title":{"rendered":"Lila Ahlak\u0131n Sorgulanmas\u0131"},"content":{"rendered":"<p>\u0130lk kitab\u0131 Zen ve Motosiklet Bak\u0131m Sanat\u0131\u2019nda Robert Pirsig, ovalar ve batakl\u0131klardan ba\u015flay\u0131p da\u011flar\u0131n doruklar\u0131ndan a\u015farak denize kadar uzanan motosiklet yolculu\u011funu akl\u0131n, ak\u0131lc\u0131l\u0131k gelene\u011finin ve bu gelene\u011fe ba\u011fl\u0131 de\u011ferlerin sorguland\u0131\u011f\u0131 bir felsefi \u015f\u00f6lene d\u00f6n\u00fc\u015ft\u00fcrm\u00fc\u015ft\u00fc. Lila\u2019da ise \u015f\u00f6len kald\u0131\u011f\u0131 yerden, denizden devam ediyor. Yazar, bir ba\u015f\u0131na denize yelken a\u00e7\u0131p yeni kitab\u0131n\u0131 yazmay\u0131 umarken zoraki bir yol arkada\u015f\u0131 kat\u0131l\u0131yor yan\u0131na: Lila. Ve en ak\u0131l almaz d\u00f6rtl\u00fc olan deniz, felsefe, cinsellik ve delilik \u00fczerine bir yolculuk ba\u015fl\u0131yor&#8230; Lila, yine bir yaln\u0131z\u0131n, bir d\u00fc\u015f\u00fcnce isyanc\u0131s\u0131n\u0131n kitab\u0131; as\u0131rl\u0131k otoritelerin kibrinden de, akademik g\u00f6steri\u015f ve sahtelikten de b\u0131km\u0131\u015f, d\u00fc\u015f\u00fcncenin derinliklerine dalmay\u0131 seven, duyarl\u0131, g\u00f6zlemci bir ruhun yolculuk notlar\u0131&#8230; Filozof-yazar Phaedrus, yelkenli teknesiyle Amerika k\u0131y\u0131lar\u0131nda ilerlerken K\u0131z\u0131lderili ayinlerinden Hint felsefesine, Viktoryen ve P\u00fcriten ahl\u00e2k anlay\u0131\u015f\u0131na kadar uzanarak kayna\u011fa do\u011fru bir yolculu\u011fa \u00e7\u0131kar. Bu yolculukta, s\u00f6zc\u00fcklerin, kavramlar\u0131n, de\u011ferlerin kayna\u011f\u0131n\u0131, kaynak birli\u011fini ke\u015ffederken, \u00f6zne-nesne, Statik ve Dinamik Nitelik kar\u015f\u0131tl\u0131klar\u0131n\u0131 ve birliklerini de sorgular ve Nitelik Metafizi\u011fini bir felsefi sistem halinde oturtur. \u00d6te yandan yol arkada\u015f\u0131 Lila, ge\u00e7mi\u015finden ta\u015f\u0131d\u0131\u011f\u0131 ac\u0131n\u0131n ve nefretin y\u00fck\u00fcyle, \u00e7aresizce bir \u00e7\u0131rp\u0131n\u0131\u015fa d\u00f6n\u00fc\u015fm\u00fc\u015f cinselli\u011fiyle delili\u011fe do\u011fru ilerleyen kendi yolculu\u011fuyla yazar\u0131n ya\u015fam\u0131n\u0131 bir kas\u0131rgan\u0131n e\u015fi\u011fine getirecektir. Bu iki insan\u0131n ili\u015fkisiyle y\u00f6nlenen; kavramlar d\u00fcnyas\u0131na yelken a\u00e7arak g\u00fcn\u00fcm\u00fcz insan\u0131n\u0131n temel meselelerini irdeleyen; ya\u015fam\u0131, insan\u0131 ve \u00f6zellikle ahl\u00e2k\u0131 sorgulayan sars\u0131c\u0131 bir felsefi aray\u0131\u015f\u0131n \u00f6yk\u00fcs\u00fcd\u00fcr Lila. Daha \u00f6nce Phaedrus, metafizi\u011fi da\u011flar\u0131n doruklar\u0131na benzeterek \u201cakl\u0131n y\u00fcce \u00fclkesi\u201d diye nitelemi\u015fti. Lila\u2019da ise Nitelik Metafizi\u011fini \u015fu s\u00f6zlerle a\u00e7\u0131kl\u0131yor: \u201cEngin bir bo\u015fluk ve kutsal olan hi\u00e7bir \u015fey yok.\u201d As\u0131l \u00fcrk\u00fct\u00fcc\u00fc olan\u0131n da\u011flar\u0131n doruklar\u0131na t\u0131rmanmak de\u011fil, vadilere s\u0131k\u0131\u015f\u0131p kalmak oldu\u011funu bilenler, Pirsig\u2019in \u00f6n\u00fcm\u00fcze a\u00e7t\u0131\u011f\u0131 bu enginli\u011fe, kutsal olan bir \u015feyler bulma umuduna hi\u00e7 y\u00fcz vermeden a\u00e7\u0131lmaktan da keyif alacaklar&#8230; <\/p>\n","protected":false},"excerpt":{"rendered":"<p>\u0130lk kitab\u0131 Zen ve Motosiklet Bak\u0131m Sanat\u0131\u2019nda Robert Pirsig, ovalar ve batakl\u0131klardan ba\u015flay\u0131p da\u011flar\u0131n doruklar\u0131ndan a\u015farak denize kadar uzanan motosiklet yolculu\u011funu akl\u0131n, ak\u0131lc\u0131l\u0131k gelene\u011finin ve bu<span class=\"excerpt-hellip\"> [\u2026]<\/span><\/p>\n","protected":false},"featured_media":0,"template":"","meta":{"_monsterinsights_skip_tracking":false,"_monsterinsights_sitenote_active":false,"_monsterinsights_sitenote_note":"","_monsterinsights_sitenote_category":0},"product_brand":[],"product_cat":[12891,12291],"product_tag":[],"class_list":{"0":"post-690380","1":"product","2":"type-product","3":"status-publish","5":"product_cat-amerikan-edebiyati","6":"product_cat-edebiyat","7":"pa_cilt-ciltsiz","8":"pa_tur-kitap","9":"pa_yayinevi-ayrinti-yayinlari","10":"pa_yazar-robert-m-pirsig","12":"first","13":"instock","14":"sale","15":"shipping-taxable","16":"purchasable","17":"product-type-simple"},"_links":{"self":[{"href":"https:\/\/roveyayinevi.com.tr\/index.php\/wp-json\/wp\/v2\/product\/690380","targetHints":{"allow":["GET"]}}],"collection":[{"href":"https:\/\/roveyayinevi.com.tr\/index.php\/wp-json\/wp\/v2\/product"}],"about":[{"href":"https:\/\/roveyayinevi.com.tr\/index.php\/wp-json\/wp\/v2\/types\/product"}],"wp:attachment":[{"href":"https:\/\/roveyayinevi.com.tr\/index.php\/wp-json\/wp\/v2\/media?parent=690380"}],"wp:term":[{"taxonomy":"product_brand","embeddable":true,"href":"https:\/\/roveyayinevi.com.tr\/index.php\/wp-json\/wp\/v2\/product_brand?post=690380"},{"taxonomy":"product_cat","embeddable":true,"href":"https:\/\/roveyayinevi.com.tr\/index.php\/wp-json\/wp\/v2\/product_cat?post=690380"},{"taxonomy":"product_tag","embeddable":true,"href":"https:\/\/roveyayinevi.com.tr\/index.php\/wp-json\/wp\/v2\/product_tag?post=690380"}],"curies":[{"name":"wp","href":"https:\/\/api.w.org\/{rel}","templated":true}]}}