{"id":690376,"date":"2025-08-27T13:51:23","date_gmt":"2025-08-27T10:51:23","guid":{"rendered":"https:\/\/roveyayinevi.com.tr\/index.php\/urun\/gunese-tirmanan-cocuk\/"},"modified":"2026-04-16T01:59:54","modified_gmt":"2026-04-15T22:59:54","slug":"gunese-tirmanan-cocuk","status":"publish","type":"product","link":"https:\/\/roveyayinevi.com.tr\/index.php\/urun\/gunese-tirmanan-cocuk\/","title":{"rendered":"G\u00fcne\u015fe T\u0131rmanan \u00c7ocuk"},"content":{"rendered":"<p>D\u00fc\u015fler, ki\u015finin en dokunulmaz, en t\u00fckenmez zenginli\u011fidir. \u00c7ocukluk d\u00fc\u015flerimiz ise bu hazinenin en \u0131\u015f\u0131lt\u0131l\u0131 b\u00f6l\u00fcm\u00fcn\u00fc olu\u015fturur. Bir \u00e7ocuk i\u00e7in g\u00fcne\u015fle dost olmak bile \u00e7ok kolayd\u0131r d\u00fc\u015flerde. D\u00fc\u015flerini sevdikleriyle payla\u015fmak ise bir ba\u015fka zenginlik katar ki\u015fiye. Cengiz, b\u00f6yle bir \u00e7ocuk i\u015fte. T\u00fcm g\u00fczelliklerin ya\u015fam\u0131nda \u00f6zel bir yeri var. G\u00fcne\u015f ise en iyi dostu, arkada\u015f\u0131. G\u00fcn oluyor onu kimselerle payla\u015fm\u0131yor, d\u00fcnyay\u0131 karanl\u0131k b\u00fcr\u00fcyor. G\u00fcn oluyor kucak kucak g\u00fcn \u0131\u015f\u0131\u011f\u0131n\u0131 sevdiklerine sunuyor. Ya\u015fam\u0131n gizlerini ke\u015ffederken bir bir, parlak g\u00fcn \u0131\u015f\u0131\u011f\u0131 ona hep yol g\u00f6steriyor. Dile\u011fim.; t\u00fcm insanlar\u0131n \u0131\u015f\u0131l \u0131\u015f\u0131l bir yolda, sevgiye, bar\u0131\u015fa, mutlulu\u011fa y\u00fcr\u00fcmesi. &#8211; Nur \u0130\u00e7\u00f6z\u00fc \ufffcTan\u0131t\u0131m Metni<\/p>\n","protected":false},"excerpt":{"rendered":"<p>D\u00fc\u015fler, ki\u015finin en dokunulmaz, en t\u00fckenmez zenginli\u011fidir. \u00c7ocukluk d\u00fc\u015flerimiz ise bu hazinenin en \u0131\u015f\u0131lt\u0131l\u0131 b\u00f6l\u00fcm\u00fcn\u00fc olu\u015fturur. Bir \u00e7ocuk i\u00e7in g\u00fcne\u015fle dost olmak bile \u00e7ok kolayd\u0131r d\u00fc\u015flerde.<span class=\"excerpt-hellip\"> [\u2026]<\/span><\/p>\n","protected":false},"featured_media":0,"template":"","meta":{"_monsterinsights_skip_tracking":false,"_monsterinsights_sitenote_active":false,"_monsterinsights_sitenote_note":"","_monsterinsights_sitenote_category":0},"product_brand":[],"product_cat":[12275,12274],"product_tag":[],"class_list":{"0":"post-690376","1":"product","2":"type-product","3":"status-publish","5":"product_cat-6-12-yas-kitaplari","6":"product_cat-cocuk-ve-genclik-kitaplari","7":"pa_cilt-ciltsiz","8":"pa_tur-kitap","9":"pa_yayinevi-altin-kitaplar-ozel-urun","10":"pa_yazar-nur-icozu","12":"first","13":"instock","14":"sale","15":"shipping-taxable","16":"purchasable","17":"product-type-simple"},"_links":{"self":[{"href":"https:\/\/roveyayinevi.com.tr\/index.php\/wp-json\/wp\/v2\/product\/690376","targetHints":{"allow":["GET"]}}],"collection":[{"href":"https:\/\/roveyayinevi.com.tr\/index.php\/wp-json\/wp\/v2\/product"}],"about":[{"href":"https:\/\/roveyayinevi.com.tr\/index.php\/wp-json\/wp\/v2\/types\/product"}],"wp:attachment":[{"href":"https:\/\/roveyayinevi.com.tr\/index.php\/wp-json\/wp\/v2\/media?parent=690376"}],"wp:term":[{"taxonomy":"product_brand","embeddable":true,"href":"https:\/\/roveyayinevi.com.tr\/index.php\/wp-json\/wp\/v2\/product_brand?post=690376"},{"taxonomy":"product_cat","embeddable":true,"href":"https:\/\/roveyayinevi.com.tr\/index.php\/wp-json\/wp\/v2\/product_cat?post=690376"},{"taxonomy":"product_tag","embeddable":true,"href":"https:\/\/roveyayinevi.com.tr\/index.php\/wp-json\/wp\/v2\/product_tag?post=690376"}],"curies":[{"name":"wp","href":"https:\/\/api.w.org\/{rel}","templated":true}]}}