{"id":690367,"date":"2025-08-27T13:51:21","date_gmt":"2025-08-27T10:51:21","guid":{"rendered":"https:\/\/roveyayinevi.com.tr\/index.php\/urun\/kurgudan-da-garip\/"},"modified":"2026-04-16T01:59:54","modified_gmt":"2026-04-15T22:59:54","slug":"kurgudan-da-garip","status":"publish","type":"product","link":"https:\/\/roveyayinevi.com.tr\/index.php\/urun\/kurgudan-da-garip\/","title":{"rendered":"Kurgudan da Garip"},"content":{"rendered":"<p>\u015euras\u0131 ger\u00e7ek ki Chuck Palahniuk, ister kafas\u0131n\u0131n i\u00e7inde ister hayat\u0131n i\u00e7inde olsun, garip \u015feyler bulma konusunda inan\u0131lmaz becerikli bir yazar. Kurgudan da Garip adl\u0131 kitab\u0131nda Chuck Palahniuk bizi herkesin sahnede \u00e7\u0131r\u0131l\u00e7\u0131plak istedi\u011fiyle istedi\u011fi bi\u00e7imde sevi\u015fmekte \u00f6zg\u00fcr oldu\u011fu Montana\u2019daki T*\u015fak Festivali\u2019ne, oradan ka\u015flar\u0131n yar\u0131ld\u0131\u011f\u0131 dudaklar\u0131n patlad\u0131\u011f\u0131 Olimpiyat g\u00fcre\u015f se\u00e7melerine, daha sonra da motor ya\u011flar\u0131n\u0131n yerlere akt\u0131\u011f\u0131, tekerleklerin havada u\u00e7u\u015ftu\u011fu bi\u00e7erd\u00f6ver par\u00e7alama yar\u0131\u015fmas\u0131na g\u00f6t\u00fcr\u00fcyor. Kendi hayat\u0131ndan \u00f6rnekler veriyor ve bize bir arkada\u015f\u0131yla Seattle sokaklar\u0131nda k\u00f6pek k\u0131l\u0131\u011f\u0131nda dola\u015f\u0131rken insanlar\u0131n nas\u0131l tepki verdi\u011fini anlat\u0131yor. Gitti\u011fimiz her yerde ve tan\u0131k oldu\u011fumuz her olayda g\u00f6r\u00fcyoruz ki hayat\u0131n kendisi hakikaten kurgudan da garip.<\/p>\n","protected":false},"excerpt":{"rendered":"<p>\u015euras\u0131 ger\u00e7ek ki Chuck Palahniuk, ister kafas\u0131n\u0131n i\u00e7inde ister hayat\u0131n i\u00e7inde olsun, garip \u015feyler bulma konusunda inan\u0131lmaz becerikli bir yazar. Kurgudan da Garip adl\u0131 kitab\u0131nda Chuck<span class=\"excerpt-hellip\"> [\u2026]<\/span><\/p>\n","protected":false},"featured_media":0,"template":"","meta":{"_monsterinsights_skip_tracking":false,"_monsterinsights_sitenote_active":false,"_monsterinsights_sitenote_note":"","_monsterinsights_sitenote_category":0},"product_brand":[],"product_cat":[12891,12291],"product_tag":[],"class_list":{"0":"post-690367","1":"product","2":"type-product","3":"status-publish","5":"product_cat-amerikan-edebiyati","6":"product_cat-edebiyat","7":"pa_cilt-ciltsiz","8":"pa_tur-kitap","9":"pa_yayinevi-ayrinti-yayinlari","10":"pa_yazar-chuck-palahniuk","12":"first","13":"instock","14":"sale","15":"shipping-taxable","16":"purchasable","17":"product-type-simple"},"_links":{"self":[{"href":"https:\/\/roveyayinevi.com.tr\/index.php\/wp-json\/wp\/v2\/product\/690367","targetHints":{"allow":["GET"]}}],"collection":[{"href":"https:\/\/roveyayinevi.com.tr\/index.php\/wp-json\/wp\/v2\/product"}],"about":[{"href":"https:\/\/roveyayinevi.com.tr\/index.php\/wp-json\/wp\/v2\/types\/product"}],"wp:attachment":[{"href":"https:\/\/roveyayinevi.com.tr\/index.php\/wp-json\/wp\/v2\/media?parent=690367"}],"wp:term":[{"taxonomy":"product_brand","embeddable":true,"href":"https:\/\/roveyayinevi.com.tr\/index.php\/wp-json\/wp\/v2\/product_brand?post=690367"},{"taxonomy":"product_cat","embeddable":true,"href":"https:\/\/roveyayinevi.com.tr\/index.php\/wp-json\/wp\/v2\/product_cat?post=690367"},{"taxonomy":"product_tag","embeddable":true,"href":"https:\/\/roveyayinevi.com.tr\/index.php\/wp-json\/wp\/v2\/product_tag?post=690367"}],"curies":[{"name":"wp","href":"https:\/\/api.w.org\/{rel}","templated":true}]}}