{"id":690355,"date":"2025-08-27T13:51:19","date_gmt":"2025-08-27T10:51:19","guid":{"rendered":"https:\/\/roveyayinevi.com.tr\/index.php\/urun\/tartisilan-alevilik\/"},"modified":"2026-04-16T01:59:54","modified_gmt":"2026-04-15T22:59:54","slug":"tartisilan-alevilik","status":"publish","type":"product","link":"https:\/\/roveyayinevi.com.tr\/index.php\/urun\/tartisilan-alevilik\/","title":{"rendered":"Tart\u0131\u015f\u0131lan Alevilik"},"content":{"rendered":"<p>Bu \u00e7al\u0131\u015fman\u0131n temel motiflerini veren unsurlardan birisi T\u00fcrk ve \u0130slam tarihi okumalar\u0131m s\u0131ras\u0131nda g\u00f6zden ge\u00e7irdi\u011fim temel kaynaklar\u0131n kay\u0131ts\u0131z, kayg\u0131s\u0131z bir bi\u00e7imde felsefe ve y\u00f6ntem konusunda kararl\u0131 bir d\u00fc\u015fmanl\u0131k ve b\u00f6nl\u00fckle kaleme al\u0131nd\u0131\u011f\u0131n\u0131 sergilemekti. Pop\u00fcler tarih yazar\u0131ndan akademik unvan sahibi bir\u00e7ok ismi, s\u00f6z konusu halleriyle resmetme imk\u00e2n\u0131 buldum. \u00d6te yandan \u00e7al\u0131\u015fman\u0131n ana ba\u015fl\u0131\u011f\u0131n\u0131 olu\u015fturan, T\u00fcrk ve \u0130slam boyutuyla Aleviler ve Alevilik konusunda Ortodoks \u0130slam anlay\u0131\u015f\u0131 ad\u0131na s\u00f6z s\u00f6yleyenlere yak\u0131ndan bakt\u0131k\u00e7a, inan\u0131lmaz bir kin ve d\u00fc\u015fmanl\u0131kla ak\u0131l y\u00fcr\u00fctt\u00fcklerini, verdikleri fetvalarla Ha\u00e7l\u0131 Seferlerini unutturacak giri\u015fimlere dolayl\u0131 ya da do\u011frudan k\u0131lavuzluk yapt\u0131klar\u0131n\u0131 veya \u00f6n ayak olduklar\u0131n\u0131 g\u00f6rd\u00fcm.  Alevilik konusunda, resmi ya da gayri resmi literat\u00fcr hala bir \u00e7ifte standartla \u00f6r\u00fcl\u00fcyor. \u0130nan\u00e7 boyutu s\u00f6z konusu oldu\u011funda \u0130slam kar\u015f\u0131s\u0131ndaki \u00f6zg\u00fcnl\u00fc\u011f\u00fc, farkl\u0131l\u0131\u011f\u0131 bir su\u00e7lamaya d\u00f6n\u00fc\u015ft\u00fcr\u00fcl\u00fcyor; etnik k\u00f6keni s\u00f6z konusu edildi\u011finde de \u0130mparatorlu\u011fun k\u0131l\u0131\u00e7 art\u0131klar\u0131 olarak g\u00f6sterilmek isteniyor. Elinizdeki \u00e7al\u0131\u015fman\u0131n a\u011f\u0131rl\u0131k noktas\u0131 \u015f\u00f6yle ifade edilebilir: XIII. Y\u00fczy\u0131ldan g\u00fcn\u00fcm\u00fcze de\u011fin Anadolu&#8217;ya g\u00f6\u00e7 eden O\u011fuz-T\u00fcrkmenleri ve di\u011fer kom\u015fu halklar\u0131 Sel\u00e7uklu ve Osmanl\u0131 \u0130mparatorluklar\u0131 d\u00f6neminde \u00fcmmet bilinci i\u00e7erisinde \u0130slam ad\u0131na Arapla\u015ft\u0131rmak, Farsla\u015ft\u0131rmak; cumhuriyetle birlikte ise T\u00fcrkle\u015ftirmek ve Hanefile\u015ftirmek ser\u00fcveninin trajik boyutunu sergilemektir. Anadolu&#8217;nun XIII. Y\u00fczy\u0131lda maruz kald\u0131\u011f\u0131 istila ve ak\u0131nlar hala yeterince ara\u015ft\u0131r\u0131lm\u0131\u015f de\u011fil. Bu y\u00fczdendir ki Alevilik bir muamma olarak sunuluyor. Irk ve inan\u00e7 boyutu istismara u\u011frat\u0131l\u0131yor. \u0130slam ad\u0131na T\u00fcrkl\u00fck, T\u00fcrkl\u00fck ad\u0131na Alevilik karalan\u0131yor.  T\u00fcrkl\u00fck, \u0131rk\u00e7\u0131, fa\u015fist bir ideoljiye, Alevilik ise sapk\u0131n bir mezhebe d\u00f6n\u00fc\u015ft\u00fcr\u00fcl\u00fcyor. Mo\u011fol istilas\u0131na kar\u015f\u0131 durmu\u015f Hac\u0131 Bekta\u015f Veli, Ahi Evren, Yunus Emre, Baba \u0130shak, Resul ba\u015fta olmak \u00fczere daha sonraki y\u00fczy\u0131llarda \u015eeyh Bedreddin, Pir Sultan gibi b\u00fct\u00fcn Anadolu halklar\u0131n\u0131 kucaklayan, her t\u00fcrden ba\u011fnazl\u0131k ve yobazl\u0131\u011f\u0131 d\u0131\u015flayan, insan\u0131 evrensel de\u011ferleriyle tan\u0131mlay\u0131p konumlayan bir gelenek olan Alevilik bir avu\u00e7 y\u00f6netici ve onlar\u0131n beslemesi ulema taraf\u0131ndan lanetlenmi\u015f, mensuplar\u0131n\u0131n katline ferman \u00e7\u0131kar\u0131lm\u0131\u015ft\u0131r. Yalan ve yanl\u0131\u015f bi\u00e7imde tart\u0131\u015f\u0131lan Alevili\u011fi art\u0131k tart\u0131\u015f\u0131lmaz ger\u00e7ek olgularla anlamak ve bilmek gerekiyor. <\/p>\n","protected":false},"excerpt":{"rendered":"<p>Bu \u00e7al\u0131\u015fman\u0131n temel motiflerini veren unsurlardan birisi T\u00fcrk ve \u0130slam tarihi okumalar\u0131m s\u0131ras\u0131nda g\u00f6zden ge\u00e7irdi\u011fim temel kaynaklar\u0131n kay\u0131ts\u0131z, kayg\u0131s\u0131z bir bi\u00e7imde felsefe ve y\u00f6ntem konusunda kararl\u0131<span class=\"excerpt-hellip\"> [\u2026]<\/span><\/p>\n","protected":false},"featured_media":0,"template":"","meta":{"_monsterinsights_skip_tracking":false,"_monsterinsights_sitenote_active":false,"_monsterinsights_sitenote_note":"","_monsterinsights_sitenote_category":0},"product_brand":[],"product_cat":[13575,12718,12719],"product_tag":[],"class_list":{"0":"post-690355","1":"product","2":"type-product","3":"status-publish","5":"product_cat-alevilik-bektasilik","6":"product_cat-din","7":"product_cat-islam","8":"pa_cilt-ciltsiz","9":"pa_tur-kitap","10":"pa_yayinevi-bencekitap","11":"pa_yazar-a-galip","13":"first","14":"instock","15":"sale","16":"shipping-taxable","17":"purchasable","18":"product-type-simple"},"_links":{"self":[{"href":"https:\/\/roveyayinevi.com.tr\/index.php\/wp-json\/wp\/v2\/product\/690355","targetHints":{"allow":["GET"]}}],"collection":[{"href":"https:\/\/roveyayinevi.com.tr\/index.php\/wp-json\/wp\/v2\/product"}],"about":[{"href":"https:\/\/roveyayinevi.com.tr\/index.php\/wp-json\/wp\/v2\/types\/product"}],"wp:attachment":[{"href":"https:\/\/roveyayinevi.com.tr\/index.php\/wp-json\/wp\/v2\/media?parent=690355"}],"wp:term":[{"taxonomy":"product_brand","embeddable":true,"href":"https:\/\/roveyayinevi.com.tr\/index.php\/wp-json\/wp\/v2\/product_brand?post=690355"},{"taxonomy":"product_cat","embeddable":true,"href":"https:\/\/roveyayinevi.com.tr\/index.php\/wp-json\/wp\/v2\/product_cat?post=690355"},{"taxonomy":"product_tag","embeddable":true,"href":"https:\/\/roveyayinevi.com.tr\/index.php\/wp-json\/wp\/v2\/product_tag?post=690355"}],"curies":[{"name":"wp","href":"https:\/\/api.w.org\/{rel}","templated":true}]}}