{"id":690352,"date":"2025-08-27T13:51:18","date_gmt":"2025-08-27T10:51:18","guid":{"rendered":"https:\/\/roveyayinevi.com.tr\/index.php\/urun\/karanligin-sol-eli\/"},"modified":"2026-04-16T01:59:54","modified_gmt":"2026-04-15T22:59:54","slug":"karanligin-sol-eli","status":"publish","type":"product","link":"https:\/\/roveyayinevi.com.tr\/index.php\/urun\/karanligin-sol-eli\/","title":{"rendered":"Karanl\u0131\u011f\u0131n Sol Eli"},"content":{"rendered":"<p>\u201cBilimkurgu\u201dnun en \u00f6nemli iki \u00f6d\u00fcl\u00fc olan Hugo ve Nebula\u2019y\u0131 kazanarak k\u0131sa zamanda t\u00fcr\u00fcn\u00fcn klasikleri aras\u0131na giren Karanl\u0131\u011f\u0131n Sol Eli, d\u00fcnyam\u0131za \u00e7ok benzeyen K\u0131\u015f adl\u0131 bir gezegende ge\u00e7mektedir. Bu gezegende y\u0131l\u0131n en s\u0131cak zamanlar\u0131nda bile yar\u0131-kutup iklimi ya\u015fanmaktad\u0131r ve t\u00fcm sakinleri \u00e7ift cinsiyetlidir (androjen). Cinsel kimli\u011fin bir stat\u00fc ya da g\u00fc\u00e7 arac\u0131 olarak kullan\u0131lmad\u0131\u011f\u0131 bu gezegende ki\u015filer y\u203al\u203an belli bir d\u00f6neminde o anki hormonal durumlar\u0131na g\u00f6re erkek ya da kad\u0131n olmaktad\u0131rlar. \u00d6yle ki, birka\u00e7 \u00e7ocuk do\u011furmu\u015f bir ana daha sonra ba\u015fka \u00e7ocuklar\u0131n babas\u0131 olabilmektedir. \u201cArkada\u015fl\u0131k\u201d ve \u201csevgililik\u201d aras\u0131ndaki \u201cbo\u015fluk\u201d anlams\u0131zla\u015fm\u0131\u015f; insan d\u00fc\u015f\u00fcncesini belirleyen d\u00fcalizm e\u011filimi azalm\u0131\u015f; insanl\u0131\u011f\u0131n g\u00fc\u00e7l\u00fc\/zay\u0131f, koruyucu\/korunan, h\u00fckmeden\/h\u00fckmedilen, sahip olan\/sahip olunan&#8230; ve benzeri ikiliklerini olu\u015fturan temeller zay\u0131flam\u0131\u015f gibidir. Cehaletin, \u015fimdinin, mevcudiyetin ilerlemeden daha g\u00f6zde oldu\u011fu bir gezegendir K\u0131\u015f. Bir g\u00fcn K\u0131\u015f\u2019a uzaydan bir erkek el\u00e7i gelir ve onlar\u0131n da kat\u0131lmas\u0131n\u0131 istedi\u011fi bir gezegenler birli\u011finden s\u00f6z eder&#8230; El\u00e7inin geli\u015fiyle birlikte yerli ile yabanc\u0131, erkek ile di\u015fi, benzerlik ve benzemezlik, par\u00e7a ile b\u00fct\u00fcn aras\u0131ndaki ili\u015fki ve \u00e7eli\u015fkiler insanlardaki kar\u015f\u0131l\u0131klar\u0131n\u0131 bulup ya\u015famaya ba\u015flar&#8230; Zihni kapasitesini zorlayan hayaller kurmay\u0131 h\u00e2l\u00e2 sevenler i\u00e7in&#8230; <\/p>\n","protected":false},"excerpt":{"rendered":"<p>\u201cBilimkurgu\u201dnun en \u00f6nemli iki \u00f6d\u00fcl\u00fc olan Hugo ve Nebula\u2019y\u0131 kazanarak k\u0131sa zamanda t\u00fcr\u00fcn\u00fcn klasikleri aras\u0131na giren Karanl\u0131\u011f\u0131n Sol Eli, d\u00fcnyam\u0131za \u00e7ok benzeyen K\u0131\u015f adl\u0131 bir gezegende<span class=\"excerpt-hellip\"> [\u2026]<\/span><\/p>\n","protected":false},"featured_media":0,"template":"","meta":{"_monsterinsights_skip_tracking":false,"_monsterinsights_sitenote_active":false,"_monsterinsights_sitenote_note":"","_monsterinsights_sitenote_category":0},"product_brand":[],"product_cat":[12540,12291],"product_tag":[],"class_list":{"0":"post-690352","1":"product","2":"type-product","3":"status-publish","5":"product_cat-bilim-kurgu","6":"product_cat-edebiyat","7":"pa_cilt-ciltsiz","8":"pa_tur-kitap","9":"pa_yayinevi-ayrinti-yayinlari","10":"pa_yazar-ursula-k-le-guin","12":"first","13":"instock","14":"sale","15":"shipping-taxable","16":"purchasable","17":"product-type-simple"},"_links":{"self":[{"href":"https:\/\/roveyayinevi.com.tr\/index.php\/wp-json\/wp\/v2\/product\/690352","targetHints":{"allow":["GET"]}}],"collection":[{"href":"https:\/\/roveyayinevi.com.tr\/index.php\/wp-json\/wp\/v2\/product"}],"about":[{"href":"https:\/\/roveyayinevi.com.tr\/index.php\/wp-json\/wp\/v2\/types\/product"}],"wp:attachment":[{"href":"https:\/\/roveyayinevi.com.tr\/index.php\/wp-json\/wp\/v2\/media?parent=690352"}],"wp:term":[{"taxonomy":"product_brand","embeddable":true,"href":"https:\/\/roveyayinevi.com.tr\/index.php\/wp-json\/wp\/v2\/product_brand?post=690352"},{"taxonomy":"product_cat","embeddable":true,"href":"https:\/\/roveyayinevi.com.tr\/index.php\/wp-json\/wp\/v2\/product_cat?post=690352"},{"taxonomy":"product_tag","embeddable":true,"href":"https:\/\/roveyayinevi.com.tr\/index.php\/wp-json\/wp\/v2\/product_tag?post=690352"}],"curies":[{"name":"wp","href":"https:\/\/api.w.org\/{rel}","templated":true}]}}