{"id":690325,"date":"2025-08-27T13:51:13","date_gmt":"2025-08-27T10:51:13","guid":{"rendered":"https:\/\/roveyayinevi.com.tr\/index.php\/urun\/tarihci-ve-toplumsal-hareket\/"},"modified":"2026-04-16T01:59:53","modified_gmt":"2026-04-15T22:59:53","slug":"tarihci-ve-toplumsal-hareket","status":"publish","type":"product","link":"https:\/\/roveyayinevi.com.tr\/index.php\/urun\/tarihci-ve-toplumsal-hareket\/","title":{"rendered":"Tarih\u00e7i ve Toplumsal Hareket"},"content":{"rendered":"<p>Tarih\u00e7i ve Toplumsal Hareket, 19. y\u00fczy\u0131l ve yirminci y\u00fczy\u0131l ba\u015f\u0131, sosyalist ve i\u015f\u00e7i hareketi tarihinin \u00f6nc\u00fclerinden Georges Haupt\u2019un (1928-78) son kitab\u0131. \ufffcTan\u0131t\u0131m Metni<\/p>\n","protected":false},"excerpt":{"rendered":"<p>Tarih\u00e7i ve Toplumsal Hareket, 19. y\u00fczy\u0131l ve yirminci y\u00fczy\u0131l ba\u015f\u0131, sosyalist ve i\u015f\u00e7i hareketi tarihinin \u00f6nc\u00fclerinden Georges Haupt\u2019un (1928-78) son kitab\u0131. \ufffcTan\u0131t\u0131m Metni<\/p>\n","protected":false},"featured_media":0,"template":"","meta":{"_monsterinsights_skip_tracking":false,"_monsterinsights_sitenote_active":false,"_monsterinsights_sitenote_note":"","_monsterinsights_sitenote_category":0},"product_brand":[],"product_cat":[12337,16547],"product_tag":[],"class_list":{"0":"post-690325","1":"product","2":"type-product","3":"status-publish","5":"product_cat-politika-siyaset","6":"product_cat-sol-hareketler","7":"pa_cilt-ciltsiz","8":"pa_tur-kitap","9":"pa_yayinevi-ayrinti-yayinlari","10":"pa_yazar-georges-haupt","12":"first","13":"instock","14":"sale","15":"shipping-taxable","16":"purchasable","17":"product-type-simple"},"_links":{"self":[{"href":"https:\/\/roveyayinevi.com.tr\/index.php\/wp-json\/wp\/v2\/product\/690325","targetHints":{"allow":["GET"]}}],"collection":[{"href":"https:\/\/roveyayinevi.com.tr\/index.php\/wp-json\/wp\/v2\/product"}],"about":[{"href":"https:\/\/roveyayinevi.com.tr\/index.php\/wp-json\/wp\/v2\/types\/product"}],"wp:attachment":[{"href":"https:\/\/roveyayinevi.com.tr\/index.php\/wp-json\/wp\/v2\/media?parent=690325"}],"wp:term":[{"taxonomy":"product_brand","embeddable":true,"href":"https:\/\/roveyayinevi.com.tr\/index.php\/wp-json\/wp\/v2\/product_brand?post=690325"},{"taxonomy":"product_cat","embeddable":true,"href":"https:\/\/roveyayinevi.com.tr\/index.php\/wp-json\/wp\/v2\/product_cat?post=690325"},{"taxonomy":"product_tag","embeddable":true,"href":"https:\/\/roveyayinevi.com.tr\/index.php\/wp-json\/wp\/v2\/product_tag?post=690325"}],"curies":[{"name":"wp","href":"https:\/\/api.w.org\/{rel}","templated":true}]}}