{"id":690324,"date":"2025-08-27T13:51:13","date_gmt":"2025-08-27T10:51:13","guid":{"rendered":"https:\/\/roveyayinevi.com.tr\/index.php\/urun\/iran-edebiyati-baslangictan-islamiyete-kadar\/"},"modified":"2026-04-16T01:59:53","modified_gmt":"2026-04-15T22:59:53","slug":"iran-edebiyati-baslangictan-islamiyete-kadar","status":"publish","type":"product","link":"https:\/\/roveyayinevi.com.tr\/index.php\/urun\/iran-edebiyati-baslangictan-islamiyete-kadar\/","title":{"rendered":"\u0130ran Edebiyat\u0131 Ba\u015flang\u0131\u00e7&#8217;tan \u0130slamiyet&#8217;e Kadar"},"content":{"rendered":"<p>\u0130ran tarihi, uygarl\u0131\u011f\u0131, dilleri ve edebiyat\u0131n\u0131 konu edinen \u00e7al\u0131\u015fmalar, genellikle \u2018\u2018\u0130slamiyet \u00f6ncesi\u2019\u2019 ve \u2018\u2018\u0130slamiyet sonras\u0131\u2019\u2019 olmak \u00fczere iki ayr\u0131 d\u00f6nemde ele al\u0131n\u0131r. \u0130slamiyet \u00f6ncesi d\u00f6nem, Medler, Ahameni\u015fler, Selevkiler, E\u015fkaniler ve Sasaniler hanedanlar\u0131n\u0131n isimleriyle adland\u0131r\u0131l\u0131r. Bu hanedanlar\u0131n her biri, kendi dinsel inan\u0131\u015flar\u0131yla birlikte, dillerini ve edebiyatlar\u0131n\u0131 olu\u015fturma \u00e7abas\u0131 i\u00e7inde olmu\u015flard\u0131r. Bu hanedanlar\u0131n tarihi, hi\u00e7 ku\u015fkusuz Fars\u00e7an\u0131n ge\u00e7irdi\u011fi d\u00f6n\u00fc\u015f\u00fcmlerin de soluk kesen tarihidir. \u00c7o\u011funlukla, s\u00f6zl\u00fc aktar\u0131mlardan ibaret kalan \u0130ran edebiyat\u0131n\u0131n \u00f6rnekleri, g\u00fcn\u00fcm\u00fcze ula\u015fman\u0131n yollar\u0131n\u0131 az \u00e7ok bulmay\u0131 ba\u015farabilmi\u015f; kitabelerin, duvar kabartmalar\u0131n\u0131n, sikkelerin, \u00e7ivi yaz\u0131lar\u0131n\u0131n yan\u0131 s\u0131ra Heredotos gibi tarih\u00e7ilerin aktar\u0131mlar\u0131nda da kendini g\u00f6sterebilmi\u015ftir. Prof. Dr. Nimet Y\u0131ld\u0131r\u0131m, \u0130ran Edebiyat\u0131 adl\u0131 kitab\u0131nda -tabiri caizse-i\u011fneyle kuyu kaz\u0131yor; okuru, Do\u011fu \u0130ran co\u011frafyas\u0131nda ba\u015flayan edebiyat yolculu\u011funa tarihsel bir perspektif e\u015fli\u011finde \u00e7\u0131kar\u0131yor. Kaynak kitap olmaya aday \u0130ran Edebiyat\u0131\u2019n\u0131n, \u0130ran edebiyat\u0131 tarihi alan\u0131nda b\u00fcy\u00fck bir bo\u015flu\u011fu dolduraca\u011f\u0131na inan\u0131yoruz. <\/p>\n","protected":false},"excerpt":{"rendered":"<p>\u0130ran tarihi, uygarl\u0131\u011f\u0131, dilleri ve edebiyat\u0131n\u0131 konu edinen \u00e7al\u0131\u015fmalar, genellikle \u2018\u2018\u0130slamiyet \u00f6ncesi\u2019\u2019 ve \u2018\u2018\u0130slamiyet sonras\u0131\u2019\u2019 olmak \u00fczere iki ayr\u0131 d\u00f6nemde ele al\u0131n\u0131r. \u0130slamiyet \u00f6ncesi d\u00f6nem, Medler,<span class=\"excerpt-hellip\"> [\u2026]<\/span><\/p>\n","protected":false},"featured_media":0,"template":"","meta":{"_monsterinsights_skip_tracking":false,"_monsterinsights_sitenote_active":false,"_monsterinsights_sitenote_note":"","_monsterinsights_sitenote_category":0},"product_brand":[],"product_cat":[13072,12291],"product_tag":[],"class_list":{"0":"post-690324","1":"product","2":"type-product","3":"status-publish","5":"product_cat-arastirma-inceleme-referans","6":"product_cat-edebiyat","7":"pa_cilt-ciltsiz","8":"pa_tur-kitap","9":"pa_yayinevi-pinhan-yayincilik","10":"pa_yazar-nimet-yildirim","12":"first","13":"instock","14":"sale","15":"shipping-taxable","16":"purchasable","17":"product-type-simple"},"_links":{"self":[{"href":"https:\/\/roveyayinevi.com.tr\/index.php\/wp-json\/wp\/v2\/product\/690324","targetHints":{"allow":["GET"]}}],"collection":[{"href":"https:\/\/roveyayinevi.com.tr\/index.php\/wp-json\/wp\/v2\/product"}],"about":[{"href":"https:\/\/roveyayinevi.com.tr\/index.php\/wp-json\/wp\/v2\/types\/product"}],"wp:attachment":[{"href":"https:\/\/roveyayinevi.com.tr\/index.php\/wp-json\/wp\/v2\/media?parent=690324"}],"wp:term":[{"taxonomy":"product_brand","embeddable":true,"href":"https:\/\/roveyayinevi.com.tr\/index.php\/wp-json\/wp\/v2\/product_brand?post=690324"},{"taxonomy":"product_cat","embeddable":true,"href":"https:\/\/roveyayinevi.com.tr\/index.php\/wp-json\/wp\/v2\/product_cat?post=690324"},{"taxonomy":"product_tag","embeddable":true,"href":"https:\/\/roveyayinevi.com.tr\/index.php\/wp-json\/wp\/v2\/product_tag?post=690324"}],"curies":[{"name":"wp","href":"https:\/\/api.w.org\/{rel}","templated":true}]}}