{"id":690317,"date":"2025-08-27T13:51:12","date_gmt":"2025-08-27T10:51:12","guid":{"rendered":"https:\/\/roveyayinevi.com.tr\/index.php\/urun\/tikanma\/"},"modified":"2026-04-16T01:59:53","modified_gmt":"2026-04-15T22:59:53","slug":"tikanma","status":"publish","type":"product","link":"https:\/\/roveyayinevi.com.tr\/index.php\/urun\/tikanma\/","title":{"rendered":"T\u0131kanma"},"content":{"rendered":"<p>\u201cE\u011fer bu kitab\u0131 okumaya niyetliyseniz vazge\u00e7in. Kendinizi kurtar\u0131n. Televizyonda mutlaka daha iyi bir \u015feyler vard\u0131r. Burada anlatt\u0131\u011f\u0131m \u015feyler \u00f6nce sizi k\u0131zd\u0131racak. Sonra her \u015fey daha da k\u00f6t\u00fc olacak\u201d uyar\u0131s\u0131 ile ba\u015flayan bir roman elinizdeki&#8230; B\u00fct\u00fcn d\u00fcnyada b\u00fcy\u00fck ilgi g\u00f6ren D\u00f6v\u00fc\u015f Kul\u00fcb\u00fc\u2019n\u00fcn yazar\u0131ndan, annelerle o\u011fullar\u0131 aras\u0131ndaki sevgi ve didi\u015fmeye, seksin ba\u011f\u0131ml\u0131l\u0131k yaratma g\u00fcc\u00fcne, ya\u015flanman\u0131n deh\u015fetine ve Amerikan r\u00fcyas\u0131n\u0131n arka sokaklar\u0131na dair bir kitap T\u0131kanma&#8230; T\u0131p Fak\u00fcltesi\u2019nden at\u0131lan Victor Mancini para kazanmak i\u00e7in \u015f\u00f6yle bir yol tutturmu\u015ftur: Lokantalarda bo\u011faz\u0131na tak\u0131lan yiyecekle bo\u011fulma numaras\u0131 yapmakta, kurtaran ki\u015finin kendisinden sorumlu olmas\u0131n\u0131 sa\u011flamaktad\u0131r. B\u00f6ylece, kurtaran kahramanla\u015fmakta, s\u0131k\u0131c\u0131 hayat\u0131n\u0131n bir anlam\u0131, arkada\u015flar\u0131na gurur duyarak anlataca\u011f\u0131 bir hik\u00e2yesi olmakta, hayat\u0131n\u0131 kurtard\u0131\u011f\u0131 ki\u015fiden daha sonra da kendini sorumlu hissederek, ona s\u0131k s\u0131k yard\u0131m etmektedir. Bir t\u00fcr \u201cs\u00fcrekli kahramanl\u0131k\u201d hali&#8230; Kendisini annesinin \u00e7ocu\u011fu gibi de\u011fil de rehinesi gibi hissederek b\u00fcy\u00fcyen, anne ve babalar\u0131n \u201ckitlelerin yeni afyonu oldu\u011funu\u201d d\u00fc\u015f\u00fcnen, Tanr\u0131\u2019n\u0131n olmad\u0131\u011f\u0131 bir d\u00fcnyada, kutsal ve tecav\u00fcz edilmez olan annelerin yeni tanr\u0131 oldu\u011funu iddia eden Mancini, b\u00fct\u00fcn bunlar\u0131 devrimci e\u011filimler ta\u015f\u0131yan annesinin tedavi masraflar\u0131n\u0131 kar\u015f\u0131lamak i\u00e7in yapmaktad\u0131r. Bo\u011fulma numaralar\u0131ndan f\u0131rsat bulduk\u00e7a iflah olmaz bir seks ba\u011f\u0131ml\u0131s\u0131 olarak ilac\u0131n\u0131 arar: Mast\u00fcrbasyon yapmad\u0131\u011f\u0131 her g\u00fcn i\u00e7in eve bir kaya getiren arkada\u015f\u0131yla birlikte, hayat\u0131n sillesini yiyerek da\u011f\u0131lm\u0131\u015f insanlarla birlikte olur&#8230; Palahniuk, g\u00f6steri toplumunun en veciz yazarlar\u0131ndan biridir. \u00c7arp\u0131c\u0131, ger\u00e7ekd\u0131\u015f\u0131, tutars\u0131z ve anlams\u0131z. Ayn\u0131 zamanda m\u00fcthi\u015f bir hayalg\u00fcc\u00fc ve yergi kapasitesi e\u015fli\u011finde ev, araba, televizyon ve kazanmaya indirgenmi\u015f hayatlar\u0131n i\u00e7y\u00fcz\u00fcne bakar; bilin\u00e7altlar\u0131ndaki genelevleri ziyaret eder&#8230; <\/p>\n","protected":false},"excerpt":{"rendered":"<p>\u201cE\u011fer bu kitab\u0131 okumaya niyetliyseniz vazge\u00e7in. Kendinizi kurtar\u0131n. Televizyonda mutlaka daha iyi bir \u015feyler vard\u0131r. Burada anlatt\u0131\u011f\u0131m \u015feyler \u00f6nce sizi k\u0131zd\u0131racak. Sonra her \u015fey daha da<span class=\"excerpt-hellip\"> [\u2026]<\/span><\/p>\n","protected":false},"featured_media":0,"template":"","meta":{"_monsterinsights_skip_tracking":false,"_monsterinsights_sitenote_active":false,"_monsterinsights_sitenote_note":"","_monsterinsights_sitenote_category":0},"product_brand":[],"product_cat":[12891,12291],"product_tag":[],"class_list":{"0":"post-690317","1":"product","2":"type-product","3":"status-publish","5":"product_cat-amerikan-edebiyati","6":"product_cat-edebiyat","7":"pa_cilt-ciltsiz","8":"pa_tur-kitap","9":"pa_yayinevi-ayrinti-yayinlari","10":"pa_yazar-chuck-palahniuk","12":"first","13":"instock","14":"sale","15":"shipping-taxable","16":"purchasable","17":"product-type-simple"},"_links":{"self":[{"href":"https:\/\/roveyayinevi.com.tr\/index.php\/wp-json\/wp\/v2\/product\/690317","targetHints":{"allow":["GET"]}}],"collection":[{"href":"https:\/\/roveyayinevi.com.tr\/index.php\/wp-json\/wp\/v2\/product"}],"about":[{"href":"https:\/\/roveyayinevi.com.tr\/index.php\/wp-json\/wp\/v2\/types\/product"}],"wp:attachment":[{"href":"https:\/\/roveyayinevi.com.tr\/index.php\/wp-json\/wp\/v2\/media?parent=690317"}],"wp:term":[{"taxonomy":"product_brand","embeddable":true,"href":"https:\/\/roveyayinevi.com.tr\/index.php\/wp-json\/wp\/v2\/product_brand?post=690317"},{"taxonomy":"product_cat","embeddable":true,"href":"https:\/\/roveyayinevi.com.tr\/index.php\/wp-json\/wp\/v2\/product_cat?post=690317"},{"taxonomy":"product_tag","embeddable":true,"href":"https:\/\/roveyayinevi.com.tr\/index.php\/wp-json\/wp\/v2\/product_tag?post=690317"}],"curies":[{"name":"wp","href":"https:\/\/api.w.org\/{rel}","templated":true}]}}