{"id":690290,"date":"2025-08-27T13:51:07","date_gmt":"2025-08-27T10:51:07","guid":{"rendered":"https:\/\/roveyayinevi.com.tr\/index.php\/urun\/gorunmez-canavarlar\/"},"modified":"2026-04-16T01:59:52","modified_gmt":"2026-04-15T22:59:52","slug":"gorunmez-canavarlar","status":"publish","type":"product","link":"https:\/\/roveyayinevi.com.tr\/index.php\/urun\/gorunmez-canavarlar\/","title":{"rendered":"G\u00f6r\u00fcnmez Canavarlar"},"content":{"rendered":"<p>Hi\u00e7bir \u015feyin g\u00f6r\u00fcnd\u00fc\u011f\u00fc gibi olmad\u0131\u011f\u0131, yan\u0131lsaman\u0131n h\u00fck\u00fcm s\u00fcrd\u00fc\u011f\u00fc \u015fu d\u00fcnyada bize iyi ve do\u011fru olarak dayat\u0131lan\u0131 de\u011fil de, k\u00f6t\u00fc oldu\u011fu s\u00f6ylenerek bizden uzak tutulan\u0131 tercih etmek ne derece m\u00fcmk\u00fcnd\u00fcr? Chuck Palahniuk, bize yine roman olarak ula\u015fan bu \u00fc\u00e7\u00fcnc\u00fc kimlik krizi nde, aile ve toplumda varolan genel ge\u00e7er davran\u0131\u015f kal\u0131plar\u0131n\u0131n alt\u0131nda yatan ger\u00e7ekli\u011fi evirip \u00e7eviriyor. Gen\u00e7 ve g\u00fczel manken Shannon mutlu olmak i\u00e7in her \u015feye sahiptir: Parlak bir kariyer, kitlelerin ilgisi, yak\u0131\u015f\u0131kl\u0131 bir sevgili ve yak\u0131n bir dost. Ancak ge\u00e7irdi\u011fi bir kaza y\u00fcz\u00fcn\u00fcn yar\u0131s\u0131n\u0131 yok etti\u011finde, g\u00f6r\u00fcnmez bir canavara d\u00f6n\u00fc\u015f\u00fcr. Hastanede tan\u0131\u015ft\u0131\u011f\u0131, ameliyatla kad\u0131n olmaya haz\u0131rlanan transeks\u00fcel Brandy Alexander, ona gelece\u011fini yaratabilmek i\u00e7in ge\u00e7mi\u015fini silmesi gerekti\u011fini, ger\u00e7ek ke\u015fiflerin hep kaostan \u00e7\u0131kt\u0131\u011f\u0131n\u0131 \u00f6\u011fretir. Bu s\u00fcre\u00e7te Shannon, Brandy Alexander\u2019la ve kendisini aldatan sevgilisi Manus\u2019la bir intikam yolculu\u011funa \u00e7\u0131kacakt\u0131r. Ki\u015fisel ve toplumsal ar\u0131zalar\u0131n kol gezdi\u011fi, \u00e7a\u011fda\u015f bir \u00e7orak \u00fclkede \u00e7\u0131k\u0131lan bu yolculukla \u00fc\u00e7\u00fcn\u00fcn isimleri, kimlikleri ve ge\u00e7mi\u015fleri her \u015fehirde de\u011fi\u015firken, okur da g\u00f6r\u00fcnt\u00fcye, y\u00fczeyselli\u011fe odaklanm\u0131\u015f bir d\u00fcnyada aile, sevgili, arkada\u015f konumundaki insanlarla ili\u015fkilerin s\u0131\u011fl\u0131\u011f\u0131na tan\u0131k olur. Palahniuk cinsiyet de\u011fi\u015ftirme operasyonlar\u0131n\u0131n b\u00fcy\u00fck \u00f6l\u00e7\u00fcde kolayla\u015ft\u0131\u011f\u0131 ve yayg\u0131nla\u015ft\u0131\u011f\u0131 bir \u00e7a\u011fda, cinsiyetlerin bile g\u00f6r\u00fcnt\u00fcden ibaret oldu\u011funu vurguluyor. Bir yandan g\u00fczellik ve kimlik kavramlar\u0131na bakarken, t\u00fcketim toplumuna ve estetik operasyon k\u00fclt\u00fcr\u00fcne ha\u015fin sald\u0131r\u0131lar y\u00f6neltiyor. \u00dcstelik b\u00fct\u00fcn bunlar\u0131 okurunu adeta bir e\u011flence trenine bindirip ba\u015f karakterinin ge\u00e7mi\u015fiyle bug\u00fcn\u00fc aras\u0131nda dola\u015ft\u0131rarak ve \u015fa\u015f\u0131rt\u0131c\u0131 bir finalle adamak\u0131ll\u0131 sarsarak yap\u0131yor. \ufffc<\/p>\n","protected":false},"excerpt":{"rendered":"<p>Hi\u00e7bir \u015feyin g\u00f6r\u00fcnd\u00fc\u011f\u00fc gibi olmad\u0131\u011f\u0131, yan\u0131lsaman\u0131n h\u00fck\u00fcm s\u00fcrd\u00fc\u011f\u00fc \u015fu d\u00fcnyada bize iyi ve do\u011fru olarak dayat\u0131lan\u0131 de\u011fil de, k\u00f6t\u00fc oldu\u011fu s\u00f6ylenerek bizden uzak tutulan\u0131 tercih etmek<span class=\"excerpt-hellip\"> [\u2026]<\/span><\/p>\n","protected":false},"featured_media":0,"template":"","meta":{"_monsterinsights_skip_tracking":false,"_monsterinsights_sitenote_active":false,"_monsterinsights_sitenote_note":"","_monsterinsights_sitenote_category":0},"product_brand":[],"product_cat":[12891,12291],"product_tag":[],"class_list":{"0":"post-690290","1":"product","2":"type-product","3":"status-publish","5":"product_cat-amerikan-edebiyati","6":"product_cat-edebiyat","7":"pa_cilt-ciltsiz","8":"pa_tur-kitap","9":"pa_yayinevi-ayrinti-yayinlari","10":"pa_yazar-chuck-palahniuk","12":"first","13":"instock","14":"sale","15":"shipping-taxable","16":"purchasable","17":"product-type-simple"},"_links":{"self":[{"href":"https:\/\/roveyayinevi.com.tr\/index.php\/wp-json\/wp\/v2\/product\/690290","targetHints":{"allow":["GET"]}}],"collection":[{"href":"https:\/\/roveyayinevi.com.tr\/index.php\/wp-json\/wp\/v2\/product"}],"about":[{"href":"https:\/\/roveyayinevi.com.tr\/index.php\/wp-json\/wp\/v2\/types\/product"}],"wp:attachment":[{"href":"https:\/\/roveyayinevi.com.tr\/index.php\/wp-json\/wp\/v2\/media?parent=690290"}],"wp:term":[{"taxonomy":"product_brand","embeddable":true,"href":"https:\/\/roveyayinevi.com.tr\/index.php\/wp-json\/wp\/v2\/product_brand?post=690290"},{"taxonomy":"product_cat","embeddable":true,"href":"https:\/\/roveyayinevi.com.tr\/index.php\/wp-json\/wp\/v2\/product_cat?post=690290"},{"taxonomy":"product_tag","embeddable":true,"href":"https:\/\/roveyayinevi.com.tr\/index.php\/wp-json\/wp\/v2\/product_tag?post=690290"}],"curies":[{"name":"wp","href":"https:\/\/api.w.org\/{rel}","templated":true}]}}