{"id":690269,"date":"2025-08-27T13:51:03","date_gmt":"2025-08-27T10:51:03","guid":{"rendered":"https:\/\/roveyayinevi.com.tr\/index.php\/urun\/ask-iliskileri\/"},"modified":"2026-04-16T01:59:51","modified_gmt":"2026-04-15T22:59:51","slug":"ask-iliskileri","status":"publish","type":"product","link":"https:\/\/roveyayinevi.com.tr\/index.php\/urun\/ask-iliskileri\/","title":{"rendered":"A\u015fk \u0130li\u015fkileri"},"content":{"rendered":"<p>Bu kitapta, \u015fimdiye kadar sanat\u00e7\u0131lar\u0131n ve yazarlar\u0131n bitmez t\u00fckenmez konu hazinesi olan   a\u015fk   psikiyatrinin ya\u015fayan b\u00fcy\u00fck ustas\u0131 say\u0131lan O. F. Kernberg\u2019in divan\u0131na uzan\u0131yor. Ve ortaya hepimizin ba\u015f\u0131na gelen, kar\u0131\u015f\u0131s\u0131nda aciz kald\u0131\u011f\u0131m\u0131z a\u015fk hallerinin t\u00fcm y\u00f6nleriyle incelendi\u011fi zengin bir bilimsel metin \u00e7\u0131k\u0131yor. <\/p>\n","protected":false},"excerpt":{"rendered":"<p>Bu kitapta, \u015fimdiye kadar sanat\u00e7\u0131lar\u0131n ve yazarlar\u0131n bitmez t\u00fckenmez konu hazinesi olan a\u015fk psikiyatrinin ya\u015fayan b\u00fcy\u00fck ustas\u0131 say\u0131lan O. F. Kernberg\u2019in divan\u0131na uzan\u0131yor. Ve ortaya hepimizin<span class=\"excerpt-hellip\"> [\u2026]<\/span><\/p>\n","protected":false},"featured_media":0,"template":"","meta":{"_monsterinsights_skip_tracking":false,"_monsterinsights_sitenote_active":false,"_monsterinsights_sitenote_note":"","_monsterinsights_sitenote_category":0},"product_brand":[],"product_cat":[14643,12291],"product_tag":[],"class_list":{"0":"post-690269","1":"product","2":"type-product","3":"status-publish","5":"product_cat-ask","6":"product_cat-edebiyat","7":"pa_cilt-ciltsiz","8":"pa_tur-kitap","9":"pa_yayinevi-ayrinti-yayinlari","10":"pa_yazar-otto-f-kernberg","12":"first","13":"instock","14":"sale","15":"shipping-taxable","16":"purchasable","17":"product-type-simple"},"_links":{"self":[{"href":"https:\/\/roveyayinevi.com.tr\/index.php\/wp-json\/wp\/v2\/product\/690269","targetHints":{"allow":["GET"]}}],"collection":[{"href":"https:\/\/roveyayinevi.com.tr\/index.php\/wp-json\/wp\/v2\/product"}],"about":[{"href":"https:\/\/roveyayinevi.com.tr\/index.php\/wp-json\/wp\/v2\/types\/product"}],"wp:attachment":[{"href":"https:\/\/roveyayinevi.com.tr\/index.php\/wp-json\/wp\/v2\/media?parent=690269"}],"wp:term":[{"taxonomy":"product_brand","embeddable":true,"href":"https:\/\/roveyayinevi.com.tr\/index.php\/wp-json\/wp\/v2\/product_brand?post=690269"},{"taxonomy":"product_cat","embeddable":true,"href":"https:\/\/roveyayinevi.com.tr\/index.php\/wp-json\/wp\/v2\/product_cat?post=690269"},{"taxonomy":"product_tag","embeddable":true,"href":"https:\/\/roveyayinevi.com.tr\/index.php\/wp-json\/wp\/v2\/product_tag?post=690269"}],"curies":[{"name":"wp","href":"https:\/\/api.w.org\/{rel}","templated":true}]}}