{"id":690268,"date":"2025-08-27T13:51:03","date_gmt":"2025-08-27T10:51:03","guid":{"rendered":"https:\/\/roveyayinevi.com.tr\/index.php\/urun\/dusmanin-tarihi\/"},"modified":"2026-04-16T01:59:51","modified_gmt":"2026-04-15T22:59:51","slug":"dusmanin-tarihi","status":"publish","type":"product","link":"https:\/\/roveyayinevi.com.tr\/index.php\/urun\/dusmanin-tarihi\/","title":{"rendered":"D\u00fc\u015fman\u0131n Tarihi"},"content":{"rendered":"<p>Bu se\u00e7kin, orijinal ve nefes kesici yeni \u00e7al\u0131\u015fmas\u0131nda Gil Anidjar d\u00fc\u015fman fig\u00fcr\u00fcn\u00fcn izini s\u00fcrerek, edebiyat, felsefe, politika, teoloji, \u0131rk, tarih gibi de\u011fi\u015fik alanlardaki s\u00f6ylemleri ele al\u0131yor. Yahudi, Arap, M\u00fcsl\u00fcman, H\u0131ristiyan kimliklerinin in\u015fas\u0131nda d\u00fc\u015fman fig\u00fcr\u00fcn\u00fcn nas\u0131l i\u015flendi\u011fini g\u00f6stererek, okurlar\u0131, d\u00fc\u015fman kavram\u0131n\u0131 yeniden d\u00fc\u015f\u00fcnmeye te\u015fvik ediyor. Lawrence R. Schehr, \u0130llinois \u00dcniversitesi D\u00fc\u015fman diye bir kavramsal olgu var m\u0131d\u0131r? Varsa ne t\u00fcr bir s\u00f6ylem alan\u0131na aittir? Yoksa, onun bir kavram olu\u015funu engelleyen fakt\u00f6rler nelerdir? Gil Anidjar, Bat\u0131l\u0131 felsefi, politik ve dini geleneklerin b\u00fcy\u00fck kitaplar\u0131n\u0131 yorumlayarak ve Carl Schmitt ve Jacques Derrida\u2019n\u0131n teolojik-politik d\u00fc\u015f\u00fcncelerine dayanarak, bir d\u00fc\u015fmanl\u0131k tarihinin yoklu\u011funun nedenlerini a\u00e7\u0131klamaya giri\u015fiyor. <\/p>\n","protected":false},"excerpt":{"rendered":"<p>Bu se\u00e7kin, orijinal ve nefes kesici yeni \u00e7al\u0131\u015fmas\u0131nda Gil Anidjar d\u00fc\u015fman fig\u00fcr\u00fcn\u00fcn izini s\u00fcrerek, edebiyat, felsefe, politika, teoloji, \u0131rk, tarih gibi de\u011fi\u015fik alanlardaki s\u00f6ylemleri ele al\u0131yor.<span class=\"excerpt-hellip\"> [\u2026]<\/span><\/p>\n","protected":false},"featured_media":0,"template":"","meta":{"_monsterinsights_skip_tracking":false,"_monsterinsights_sitenote_active":false,"_monsterinsights_sitenote_note":"","_monsterinsights_sitenote_category":0},"product_brand":[],"product_cat":[13633,12324],"product_tag":[],"class_list":{"0":"post-690268","1":"product","2":"type-product","3":"status-publish","5":"product_cat-kultur-ve-bilim","6":"product_cat-sosyoloji","7":"pa_cilt-ciltsiz","8":"pa_tur-kitap","9":"pa_yayinevi-ayrinti-yayinlari","10":"pa_yazar-gil-anidjar","12":"first","13":"instock","14":"sale","15":"shipping-taxable","16":"purchasable","17":"product-type-simple"},"_links":{"self":[{"href":"https:\/\/roveyayinevi.com.tr\/index.php\/wp-json\/wp\/v2\/product\/690268","targetHints":{"allow":["GET"]}}],"collection":[{"href":"https:\/\/roveyayinevi.com.tr\/index.php\/wp-json\/wp\/v2\/product"}],"about":[{"href":"https:\/\/roveyayinevi.com.tr\/index.php\/wp-json\/wp\/v2\/types\/product"}],"wp:attachment":[{"href":"https:\/\/roveyayinevi.com.tr\/index.php\/wp-json\/wp\/v2\/media?parent=690268"}],"wp:term":[{"taxonomy":"product_brand","embeddable":true,"href":"https:\/\/roveyayinevi.com.tr\/index.php\/wp-json\/wp\/v2\/product_brand?post=690268"},{"taxonomy":"product_cat","embeddable":true,"href":"https:\/\/roveyayinevi.com.tr\/index.php\/wp-json\/wp\/v2\/product_cat?post=690268"},{"taxonomy":"product_tag","embeddable":true,"href":"https:\/\/roveyayinevi.com.tr\/index.php\/wp-json\/wp\/v2\/product_tag?post=690268"}],"curies":[{"name":"wp","href":"https:\/\/api.w.org\/{rel}","templated":true}]}}