{"id":690263,"date":"2025-08-27T13:51:02","date_gmt":"2025-08-27T10:51:02","guid":{"rendered":"https:\/\/roveyayinevi.com.tr\/index.php\/urun\/b-bira\/"},"modified":"2026-04-16T01:59:51","modified_gmt":"2026-04-15T22:59:51","slug":"b-bira","status":"publish","type":"product","link":"https:\/\/roveyayinevi.com.tr\/index.php\/urun\/b-bira\/","title":{"rendered":"B, Bira"},"content":{"rendered":"<p>Bir varm\u0131\u015f bir yokmu\u015f, tam da \u015fimdiki zaman i\u00e7inde, bir gezegen varm\u0131\u015f ve bu gezegende ya\u015fayan canl\u0131 t\u00fcr\u00fc, insan denen iki ayakl\u0131 varl\u0131k her y\u0131l y\u00fcz otuz be\u015f milyar litre bira t\u00fcketiyormu\u015f. (\u0130nanmazsan\u0131z internetten ara\u015ft\u0131r\u0131n!) Bu azg\u0131n t\u00fcketim \u00fcr\u00fcn\u00fcn\u00fcn renginden, kabarc\u0131\u011f\u0131ndan, k\u00f6p\u00fc\u011f\u00fcnden, ge\u011firtisinden, k\u0131sacas\u0131 huyundan ve suyundan etkilenenler aras\u0131nda zeki mi zeki bir k\u0131z \u00e7ocu\u011fu ile bu k\u0131z\u0131n \u015fa\u015fk\u0131n annesi, duyars\u0131z babas\u0131 ve \u00e7\u0131lg\u0131n amcas\u0131 da yer al\u0131yormu\u015f. \u0130\u015fte B, Bira, \u00e7ekici oldu\u011fu kadar y\u0131k\u0131c\u0131 da olabilecek yukar\u0131daki bu d\u00f6rt karakteri bir araya getiriyor ve okuru, ger\u00e7ekli\u011fin s\u0131n\u0131r\u0131ndan ge\u00e7irerek gizem d\u00fcnyas\u0131na do\u011fru bir yolculu\u011fa \u00e7\u0131kar\u0131yor. Sizi temin ederiz, zeki ve cesury\u00fcrek bir ufakl\u0131k ile k\u0131z\u0131l sa\u00e7l\u0131 Bira Perisi\u2019nin e\u015fli\u011finde ger\u00e7ekle\u015fen bu yolculukta, kimilerine at sidi\u011fini and\u0131ran kimilerine g\u00f6reyse alt\u0131n sar\u0131s\u0131 rengiyle insan\u0131 ba\u015ftan \u00e7\u0131karan bu s\u0131v\u0131n\u0131n t\u00fcm s\u0131rlar\u0131na vak\u0131f olacaks\u0131n\u0131z. Ve kim bilir, belki de cesarete, mutlulu\u011fa, sevgiye ve daha pek \u00e7ok \u201canar\u015fist\u201d duyguya ili\u015fkin s\u0131rlara da&#8230; <\/p>\n","protected":false},"excerpt":{"rendered":"<p>Bir varm\u0131\u015f bir yokmu\u015f, tam da \u015fimdiki zaman i\u00e7inde, bir gezegen varm\u0131\u015f ve bu gezegende ya\u015fayan canl\u0131 t\u00fcr\u00fc, insan denen iki ayakl\u0131 varl\u0131k her y\u0131l y\u00fcz<span class=\"excerpt-hellip\"> [\u2026]<\/span><\/p>\n","protected":false},"featured_media":0,"template":"","meta":{"_monsterinsights_skip_tracking":false,"_monsterinsights_sitenote_active":false,"_monsterinsights_sitenote_note":"","_monsterinsights_sitenote_category":0},"product_brand":[],"product_cat":[12291,12711],"product_tag":[],"class_list":{"0":"post-690263","1":"product","2":"type-product","3":"status-publish","5":"product_cat-edebiyat","6":"product_cat-roman-oyku","7":"pa_cilt-ciltsiz","8":"pa_tur-kitap","9":"pa_yayinevi-ayrinti-yayinlari","10":"pa_yazar-tom-robbins","12":"first","13":"instock","14":"sale","15":"shipping-taxable","16":"purchasable","17":"product-type-simple"},"_links":{"self":[{"href":"https:\/\/roveyayinevi.com.tr\/index.php\/wp-json\/wp\/v2\/product\/690263","targetHints":{"allow":["GET"]}}],"collection":[{"href":"https:\/\/roveyayinevi.com.tr\/index.php\/wp-json\/wp\/v2\/product"}],"about":[{"href":"https:\/\/roveyayinevi.com.tr\/index.php\/wp-json\/wp\/v2\/types\/product"}],"wp:attachment":[{"href":"https:\/\/roveyayinevi.com.tr\/index.php\/wp-json\/wp\/v2\/media?parent=690263"}],"wp:term":[{"taxonomy":"product_brand","embeddable":true,"href":"https:\/\/roveyayinevi.com.tr\/index.php\/wp-json\/wp\/v2\/product_brand?post=690263"},{"taxonomy":"product_cat","embeddable":true,"href":"https:\/\/roveyayinevi.com.tr\/index.php\/wp-json\/wp\/v2\/product_cat?post=690263"},{"taxonomy":"product_tag","embeddable":true,"href":"https:\/\/roveyayinevi.com.tr\/index.php\/wp-json\/wp\/v2\/product_tag?post=690263"}],"curies":[{"name":"wp","href":"https:\/\/api.w.org\/{rel}","templated":true}]}}