{"id":690257,"date":"2025-08-27T13:51:01","date_gmt":"2025-08-27T10:51:01","guid":{"rendered":"https:\/\/roveyayinevi.com.tr\/index.php\/urun\/yildizlari-saymak\/"},"modified":"2026-04-16T01:59:51","modified_gmt":"2026-04-15T22:59:51","slug":"yildizlari-saymak","status":"publish","type":"product","link":"https:\/\/roveyayinevi.com.tr\/index.php\/urun\/yildizlari-saymak\/","title":{"rendered":"Y\u0131ld\u0131zlar\u0131 Saymak"},"content":{"rendered":"<p>K\u00fc\u00e7\u00fcc\u00fck bedenlerde kocaman y\u00fcrekler&#8230; S\u0131cac\u0131k bir sevgi, dayan\u0131\u015fma ve cesaret \u00f6yk\u00fcs\u00fc&#8230; Nazi i\u015fgali alt\u0131ndaki Danimarka\u2019da ge\u00e7en, heyecanl\u0131 bir ka\u00e7\u0131\u015f ser\u00fcveni. <\/p>\n","protected":false},"excerpt":{"rendered":"<p>K\u00fc\u00e7\u00fcc\u00fck bedenlerde kocaman y\u00fcrekler&#8230; S\u0131cac\u0131k bir sevgi, dayan\u0131\u015fma ve cesaret \u00f6yk\u00fcs\u00fc&#8230; Nazi i\u015fgali alt\u0131ndaki Danimarka\u2019da ge\u00e7en, heyecanl\u0131 bir ka\u00e7\u0131\u015f ser\u00fcveni.<\/p>\n","protected":false},"featured_media":0,"template":"","meta":{"_monsterinsights_skip_tracking":false,"_monsterinsights_sitenote_active":false,"_monsterinsights_sitenote_note":"","_monsterinsights_sitenote_category":0},"product_brand":[],"product_cat":[12891,12291],"product_tag":[],"class_list":{"0":"post-690257","1":"product","2":"type-product","3":"status-publish","5":"product_cat-amerikan-edebiyati","6":"product_cat-edebiyat","7":"pa_cilt-ciltsiz","8":"pa_tur-kitap","9":"pa_yayinevi-arkadas-yayinlari","10":"pa_yazar-lois-lowry","12":"first","13":"instock","14":"sale","15":"shipping-taxable","16":"purchasable","17":"product-type-simple"},"_links":{"self":[{"href":"https:\/\/roveyayinevi.com.tr\/index.php\/wp-json\/wp\/v2\/product\/690257","targetHints":{"allow":["GET"]}}],"collection":[{"href":"https:\/\/roveyayinevi.com.tr\/index.php\/wp-json\/wp\/v2\/product"}],"about":[{"href":"https:\/\/roveyayinevi.com.tr\/index.php\/wp-json\/wp\/v2\/types\/product"}],"wp:attachment":[{"href":"https:\/\/roveyayinevi.com.tr\/index.php\/wp-json\/wp\/v2\/media?parent=690257"}],"wp:term":[{"taxonomy":"product_brand","embeddable":true,"href":"https:\/\/roveyayinevi.com.tr\/index.php\/wp-json\/wp\/v2\/product_brand?post=690257"},{"taxonomy":"product_cat","embeddable":true,"href":"https:\/\/roveyayinevi.com.tr\/index.php\/wp-json\/wp\/v2\/product_cat?post=690257"},{"taxonomy":"product_tag","embeddable":true,"href":"https:\/\/roveyayinevi.com.tr\/index.php\/wp-json\/wp\/v2\/product_tag?post=690257"}],"curies":[{"name":"wp","href":"https:\/\/api.w.org\/{rel}","templated":true}]}}