{"id":690219,"date":"2025-08-27T13:50:19","date_gmt":"2025-08-27T10:50:19","guid":{"rendered":"https:\/\/roveyayinevi.com.tr\/index.php\/urun\/egitim-iletisim-ve-ogretmenin-beden-dili\/"},"modified":"2026-04-16T01:59:50","modified_gmt":"2026-04-15T22:59:50","slug":"egitim-iletisim-ve-ogretmenin-beden-dili","status":"publish","type":"product","link":"https:\/\/roveyayinevi.com.tr\/index.php\/urun\/egitim-iletisim-ve-ogretmenin-beden-dili\/","title":{"rendered":"E\u011fitim, \u0130leti\u015fim ve \u00d6\u011fretmenin Beden Dili"},"content":{"rendered":"<p>Bireyin ve toplumun geli\u015fiminde en etkili organizasyon e\u011fitimdir. Zamana ve \u00e7a\u011fa damga vuru\u015f ancak hedefli, planl\u0131, teknolojiyi her t\u00fcrl\u00fc a\u015famada kullanan sorgulay\u0131c\u0131 bir e\u011fitimle ger\u00e7ekle\u015ftirilebilir. Bireyin \u015fekillenmesinde \u00f6nemli bir fakt\u00f6re sahip olan \u00f6\u011fretmenler, s\u00f6zden ziyade davran\u0131\u015f sergileyebilmelidir. \u00c7\u00fcnk\u00fc \u00e7ocuklar, \u00f6\u011fretmenin davran\u0131\u015flar\u0131n\u0131 esas almaktad\u0131r. <\/p>\n","protected":false},"excerpt":{"rendered":"<p>Bireyin ve toplumun geli\u015fiminde en etkili organizasyon e\u011fitimdir. Zamana ve \u00e7a\u011fa damga vuru\u015f ancak hedefli, planl\u0131, teknolojiyi her t\u00fcrl\u00fc a\u015famada kullanan sorgulay\u0131c\u0131 bir e\u011fitimle ger\u00e7ekle\u015ftirilebilir. Bireyin<span class=\"excerpt-hellip\"> [\u2026]<\/span><\/p>\n","protected":false},"featured_media":0,"template":"","meta":{"_monsterinsights_skip_tracking":false,"_monsterinsights_sitenote_active":false,"_monsterinsights_sitenote_note":"","_monsterinsights_sitenote_category":0},"product_brand":[],"product_cat":[12312,12304],"product_tag":[],"class_list":{"0":"post-690219","1":"product","2":"type-product","3":"status-publish","5":"product_cat-diger","6":"product_cat-tarih","7":"pa_cilt-ciltsiz","8":"pa_tur-kitap","9":"pa_yayinevi-kok-yayinevi","10":"pa_yazar-engin-karadag","12":"first","13":"instock","14":"sale","15":"shipping-taxable","16":"purchasable","17":"product-type-simple"},"_links":{"self":[{"href":"https:\/\/roveyayinevi.com.tr\/index.php\/wp-json\/wp\/v2\/product\/690219","targetHints":{"allow":["GET"]}}],"collection":[{"href":"https:\/\/roveyayinevi.com.tr\/index.php\/wp-json\/wp\/v2\/product"}],"about":[{"href":"https:\/\/roveyayinevi.com.tr\/index.php\/wp-json\/wp\/v2\/types\/product"}],"wp:attachment":[{"href":"https:\/\/roveyayinevi.com.tr\/index.php\/wp-json\/wp\/v2\/media?parent=690219"}],"wp:term":[{"taxonomy":"product_brand","embeddable":true,"href":"https:\/\/roveyayinevi.com.tr\/index.php\/wp-json\/wp\/v2\/product_brand?post=690219"},{"taxonomy":"product_cat","embeddable":true,"href":"https:\/\/roveyayinevi.com.tr\/index.php\/wp-json\/wp\/v2\/product_cat?post=690219"},{"taxonomy":"product_tag","embeddable":true,"href":"https:\/\/roveyayinevi.com.tr\/index.php\/wp-json\/wp\/v2\/product_tag?post=690219"}],"curies":[{"name":"wp","href":"https:\/\/api.w.org\/{rel}","templated":true}]}}