{"id":690217,"date":"2025-08-27T13:50:18","date_gmt":"2025-08-27T10:50:18","guid":{"rendered":"https:\/\/roveyayinevi.com.tr\/index.php\/urun\/erken-cocukluk-doneminde-parmak-oyunlari\/"},"modified":"2026-04-16T01:59:50","modified_gmt":"2026-04-15T22:59:50","slug":"erken-cocukluk-doneminde-parmak-oyunlari","status":"publish","type":"product","link":"https:\/\/roveyayinevi.com.tr\/index.php\/urun\/erken-cocukluk-doneminde-parmak-oyunlari\/","title":{"rendered":"Erken \u00c7ocukluk D\u00f6neminde Parmak Oyunlar\u0131"},"content":{"rendered":"<p>Oyunlarla b\u00fcy\u00fcr \u00e7ocuklar. Her oyun geli\u015fim s\u00fcre\u00e7lerini h\u0131zland\u0131ran ve onlar\u0131 bir anlamda ger\u00e7ek d\u00fcnyaya haz\u0131rlayan birer yolcudur yanl\u0131zca. \u00d6zellikle oyun arac\u0131 kullanmadan, kendi v\u00fccut dillerini kullanmay\u0131 da \u00f6\u011freten parmak oyunlar\u0131; \u00e7ocuklar\u0131n dil, bili\u015fsel, psikomotor hem de duygusal ve sosyal geli\u015fimlerini sa\u011flar. Onlara kendilerini ifade etme yetene\u011fi kazand\u0131rarak yard\u0131mc\u0131 olur, \u00e7evrelerindeki kavram ve \u00f6zellikleri tan\u0131malar\u0131n\u0131 sa\u011flar. <\/p>\n","protected":false},"excerpt":{"rendered":"<p>Oyunlarla b\u00fcy\u00fcr \u00e7ocuklar. Her oyun geli\u015fim s\u00fcre\u00e7lerini h\u0131zland\u0131ran ve onlar\u0131 bir anlamda ger\u00e7ek d\u00fcnyaya haz\u0131rlayan birer yolcudur yanl\u0131zca. \u00d6zellikle oyun arac\u0131 kullanmadan, kendi v\u00fccut dillerini kullanmay\u0131<span class=\"excerpt-hellip\"> [\u2026]<\/span><\/p>\n","protected":false},"featured_media":0,"template":"","meta":{"_monsterinsights_skip_tracking":false,"_monsterinsights_sitenote_active":false,"_monsterinsights_sitenote_note":"","_monsterinsights_sitenote_category":0},"product_brand":[],"product_cat":[12275,12274],"product_tag":[],"class_list":{"0":"post-690217","1":"product","2":"type-product","3":"status-publish","5":"product_cat-6-12-yas-kitaplari","6":"product_cat-cocuk-ve-genclik-kitaplari","7":"pa_cilt-ciltsiz","8":"pa_tur-kitap","9":"pa_yayinevi-kok-yayinevi","10":"pa_yazar-dilfiruz-comert","12":"first","13":"instock","14":"sale","15":"shipping-taxable","16":"purchasable","17":"product-type-simple"},"_links":{"self":[{"href":"https:\/\/roveyayinevi.com.tr\/index.php\/wp-json\/wp\/v2\/product\/690217","targetHints":{"allow":["GET"]}}],"collection":[{"href":"https:\/\/roveyayinevi.com.tr\/index.php\/wp-json\/wp\/v2\/product"}],"about":[{"href":"https:\/\/roveyayinevi.com.tr\/index.php\/wp-json\/wp\/v2\/types\/product"}],"wp:attachment":[{"href":"https:\/\/roveyayinevi.com.tr\/index.php\/wp-json\/wp\/v2\/media?parent=690217"}],"wp:term":[{"taxonomy":"product_brand","embeddable":true,"href":"https:\/\/roveyayinevi.com.tr\/index.php\/wp-json\/wp\/v2\/product_brand?post=690217"},{"taxonomy":"product_cat","embeddable":true,"href":"https:\/\/roveyayinevi.com.tr\/index.php\/wp-json\/wp\/v2\/product_cat?post=690217"},{"taxonomy":"product_tag","embeddable":true,"href":"https:\/\/roveyayinevi.com.tr\/index.php\/wp-json\/wp\/v2\/product_tag?post=690217"}],"curies":[{"name":"wp","href":"https:\/\/api.w.org\/{rel}","templated":true}]}}