{"id":690216,"date":"2025-08-27T13:50:18","date_gmt":"2025-08-27T10:50:18","guid":{"rendered":"https:\/\/roveyayinevi.com.tr\/index.php\/urun\/egitim-ve-muze-semineri\/"},"modified":"2026-04-16T01:59:50","modified_gmt":"2026-04-15T22:59:50","slug":"egitim-ve-muze-semineri","status":"publish","type":"product","link":"https:\/\/roveyayinevi.com.tr\/index.php\/urun\/egitim-ve-muze-semineri\/","title":{"rendered":"E\u011fitim ve M\u00fcze Semineri"},"content":{"rendered":"<p>\u00d6zellikle \u00c7ocuk ve Gen\u00e7 M\u00fczeleri konusunda yeni ufuklar a\u00e7aca\u011f\u0131 umut edilen E\u011fitim ve M\u00fcze Semineri kapsam\u0131nda ger\u00e7ekle\u015ftirilen a\u00e7\u0131l\u0131\u015f konu\u015fmalar\u0131, m\u00fczede e\u011fitim uygulamalar\u0131, m\u00fczede deneyimler, \u00e7al\u0131\u015ftaylar a\u00e7\u0131k oturumlar ve izleyici g\u00f6r\u00fc\u015flerinin topland\u0131\u011f\u0131 kitab\u0131m\u0131z\u0131n bu alanda \u00e7al\u0131\u015fan akademisyen ve ara\u015ft\u0131rmac\u0131lar, \u00f6\u011frenim g\u00f6ren \u00f6\u011frenciler ve konuyla ilgilenen herkes i\u00e7in yararl\u0131 olaca\u011f\u0131na inan\u0131yoruz. <\/p>\n","protected":false},"excerpt":{"rendered":"<p>\u00d6zellikle \u00c7ocuk ve Gen\u00e7 M\u00fczeleri konusunda yeni ufuklar a\u00e7aca\u011f\u0131 umut edilen E\u011fitim ve M\u00fcze Semineri kapsam\u0131nda ger\u00e7ekle\u015ftirilen a\u00e7\u0131l\u0131\u015f konu\u015fmalar\u0131, m\u00fczede e\u011fitim uygulamalar\u0131, m\u00fczede deneyimler, \u00e7al\u0131\u015ftaylar a\u00e7\u0131k<span class=\"excerpt-hellip\"> [\u2026]<\/span><\/p>\n","protected":false},"featured_media":0,"template":"","meta":{"_monsterinsights_skip_tracking":false,"_monsterinsights_sitenote_active":false,"_monsterinsights_sitenote_note":"","_monsterinsights_sitenote_category":0},"product_brand":[],"product_cat":[13055,13054],"product_tag":[],"class_list":{"0":"post-690216","1":"product","2":"type-product","3":"status-publish","5":"product_cat-gezi-rehberi","6":"product_cat-gezi-ve-rehber-kitaplari","7":"pa_cilt-ciltsiz","8":"pa_tur-kitap","9":"pa_yayinevi-kok-yayinevi","10":"pa_yazar-kolektif","12":"first","13":"instock","14":"sale","15":"shipping-taxable","16":"purchasable","17":"product-type-simple"},"_links":{"self":[{"href":"https:\/\/roveyayinevi.com.tr\/index.php\/wp-json\/wp\/v2\/product\/690216","targetHints":{"allow":["GET"]}}],"collection":[{"href":"https:\/\/roveyayinevi.com.tr\/index.php\/wp-json\/wp\/v2\/product"}],"about":[{"href":"https:\/\/roveyayinevi.com.tr\/index.php\/wp-json\/wp\/v2\/types\/product"}],"wp:attachment":[{"href":"https:\/\/roveyayinevi.com.tr\/index.php\/wp-json\/wp\/v2\/media?parent=690216"}],"wp:term":[{"taxonomy":"product_brand","embeddable":true,"href":"https:\/\/roveyayinevi.com.tr\/index.php\/wp-json\/wp\/v2\/product_brand?post=690216"},{"taxonomy":"product_cat","embeddable":true,"href":"https:\/\/roveyayinevi.com.tr\/index.php\/wp-json\/wp\/v2\/product_cat?post=690216"},{"taxonomy":"product_tag","embeddable":true,"href":"https:\/\/roveyayinevi.com.tr\/index.php\/wp-json\/wp\/v2\/product_tag?post=690216"}],"curies":[{"name":"wp","href":"https:\/\/api.w.org\/{rel}","templated":true}]}}