{"id":690179,"date":"2025-08-27T13:50:12","date_gmt":"2025-08-27T10:50:12","guid":{"rendered":"https:\/\/roveyayinevi.com.tr\/index.php\/urun\/benim-adim-shakespeare\/"},"modified":"2026-04-16T01:59:49","modified_gmt":"2026-04-15T22:59:49","slug":"benim-adim-shakespeare","status":"publish","type":"product","link":"https:\/\/roveyayinevi.com.tr\/index.php\/urun\/benim-adim-shakespeare\/","title":{"rendered":"Benim Ad\u0131m&#8230; Shakespeare"},"content":{"rendered":"<p>Benim Ad\u0131m&#8230; Shakespeare&#8230; Eminim hepiniz Prens Hamlet\u2019in \u00fcnl\u00fc s\u00f6z\u00fc olmak ya da olmamak \u0131 veya aileleri aras\u0131ndaki d\u00fc\u015fmanl\u0131k nedeniyle bir felakete kurban giden \u00e2\u015f\u0131klar Romeo ile Juliet\u2019i duymu\u015fsunuzdur. Onlar, tiyatro eserlerim i\u00e7in yaratt\u0131\u011f\u0131m kahramanlardan sadece baz\u0131lar\u0131. Eserlerimdeki karakterleri sanki ger\u00e7ek ki\u015filermi\u015f gibi ac\u0131 \u00e7eken, tutkular\u0131 ve h\u0131rslar\u0131 olan, m\u00fccadele eden kahramanlar olarak tasarlad\u0131m. \ufffcTan\u0131t\u0131m Metni<\/p>\n","protected":false},"excerpt":{"rendered":"<p>Benim Ad\u0131m&#8230; Shakespeare&#8230; Eminim hepiniz Prens Hamlet\u2019in \u00fcnl\u00fc s\u00f6z\u00fc olmak ya da olmamak \u0131 veya aileleri aras\u0131ndaki d\u00fc\u015fmanl\u0131k nedeniyle bir felakete kurban giden \u00e2\u015f\u0131klar Romeo ile<span class=\"excerpt-hellip\"> [\u2026]<\/span><\/p>\n","protected":false},"featured_media":0,"template":"","meta":{"_monsterinsights_skip_tracking":false,"_monsterinsights_sitenote_active":false,"_monsterinsights_sitenote_note":"","_monsterinsights_sitenote_category":0},"product_brand":[],"product_cat":[12291,12332],"product_tag":[],"class_list":{"0":"post-690179","1":"product","2":"type-product","3":"status-publish","5":"product_cat-edebiyat","6":"product_cat-senaryo","7":"pa_cilt-ciltsiz","8":"pa_tur-kitap","9":"pa_yayinevi-altin-kitaplar-cocuk-kitaplari","10":"pa_yazar-ferran-alexandri","12":"first","13":"instock","14":"sale","15":"shipping-taxable","16":"purchasable","17":"product-type-simple"},"_links":{"self":[{"href":"https:\/\/roveyayinevi.com.tr\/index.php\/wp-json\/wp\/v2\/product\/690179","targetHints":{"allow":["GET"]}}],"collection":[{"href":"https:\/\/roveyayinevi.com.tr\/index.php\/wp-json\/wp\/v2\/product"}],"about":[{"href":"https:\/\/roveyayinevi.com.tr\/index.php\/wp-json\/wp\/v2\/types\/product"}],"wp:attachment":[{"href":"https:\/\/roveyayinevi.com.tr\/index.php\/wp-json\/wp\/v2\/media?parent=690179"}],"wp:term":[{"taxonomy":"product_brand","embeddable":true,"href":"https:\/\/roveyayinevi.com.tr\/index.php\/wp-json\/wp\/v2\/product_brand?post=690179"},{"taxonomy":"product_cat","embeddable":true,"href":"https:\/\/roveyayinevi.com.tr\/index.php\/wp-json\/wp\/v2\/product_cat?post=690179"},{"taxonomy":"product_tag","embeddable":true,"href":"https:\/\/roveyayinevi.com.tr\/index.php\/wp-json\/wp\/v2\/product_tag?post=690179"}],"curies":[{"name":"wp","href":"https:\/\/api.w.org\/{rel}","templated":true}]}}