{"id":690163,"date":"2025-08-27T13:50:09","date_gmt":"2025-08-27T10:50:09","guid":{"rendered":"https:\/\/roveyayinevi.com.tr\/index.php\/urun\/kesk-tarihi\/"},"modified":"2026-04-16T01:59:49","modified_gmt":"2026-04-15T22:59:49","slug":"kesk-tarihi","status":"publish","type":"product","link":"https:\/\/roveyayinevi.com.tr\/index.php\/urun\/kesk-tarihi\/","title":{"rendered":"KESK Tarihi"},"content":{"rendered":"<p>Bu \u00e7al\u0131\u015fma ki\u015fi\u015fel veya \u00f6znel bir \u00e7al\u0131\u015fma de\u011fil, kolektif emeklerle olu\u015fmu\u015f bir \u00f6rg\u00fctsel ili\u015fkiyi en olgun ve objektif bi\u00e7imde gelecek ku\u015faklara aktarma bilinciyle yap\u0131lm\u0131\u015ft\u0131r. Tarih yazmak kolay i\u015f de\u011fildir. Hele emek hareketinin \u00f6zg\u00fcn bir deneyimi olan KESK tarihini yazmak hi\u00e7 kolay de\u011fil. Size g\u00f6re veya bize g\u00f6re tarih olmaz. Tarihin dili evrenseldir. B\u00fct\u00fcn insanl\u0131\u011f\u0131n ortak mal\u0131d\u0131r. Bu nedenle tarih nesnel olmal\u0131d\u0131r. Resmi tarihi ele\u015ftirenlerin elbette olgular\u0131 ve olaylar\u0131 oldu\u011fu gibi g\u00f6rmeleri gerekir&#8230; Ne bir fazla, ne de bir eksik. Turgut tam da bunu yap\u0131yor. Belki de bu \u00e7al\u0131\u015fmay\u0131 \u00f6ncekilerden farkl\u0131 k\u0131lan da budur diye d\u00fc\u015f\u00fcn\u00fcyorum. Yine belirtmeliyim ki, bu \u00e7al\u0131\u015fman\u0131n avantajlar\u0131ndan biri de, arkada\u015f\u0131m\u0131z\u0131n KESK tarihinin i\u00e7eriden tan\u0131klar\u0131ndan, bizatihi \u00f6znelerinden biri olmas\u0131. Uzun y\u0131llard\u0131r bu s\u00fcrecin emektarlar\u0131ndan biridir arkada\u015f\u0131m\u0131z&#8230; Onun a\u011fz\u0131ndan, dilinden okumak ba\u015fka t\u00fcrl\u00fc bir tat verecektir okuyucuya&#8230; -Hasan Hay\u0131r KESK Eski MYK \u00dcyesi \ufffcTan\u0131t\u0131m Metni<\/p>\n","protected":false},"excerpt":{"rendered":"<p>Bu \u00e7al\u0131\u015fma ki\u015fi\u015fel veya \u00f6znel bir \u00e7al\u0131\u015fma de\u011fil, kolektif emeklerle olu\u015fmu\u015f bir \u00f6rg\u00fctsel ili\u015fkiyi en olgun ve objektif bi\u00e7imde gelecek ku\u015faklara aktarma bilinciyle yap\u0131lm\u0131\u015ft\u0131r. Tarih yazmak<span class=\"excerpt-hellip\"> [\u2026]<\/span><\/p>\n","protected":false},"featured_media":0,"template":"","meta":{"_monsterinsights_skip_tracking":false,"_monsterinsights_sitenote_active":false,"_monsterinsights_sitenote_note":"","_monsterinsights_sitenote_category":0},"product_brand":[],"product_cat":[13059,12337],"product_tag":[],"class_list":{"0":"post-690163","1":"product","2":"type-product","3":"status-publish","5":"product_cat-diger-politika-siyaset","6":"product_cat-politika-siyaset","7":"pa_tur-kitap","8":"pa_yayinevi-kalkedon-yayincilik","9":"pa_yazar-turgut-uzum","11":"first","12":"instock","13":"sale","14":"shipping-taxable","15":"purchasable","16":"product-type-simple"},"_links":{"self":[{"href":"https:\/\/roveyayinevi.com.tr\/index.php\/wp-json\/wp\/v2\/product\/690163","targetHints":{"allow":["GET"]}}],"collection":[{"href":"https:\/\/roveyayinevi.com.tr\/index.php\/wp-json\/wp\/v2\/product"}],"about":[{"href":"https:\/\/roveyayinevi.com.tr\/index.php\/wp-json\/wp\/v2\/types\/product"}],"wp:attachment":[{"href":"https:\/\/roveyayinevi.com.tr\/index.php\/wp-json\/wp\/v2\/media?parent=690163"}],"wp:term":[{"taxonomy":"product_brand","embeddable":true,"href":"https:\/\/roveyayinevi.com.tr\/index.php\/wp-json\/wp\/v2\/product_brand?post=690163"},{"taxonomy":"product_cat","embeddable":true,"href":"https:\/\/roveyayinevi.com.tr\/index.php\/wp-json\/wp\/v2\/product_cat?post=690163"},{"taxonomy":"product_tag","embeddable":true,"href":"https:\/\/roveyayinevi.com.tr\/index.php\/wp-json\/wp\/v2\/product_tag?post=690163"}],"curies":[{"name":"wp","href":"https:\/\/api.w.org\/{rel}","templated":true}]}}