{"id":690157,"date":"2025-08-27T13:50:08","date_gmt":"2025-08-27T10:50:08","guid":{"rendered":"https:\/\/roveyayinevi.com.tr\/index.php\/urun\/devrim-taciri-ittihat-ve-terakkinin-bolsevik-teorisyeni-parvus-efendi\/"},"modified":"2026-04-16T01:59:48","modified_gmt":"2026-04-15T22:59:48","slug":"devrim-taciri-ittihat-ve-terakkinin-bolsevik-teorisyeni-parvus-efendi","status":"publish","type":"product","link":"https:\/\/roveyayinevi.com.tr\/index.php\/urun\/devrim-taciri-ittihat-ve-terakkinin-bolsevik-teorisyeni-parvus-efendi\/","title":{"rendered":"Devrim Taciri \u0130ttihat ve Terakki\u2019nin Bol\u015fevik Teorisyeni: Parvus Efendi"},"content":{"rendered":"<p>Parvus&#8217;un koruyucular\u0131 -hatta ortaklar\u0131- politik iktidar \u00e7evrelerinden kimlerdi? Enver Pa\u015fa m\u0131, Talat Pa\u015fa m\u0131, daha sonra maliye bakan\u0131 olan Cavit Bey mi? Bunu kimse bilmiyor, zaten bu bilginin herhangi bir \u00f6nemi de yok. \u00d6nemli olan Parvus&#8217;un iktidar\u0131n g\u00fc\u00e7l\u00fc isimleriyle kurdu\u011fu yak\u0131n ili\u015fkilerden yararlanm\u0131\u015f olmas\u0131yd\u0131. Bir devletin korumas\u0131 alt\u0131nda bulunma ayr\u0131cal\u0131\u011f\u0131n\u0131n tad\u0131n\u0131 alm\u0131\u015f, n\u00fcfuz ve g\u00fc\u00e7 sahibi olunca, hedeflerin daha kolay ger\u00e7ekle\u015ftirildi\u011fini g\u00f6rm\u00fc\u015ft\u00fc. Do\u011fru: O, sadece yar\u0131 resmi bir dan\u0131\u015fmand\u0131, ba\u015frol oyuncular\u0131na sufle vermekten ba\u015fka bir i\u015flevi yoktu, ama eski durumuyla kar\u015f\u0131la\u015ft\u0131r\u0131ld\u0131\u011f\u0131nda her \u015fey \u00e7ok farkl\u0131yd\u0131. Eskiden, bir ajitat\u00f6r, bir muhalif, herkesi \u00fcrk\u00fcten bir devlet d\u00fc\u015fman\u0131yken, art\u0131k iktidar sahiplerine telkinlerde bulunan bir dan\u0131\u015fman, g\u00fcc\u00fcn kokusunu alan bir pragmatist ve oport\u00fcnist olmu\u015ftu. Parvus&#8217;un mevcut durum ve kendi konumundan \u00e7\u0131kard\u0131\u011f\u0131 sonu\u00e7 son derece a\u00e7\u0131kt\u0131r: G\u00fc\u00e7 ve n\u00fcfuz sahibiysen sadece para kazanmakla kalmaz, ba\u015fka alanlarda da etkin bir rol oynars\u0131n. Acaba, mevcut toplumsal d\u00fczeni de\u011fi\u015ftirmek i\u00e7in kullanmak amac\u0131yla bu g\u00fcc\u00fcn hareket ettirici koluna kadar ula\u015fabilecek miydi? G\u00fc\u00e7 sahibi olmak, muhalefet etmek ve ajitasyon yapmaktan daha yararl\u0131yd\u0131. O zamana kadar iktidarla ilgili teoriler kuran Parvus, aniden bir politikac\u0131ya, bir pratisyene d\u00f6n\u00fc\u015fm\u00fc\u015ft\u00fc. Amac\u0131 ayn\u0131yd\u0131, sadece metotlar ve ara\u00e7lar de\u011fi\u015fmi\u015fti.<\/p>\n","protected":false},"excerpt":{"rendered":"<p>Parvus&#8217;un koruyucular\u0131 -hatta ortaklar\u0131- politik iktidar \u00e7evrelerinden kimlerdi? Enver Pa\u015fa m\u0131, Talat Pa\u015fa m\u0131, daha sonra maliye bakan\u0131 olan Cavit Bey mi? Bunu kimse bilmiyor, zaten<span class=\"excerpt-hellip\"> [\u2026]<\/span><\/p>\n","protected":false},"featured_media":0,"template":"","meta":{"_monsterinsights_skip_tracking":false,"_monsterinsights_sitenote_active":false,"_monsterinsights_sitenote_note":"","_monsterinsights_sitenote_category":0},"product_brand":[],"product_cat":[12312,12304],"product_tag":[],"class_list":{"0":"post-690157","1":"product","2":"type-product","3":"status-publish","5":"product_cat-diger","6":"product_cat-tarih","7":"pa_cilt-ciltsiz","8":"pa_tur-kitap","9":"pa_yayinevi-kalkedon-yayincilik","10":"pa_yazar-winfried-b-scharlau","12":"first","13":"instock","14":"sale","15":"shipping-taxable","16":"purchasable","17":"product-type-simple"},"_links":{"self":[{"href":"https:\/\/roveyayinevi.com.tr\/index.php\/wp-json\/wp\/v2\/product\/690157","targetHints":{"allow":["GET"]}}],"collection":[{"href":"https:\/\/roveyayinevi.com.tr\/index.php\/wp-json\/wp\/v2\/product"}],"about":[{"href":"https:\/\/roveyayinevi.com.tr\/index.php\/wp-json\/wp\/v2\/types\/product"}],"wp:attachment":[{"href":"https:\/\/roveyayinevi.com.tr\/index.php\/wp-json\/wp\/v2\/media?parent=690157"}],"wp:term":[{"taxonomy":"product_brand","embeddable":true,"href":"https:\/\/roveyayinevi.com.tr\/index.php\/wp-json\/wp\/v2\/product_brand?post=690157"},{"taxonomy":"product_cat","embeddable":true,"href":"https:\/\/roveyayinevi.com.tr\/index.php\/wp-json\/wp\/v2\/product_cat?post=690157"},{"taxonomy":"product_tag","embeddable":true,"href":"https:\/\/roveyayinevi.com.tr\/index.php\/wp-json\/wp\/v2\/product_tag?post=690157"}],"curies":[{"name":"wp","href":"https:\/\/api.w.org\/{rel}","templated":true}]}}