{"id":690134,"date":"2025-08-27T13:50:04","date_gmt":"2025-08-27T10:50:04","guid":{"rendered":"https:\/\/roveyayinevi.com.tr\/index.php\/urun\/kanli-mavi-marmara\/"},"modified":"2026-04-16T01:59:48","modified_gmt":"2026-04-15T22:59:48","slug":"kanli-mavi-marmara","status":"publish","type":"product","link":"https:\/\/roveyayinevi.com.tr\/index.php\/urun\/kanli-mavi-marmara\/","title":{"rendered":"Kanl\u0131 Mavi Marmara"},"content":{"rendered":"<p>Mavi Marmara gemisinde bulunan ve operasyonla ilgili foto\u011fraflar\u0131n\u0131 T\u00fcrkiye\u2019ye getirebilen tek ki\u015fi olan Habert\u00fcrk muhabiri M. \u015eefik Din\u00e7\u2019in kameras\u0131ndan ve kaleminden t\u00fcm ya\u015fananlar. Operasyonun t\u00fcm tedaylar\u0131, yay\u0131mlanmam\u0131\u015f foto\u011fraflar ve ya\u015fananlar\u0131n t\u00fcm i\u00e7y\u00fcz\u00fc. Kim nerede hata yapt\u0131? Operasyon konusunda anlat\u0131lanlar\u0131n hangisi do\u011fru? <\/p>\n","protected":false},"excerpt":{"rendered":"<p>Mavi Marmara gemisinde bulunan ve operasyonla ilgili foto\u011fraflar\u0131n\u0131 T\u00fcrkiye\u2019ye getirebilen tek ki\u015fi olan Habert\u00fcrk muhabiri M. \u015eefik Din\u00e7\u2019in kameras\u0131ndan ve kaleminden t\u00fcm ya\u015fananlar. Operasyonun t\u00fcm tedaylar\u0131,<span class=\"excerpt-hellip\"> [\u2026]<\/span><\/p>\n","protected":false},"featured_media":0,"template":"","meta":{"_monsterinsights_skip_tracking":false,"_monsterinsights_sitenote_active":false,"_monsterinsights_sitenote_note":"","_monsterinsights_sitenote_category":0},"product_brand":[],"product_cat":[13059,12337],"product_tag":[],"class_list":{"0":"post-690134","1":"product","2":"type-product","3":"status-publish","5":"product_cat-diger-politika-siyaset","6":"product_cat-politika-siyaset","7":"pa_tur-kitap","8":"pa_yayinevi-kalkedon-yayincilik","9":"pa_yazar-m-sefik-dinc","11":"first","12":"instock","13":"sale","14":"shipping-taxable","15":"purchasable","16":"product-type-simple"},"_links":{"self":[{"href":"https:\/\/roveyayinevi.com.tr\/index.php\/wp-json\/wp\/v2\/product\/690134","targetHints":{"allow":["GET"]}}],"collection":[{"href":"https:\/\/roveyayinevi.com.tr\/index.php\/wp-json\/wp\/v2\/product"}],"about":[{"href":"https:\/\/roveyayinevi.com.tr\/index.php\/wp-json\/wp\/v2\/types\/product"}],"wp:attachment":[{"href":"https:\/\/roveyayinevi.com.tr\/index.php\/wp-json\/wp\/v2\/media?parent=690134"}],"wp:term":[{"taxonomy":"product_brand","embeddable":true,"href":"https:\/\/roveyayinevi.com.tr\/index.php\/wp-json\/wp\/v2\/product_brand?post=690134"},{"taxonomy":"product_cat","embeddable":true,"href":"https:\/\/roveyayinevi.com.tr\/index.php\/wp-json\/wp\/v2\/product_cat?post=690134"},{"taxonomy":"product_tag","embeddable":true,"href":"https:\/\/roveyayinevi.com.tr\/index.php\/wp-json\/wp\/v2\/product_tag?post=690134"}],"curies":[{"name":"wp","href":"https:\/\/api.w.org\/{rel}","templated":true}]}}