{"id":690131,"date":"2025-08-27T13:50:03","date_gmt":"2025-08-27T10:50:03","guid":{"rendered":"https:\/\/roveyayinevi.com.tr\/index.php\/urun\/hacli-seferleri\/"},"modified":"2026-04-16T01:59:48","modified_gmt":"2026-04-15T22:59:48","slug":"hacli-seferleri","status":"publish","type":"product","link":"https:\/\/roveyayinevi.com.tr\/index.php\/urun\/hacli-seferleri\/","title":{"rendered":"Ha\u00e7l\u0131 Seferleri"},"content":{"rendered":"<p>1291\u2019de Akra\u2019n\u0131n d\u0131\u015f\u0131nda y\u00fcz binden fazla adam belirdi. El-E\u015fref beraberinde ba\u015fka sil\u00e2hlar da getirmi\u015fti: Muzaffer ve Hiddetli adl\u0131 iki manc\u0131n\u0131k. \u0130stihk\u00e2mc\u0131lar surlar\u0131 y\u0131kmak i\u00e7in \u00e7al\u0131\u015f\u0131yorlard\u0131 ve i\u00e7erdeki savunmac\u0131lar\u0131n \u00fczerine s\u00fcrekli bir ok ve bomba ya\u011fmuru d\u00fc\u015fmekteydi. Neticede, kahramanca direni\u015fe ra\u011fmen Memluklar yar\u0131p i\u00e7eri girdiler. Giderek daha fazla d\u00fc\u015fman i\u00e7eriye akarken savunmac\u0131lar Tap\u0131nak \u015e\u00f6valyeleri, Hasta Bak\u0131c\u0131lar ve Frenkler yan yana d\u00f6v\u00fc\u015fmekteydiler. \u0130skelelere do\u011fru itiliyorlard\u0131 fakat direni\u015fleri denize a\u00e7\u0131l\u0131p ka\u00e7malar\u0131 i\u00e7in di\u011ferlerine zaman veriyordu. Memluklar i\u015flerini bitirdiklerinde Do\u011funun esir pazarlar\u0131na konulmak \u00fczere hayatta kalm\u0131\u015f \u00e7ok az ki\u015fi vard\u0131. Yine Trablus\u2019ta oldu\u011fu gibi, H\u0131ristiyanlar d\u00f6nmeye kalkarlarsa bir daha asla kullan\u0131lamamas\u0131nda kararl\u0131 olan Kalavun, \u015fehri elinden geldi\u011fince tahrip etti. Bu May\u0131s ay\u0131ndayd\u0131 ve A\u011fustos\u2019un ortas\u0131nda Tir, Sidon, Beyrut ve Hayfa, hepsi d\u00fc\u015fm\u00fc\u015ft\u00fc. Askeri Tarikatlar\u0131n son \u015fatolar\u0131 da bo\u015falt\u0131lm\u0131\u015ft\u0131. Hemen sahilin a\u00e7\u0131\u011f\u0131ndaki k\u00fc\u00e7\u00fck Ruad adas\u0131 \u00fczerindeki Templar \u015eatosu d\u0131\u015f\u0131nda Frenkler Do\u011fu haritas\u0131ndan silinmi\u015flerdi. Ka\u00e7acak kadar \u015fansl\u0131 ve Avrupa\u2019da bir s\u0131\u011f\u0131nak bulamayacak kadar \u015fanss\u0131z olan pek az\u0131 k\u0131sm\u0131 m\u00fclteci olarak K\u0131br\u0131s\u2019\u0131 doldurmu\u015ftu. Hi\u00e7birisi bir daha geri d\u00f6nmeyecekti. <\/p>\n","protected":false},"excerpt":{"rendered":"<p>1291\u2019de Akra\u2019n\u0131n d\u0131\u015f\u0131nda y\u00fcz binden fazla adam belirdi. El-E\u015fref beraberinde ba\u015fka sil\u00e2hlar da getirmi\u015fti: Muzaffer ve Hiddetli adl\u0131 iki manc\u0131n\u0131k. \u0130stihk\u00e2mc\u0131lar surlar\u0131 y\u0131kmak i\u00e7in \u00e7al\u0131\u015f\u0131yorlard\u0131 ve<span class=\"excerpt-hellip\"> [\u2026]<\/span><\/p>\n","protected":false},"featured_media":0,"template":"","meta":{"_monsterinsights_skip_tracking":false,"_monsterinsights_sitenote_active":false,"_monsterinsights_sitenote_note":"","_monsterinsights_sitenote_category":0},"product_brand":[],"product_cat":[12370,12304],"product_tag":[],"class_list":{"0":"post-690131","1":"product","2":"type-product","3":"status-publish","5":"product_cat-arastirma-inceleme","6":"product_cat-tarih","7":"pa_tur-kitap","8":"pa_yayinevi-kalkedon-yayincilik","9":"pa_yazar-mike-paine","11":"first","12":"instock","13":"sale","14":"shipping-taxable","15":"purchasable","16":"product-type-simple"},"_links":{"self":[{"href":"https:\/\/roveyayinevi.com.tr\/index.php\/wp-json\/wp\/v2\/product\/690131","targetHints":{"allow":["GET"]}}],"collection":[{"href":"https:\/\/roveyayinevi.com.tr\/index.php\/wp-json\/wp\/v2\/product"}],"about":[{"href":"https:\/\/roveyayinevi.com.tr\/index.php\/wp-json\/wp\/v2\/types\/product"}],"wp:attachment":[{"href":"https:\/\/roveyayinevi.com.tr\/index.php\/wp-json\/wp\/v2\/media?parent=690131"}],"wp:term":[{"taxonomy":"product_brand","embeddable":true,"href":"https:\/\/roveyayinevi.com.tr\/index.php\/wp-json\/wp\/v2\/product_brand?post=690131"},{"taxonomy":"product_cat","embeddable":true,"href":"https:\/\/roveyayinevi.com.tr\/index.php\/wp-json\/wp\/v2\/product_cat?post=690131"},{"taxonomy":"product_tag","embeddable":true,"href":"https:\/\/roveyayinevi.com.tr\/index.php\/wp-json\/wp\/v2\/product_tag?post=690131"}],"curies":[{"name":"wp","href":"https:\/\/api.w.org\/{rel}","templated":true}]}}