{"id":690117,"date":"2025-08-27T13:50:01","date_gmt":"2025-08-27T10:50:01","guid":{"rendered":"https:\/\/roveyayinevi.com.tr\/index.php\/urun\/gizli-topluluklar\/"},"modified":"2026-04-16T01:59:48","modified_gmt":"2026-04-15T22:59:48","slug":"gizli-topluluklar","status":"publish","type":"product","link":"https:\/\/roveyayinevi.com.tr\/index.php\/urun\/gizli-topluluklar\/","title":{"rendered":"Gizli Topluluklar"},"content":{"rendered":"<p>Gizli topluluklar, insanl\u0131k tarihinde binlerce y\u0131ld\u0131r var oldular.   Gizli topluluk   kavram\u0131, asl\u0131nda, kamuoyunda s\u0131k\u00e7a bir t\u00fcr yanl\u0131\u015f kullan\u0131ma maruz kal\u0131r. Ger\u00e7ekte, bunlar s\u00f6zde s\u0131rlara sahip olmaktan ba\u015fka niteli\u011fe sahip olmayan topluluklard\u0131r, ancak en \u00e7ok dikkati \u00e7eken de i\u015fte bu s\u00f6zde   s\u0131rlard\u0131r  . \u0130nsanlar\u0131n \u00e7o\u011funu rahats\u0131z eden \u015fey, bu organizasyonlar\u0131n belirli toplumsal etkileri ve demokratik s\u00fcre\u00e7le ili\u015fkileridir. Acaba bu t\u00fcr endi\u015feler hakl\u0131 bir gerek\u00e7eye sahip midir? Farmasonlar ger\u00e7ekten d\u00fcnyay\u0131 y\u00f6netmekte midir? E\u011fer \u00f6yleyse, bu, Bilderberg Grubu\u2019nun olaylara bak\u0131\u015f a\u00e7\u0131s\u0131nda nas\u0131l bir zemine oturmaktad\u0131r? Acaba Yeni D\u00fcnya D\u00fczeni fikri Skull and Bones grubunun bir plan\u0131 m\u0131d\u0131r ya da Illuminati\u2019nin tek varolu\u015f sebebi midir? Bunlar\u0131n hepsi d\u00fcnyay\u0131 y\u00f6netmek mi istemektedir? E\u011fer do\u011fruysa, her bir toplulu\u011fun di\u011ferleriyle yer kapma kavgas\u0131na girdi\u011fi gizli ve d\u00fcnya \u00e7ap\u0131nda bir sava\u015f m\u0131 s\u00fcrmektedir? <\/p>\n","protected":false},"excerpt":{"rendered":"<p>Gizli topluluklar, insanl\u0131k tarihinde binlerce y\u0131ld\u0131r var oldular. Gizli topluluk kavram\u0131, asl\u0131nda, kamuoyunda s\u0131k\u00e7a bir t\u00fcr yanl\u0131\u015f kullan\u0131ma maruz kal\u0131r. Ger\u00e7ekte, bunlar s\u00f6zde s\u0131rlara sahip olmaktan<span class=\"excerpt-hellip\"> [\u2026]<\/span><\/p>\n","protected":false},"featured_media":0,"template":"","meta":{"_monsterinsights_skip_tracking":false,"_monsterinsights_sitenote_active":false,"_monsterinsights_sitenote_note":"","_monsterinsights_sitenote_category":0},"product_brand":[],"product_cat":[12370,12304],"product_tag":[],"class_list":{"0":"post-690117","1":"product","2":"type-product","3":"status-publish","5":"product_cat-arastirma-inceleme","6":"product_cat-tarih","7":"pa_tur-kitap","8":"pa_yayinevi-kalkedon-yayincilik","9":"pa_yazar-nick-harding","11":"first","12":"instock","13":"sale","14":"shipping-taxable","15":"purchasable","16":"product-type-simple"},"_links":{"self":[{"href":"https:\/\/roveyayinevi.com.tr\/index.php\/wp-json\/wp\/v2\/product\/690117","targetHints":{"allow":["GET"]}}],"collection":[{"href":"https:\/\/roveyayinevi.com.tr\/index.php\/wp-json\/wp\/v2\/product"}],"about":[{"href":"https:\/\/roveyayinevi.com.tr\/index.php\/wp-json\/wp\/v2\/types\/product"}],"wp:attachment":[{"href":"https:\/\/roveyayinevi.com.tr\/index.php\/wp-json\/wp\/v2\/media?parent=690117"}],"wp:term":[{"taxonomy":"product_brand","embeddable":true,"href":"https:\/\/roveyayinevi.com.tr\/index.php\/wp-json\/wp\/v2\/product_brand?post=690117"},{"taxonomy":"product_cat","embeddable":true,"href":"https:\/\/roveyayinevi.com.tr\/index.php\/wp-json\/wp\/v2\/product_cat?post=690117"},{"taxonomy":"product_tag","embeddable":true,"href":"https:\/\/roveyayinevi.com.tr\/index.php\/wp-json\/wp\/v2\/product_tag?post=690117"}],"curies":[{"name":"wp","href":"https:\/\/api.w.org\/{rel}","templated":true}]}}