{"id":690104,"date":"2025-08-27T13:49:59","date_gmt":"2025-08-27T10:49:59","guid":{"rendered":"https:\/\/roveyayinevi.com.tr\/index.php\/urun\/david-lynch\/"},"modified":"2026-04-16T01:59:47","modified_gmt":"2026-04-15T22:59:47","slug":"david-lynch","status":"publish","type":"product","link":"https:\/\/roveyayinevi.com.tr\/index.php\/urun\/david-lynch\/","title":{"rendered":"David Lynch"},"content":{"rendered":"<p>Ayd\u0131nl\u0131k ve karanl\u0131\u011f\u0131n aras\u0131ndaki s\u0131n\u0131rda, uyumak ve uyanmak aras\u0131nda David Lynch\u2019in d\u00fcnyas\u0131 bulunur. Bu d\u00fcnya; gizemler ve ke\u015fifler, umutlar ve korkularla ve de d\u00fc\u015flemekle dolu hem \u00fcrk\u00fct\u00fcc\u00fc hem de harika bir yerdir; burada d\u00fc\u015fler hi\u00e7 bitmez. David Lynch\u2019in filmleri hem beyazperdenin hem de televizyonun en g\u00f6ze batan g\u00f6r\u00fcnt\u00fclerinin bir\u00e7o\u011funu i\u00e7inde bar\u0131nd\u0131r\u0131r. \u0130leti\u015fim sekt\u00f6r\u00fcnde de yer alan bir sanat\u00e7\u0131 olarak Lynch\u2019in \u00e7al\u0131\u015fmalar\u0131, vasatl\u0131k ve anl\u0131k e\u011filimlerle bo\u011fulmu\u015f olan bir pazarda kendine \u00f6zg\u00fc ve ay\u0131rt edici tek bir d\u00fcnya g\u00f6r\u00fc\u015f\u00fc sunmaktad\u0131r. Bu hali kendisine aralar\u0131nda Palme d\u2019Or, L\u00e9gion d\u2019honneur ve Leone d\u2019Oro (Alt\u0131n Aslan) gibi \u00f6d\u00fcllerinin de bulundu\u011fu kayda de\u011fer \u00f6vg\u00fcler getirmi\u015f olsa da, kaynak yaratma ve destek\u00e7i bulmay\u0131 daha da g\u00fc\u00e7 k\u0131lm\u0131\u015ft\u0131r. Lynch\u2019in seyirciyi kendisine ba\u011flama yetene\u011finin temelinde ise ses ile g\u00f6r\u00fcnt\u00fcn\u00fcn sembiyotik (ortak ya\u015fayan) durumu bulunur. B\u00fct\u00fcn \u00e7al\u0131\u015fmalar\u0131nda ses tasar\u0131m\u0131 genelde g\u00f6r\u00fcnt\u00fcy\u00fc \u00e7evreleyip tamamlayacak bir atmosfer yaratmas\u0131 ya da korku veya merak hissi ortaya koymas\u0131yla \u00f6rnek olacak nitelikte, fakat yine de al\u0131\u015f\u0131lm\u0131\u015f\u0131n d\u0131\u015f\u0131ndad\u0131r. <\/p>\n","protected":false},"excerpt":{"rendered":"<p>Ayd\u0131nl\u0131k ve karanl\u0131\u011f\u0131n aras\u0131ndaki s\u0131n\u0131rda, uyumak ve uyanmak aras\u0131nda David Lynch\u2019in d\u00fcnyas\u0131 bulunur. Bu d\u00fcnya; gizemler ve ke\u015fifler, umutlar ve korkularla ve de d\u00fc\u015flemekle dolu hem<span class=\"excerpt-hellip\"> [\u2026]<\/span><\/p>\n","protected":false},"featured_media":0,"template":"","meta":{"_monsterinsights_skip_tracking":false,"_monsterinsights_sitenote_active":false,"_monsterinsights_sitenote_note":"","_monsterinsights_sitenote_category":0},"product_brand":[],"product_cat":[12409,12408],"product_tag":[],"class_list":{"0":"post-690104","1":"product","2":"type-product","3":"status-publish","5":"product_cat-fotograf-sinema-tiyatro","6":"product_cat-sanat","7":"pa_tur-kitap","8":"pa_yayinevi-kalkedon-yayincilik","9":"pa_yazar-colin-odell","11":"first","12":"instock","13":"sale","14":"shipping-taxable","15":"purchasable","16":"product-type-simple"},"_links":{"self":[{"href":"https:\/\/roveyayinevi.com.tr\/index.php\/wp-json\/wp\/v2\/product\/690104","targetHints":{"allow":["GET"]}}],"collection":[{"href":"https:\/\/roveyayinevi.com.tr\/index.php\/wp-json\/wp\/v2\/product"}],"about":[{"href":"https:\/\/roveyayinevi.com.tr\/index.php\/wp-json\/wp\/v2\/types\/product"}],"wp:attachment":[{"href":"https:\/\/roveyayinevi.com.tr\/index.php\/wp-json\/wp\/v2\/media?parent=690104"}],"wp:term":[{"taxonomy":"product_brand","embeddable":true,"href":"https:\/\/roveyayinevi.com.tr\/index.php\/wp-json\/wp\/v2\/product_brand?post=690104"},{"taxonomy":"product_cat","embeddable":true,"href":"https:\/\/roveyayinevi.com.tr\/index.php\/wp-json\/wp\/v2\/product_cat?post=690104"},{"taxonomy":"product_tag","embeddable":true,"href":"https:\/\/roveyayinevi.com.tr\/index.php\/wp-json\/wp\/v2\/product_tag?post=690104"}],"curies":[{"name":"wp","href":"https:\/\/api.w.org\/{rel}","templated":true}]}}