{"id":690102,"date":"2025-08-27T13:49:58","date_gmt":"2025-08-27T10:49:58","guid":{"rendered":"https:\/\/roveyayinevi.com.tr\/index.php\/urun\/charlie-kaufman-ve-hollywoodun-neseli-afacanlar-fabulistler-ve-hayalperestler-takimi\/"},"modified":"2026-04-16T01:59:47","modified_gmt":"2026-04-15T22:59:47","slug":"charlie-kaufman-ve-hollywoodun-neseli-afacanlar-fabulistler-ve-hayalperestler-takimi","status":"publish","type":"product","link":"https:\/\/roveyayinevi.com.tr\/index.php\/urun\/charlie-kaufman-ve-hollywoodun-neseli-afacanlar-fabulistler-ve-hayalperestler-takimi\/","title":{"rendered":"Charlie Kaufman ve Hollywood\u2019un Ne\u015feli Afacanlar, Fabulistler ve Hayalperestler Tak\u0131m\u0131"},"content":{"rendered":"<p>Ger\u00e7ekten hi\u00e7bir \u00e7\u00f6z\u00fcm\u00fcm yok ve \u00e7\u00f6z\u00fcm getiren filmlerden ho\u015flanmam. \u0130nsanlar\u0131n \u00fczerinde d\u00fc\u015f\u00fcnebilecekleri durumlar yaratmak istiyorum. Yapman\u0131z gereken ilk \u015feyin, kendinizi sevmeyi \u00f6\u011frenmek oldu\u011funu s\u00f6yleyerek biten bir filmden nefret ederim. Bu son derece a\u015fa\u011f\u0131lay\u0131c\u0131, k\u00fc\u00e7\u00fcmseyici ve ayn\u0131 zamanda olduk\u00e7a anlams\u0131z. Benim karakterlerim, birbirlerini ya da kendilerini sevmeyi \u00f6\u011frenmezler.  -Charlie Kaufman- Yeni bir ak\u0131mdan beklenen her \u015feydir: tahrip edici, geli\u015fmi\u015f, bizleri hem teknikle hem de fikirlerle k\u0131\u015fk\u0131rtan, engelleri y\u0131kacak kadar cesaretli ve istekli. \u0130lerici bir ger\u00e7ek ak\u0131m, daha \u00f6nceki sanat\u00e7\u0131lar\u0131n ortaya koydu\u011fu tarz sahibi geli\u015fimleri asla kasten taklit etmezdi. Kendi estetik yolunu \u00e7izmeden asla el koymaz, ayr\u0131nt\u0131lar eklemez, adi bir bi\u00e7imde taklit etmez ya da bilin\u00e7sizce kopyalamazd\u0131. Bu kitaptaki t\u00fcm film yap\u0131mc\u0131lar\u0131 stat\u00fckoyu sorgulamaktad\u0131r ve bir\u00e7o\u011fu bunu Hollywood kurumunun i\u00e7ine k\u00f6k salm\u0131\u015fken ya da en az\u0131ndan Linklater gibi, i\u00e7eride rastgele bir mesle\u011fi varken, kurumun kap\u0131s\u0131n\u0131n hemen \u00f6n\u00fcnde yapm\u0131\u015ft\u0131r. Asl\u0131nda kolay olan\u0131n bu olmas\u0131 gerekirken, bu film yap\u0131mc\u0131lar\u0131ndan hi\u00e7biri asla ukala olmam\u0131\u015ft\u0131r. St\u00fcdyolar, bu film yap\u0131mc\u0131lar\u0131n\u0131n kendilerine \u00f6zg\u00fc vizyonlar\u0131na kar\u015f\u0131 hat\u0131r\u0131 say\u0131l\u0131r derecede anlay\u0131\u015fl\u0131 davran\u0131rken, ayn\u0131 zamanda bu yarat\u0131c\u0131lardan baz\u0131lar\u0131, \u015fi\u015fen b\u00fct\u00e7eleri, egolar\u0131 ve riskleriyle birlikte filmler yapmaya kalk\u0131\u015ft\u0131\u011f\u0131nda, pek \u00e7ok problem de ortaya \u00e7\u0131km\u0131\u015ft\u0131r; akla hemen gelenler; David O. Russell\u2019\u0131n Three Kings (1999) filmi, Wes Anderson\u2019\u0131n The Life Aquatic with Steve Zissou (2004) filmi ve Sofia Coppola\u2019n\u0131n Marie Antoinette (2006) filmleridir. <\/p>\n","protected":false},"excerpt":{"rendered":"<p>Ger\u00e7ekten hi\u00e7bir \u00e7\u00f6z\u00fcm\u00fcm yok ve \u00e7\u00f6z\u00fcm getiren filmlerden ho\u015flanmam. \u0130nsanlar\u0131n \u00fczerinde d\u00fc\u015f\u00fcnebilecekleri durumlar yaratmak istiyorum. Yapman\u0131z gereken ilk \u015feyin, kendinizi sevmeyi \u00f6\u011frenmek oldu\u011funu s\u00f6yleyerek biten bir<span class=\"excerpt-hellip\"> [\u2026]<\/span><\/p>\n","protected":false},"featured_media":0,"template":"","meta":{"_monsterinsights_skip_tracking":false,"_monsterinsights_sitenote_active":false,"_monsterinsights_sitenote_note":"","_monsterinsights_sitenote_category":0},"product_brand":[],"product_cat":[12409,12408],"product_tag":[],"class_list":{"0":"post-690102","1":"product","2":"type-product","3":"status-publish","5":"product_cat-fotograf-sinema-tiyatro","6":"product_cat-sanat","7":"pa_tur-kitap","8":"pa_yayinevi-kalkedon-yayincilik","9":"pa_yazar-derek-hill","11":"first","12":"instock","13":"sale","14":"shipping-taxable","15":"purchasable","16":"product-type-simple"},"_links":{"self":[{"href":"https:\/\/roveyayinevi.com.tr\/index.php\/wp-json\/wp\/v2\/product\/690102","targetHints":{"allow":["GET"]}}],"collection":[{"href":"https:\/\/roveyayinevi.com.tr\/index.php\/wp-json\/wp\/v2\/product"}],"about":[{"href":"https:\/\/roveyayinevi.com.tr\/index.php\/wp-json\/wp\/v2\/types\/product"}],"wp:attachment":[{"href":"https:\/\/roveyayinevi.com.tr\/index.php\/wp-json\/wp\/v2\/media?parent=690102"}],"wp:term":[{"taxonomy":"product_brand","embeddable":true,"href":"https:\/\/roveyayinevi.com.tr\/index.php\/wp-json\/wp\/v2\/product_brand?post=690102"},{"taxonomy":"product_cat","embeddable":true,"href":"https:\/\/roveyayinevi.com.tr\/index.php\/wp-json\/wp\/v2\/product_cat?post=690102"},{"taxonomy":"product_tag","embeddable":true,"href":"https:\/\/roveyayinevi.com.tr\/index.php\/wp-json\/wp\/v2\/product_tag?post=690102"}],"curies":[{"name":"wp","href":"https:\/\/api.w.org\/{rel}","templated":true}]}}