{"id":690090,"date":"2025-08-27T13:49:56","date_gmt":"2025-08-27T10:49:56","guid":{"rendered":"https:\/\/roveyayinevi.com.tr\/index.php\/urun\/iyi-ki-varsin\/"},"modified":"2026-04-16T01:59:47","modified_gmt":"2026-04-15T22:59:47","slug":"iyi-ki-varsin","status":"publish","type":"product","link":"https:\/\/roveyayinevi.com.tr\/index.php\/urun\/iyi-ki-varsin\/","title":{"rendered":"\u0130yi ki Vars\u0131n!"},"content":{"rendered":"<p>Bu e\u011flenceli kitap, karde\u015fli\u011fin ne kadar \u00f6zel bir ba\u011f oldu\u011funu anlat\u0131yor. B\u00fcy\u00fckler her zaman k\u00fc\u00e7\u00fcklerin kahraman\u0131d\u0131r, k\u00fc\u00e7\u00fckler ise b\u00fcy\u00fcklerin de\u011ferlisi. \u0130yi ki karde\u015flerimiz var. <\/p>\n","protected":false},"excerpt":{"rendered":"<p>Bu e\u011flenceli kitap, karde\u015fli\u011fin ne kadar \u00f6zel bir ba\u011f oldu\u011funu anlat\u0131yor. B\u00fcy\u00fckler her zaman k\u00fc\u00e7\u00fcklerin kahraman\u0131d\u0131r, k\u00fc\u00e7\u00fckler ise b\u00fcy\u00fcklerin de\u011ferlisi. \u0130yi ki karde\u015flerimiz var.<\/p>\n","protected":false},"featured_media":0,"template":"","meta":{"_monsterinsights_skip_tracking":false,"_monsterinsights_sitenote_active":false,"_monsterinsights_sitenote_note":"","_monsterinsights_sitenote_category":0},"product_brand":[],"product_cat":[15192,12274],"product_tag":[],"class_list":{"0":"post-690090","1":"product","2":"type-product","3":"status-publish","5":"product_cat-1-3-yas-kitaplari","6":"product_cat-cocuk-ve-genclik-kitaplari","7":"pa_cilt-ciltsiz","8":"pa_tur-kitap","9":"pa_yayinevi-is-bankasi-kultur-yayinlari","10":"pa_yazar-gillian-shields","12":"first","13":"instock","14":"sale","15":"shipping-taxable","16":"purchasable","17":"product-type-simple"},"_links":{"self":[{"href":"https:\/\/roveyayinevi.com.tr\/index.php\/wp-json\/wp\/v2\/product\/690090","targetHints":{"allow":["GET"]}}],"collection":[{"href":"https:\/\/roveyayinevi.com.tr\/index.php\/wp-json\/wp\/v2\/product"}],"about":[{"href":"https:\/\/roveyayinevi.com.tr\/index.php\/wp-json\/wp\/v2\/types\/product"}],"wp:attachment":[{"href":"https:\/\/roveyayinevi.com.tr\/index.php\/wp-json\/wp\/v2\/media?parent=690090"}],"wp:term":[{"taxonomy":"product_brand","embeddable":true,"href":"https:\/\/roveyayinevi.com.tr\/index.php\/wp-json\/wp\/v2\/product_brand?post=690090"},{"taxonomy":"product_cat","embeddable":true,"href":"https:\/\/roveyayinevi.com.tr\/index.php\/wp-json\/wp\/v2\/product_cat?post=690090"},{"taxonomy":"product_tag","embeddable":true,"href":"https:\/\/roveyayinevi.com.tr\/index.php\/wp-json\/wp\/v2\/product_tag?post=690090"}],"curies":[{"name":"wp","href":"https:\/\/api.w.org\/{rel}","templated":true}]}}