{"id":690083,"date":"2025-08-27T13:49:55","date_gmt":"2025-08-27T10:49:55","guid":{"rendered":"https:\/\/roveyayinevi.com.tr\/index.php\/urun\/zincire-vurulmus-prometheus\/"},"modified":"2026-04-16T01:59:47","modified_gmt":"2026-04-15T22:59:47","slug":"zincire-vurulmus-prometheus","status":"publish","type":"product","link":"https:\/\/roveyayinevi.com.tr\/index.php\/urun\/zincire-vurulmus-prometheus\/","title":{"rendered":"Zincire Vurulmu\u015f Prometheus"},"content":{"rendered":"<p>Aiskhylos (M\u00d6 525?-456): Eski Yunan&#8217;\u0131n en \u00f6nemli tragedya yazarlar\u0131ndand\u0131r. Mitolojik konular\u0131n hemen hemen hepsini eserlerinde i\u015flemi\u015ftir. Yazd\u0131\u011f\u0131 90 tragedyadan sadece 7 tanesi g\u00fcn\u00fcm\u00fcze kalm\u0131\u015ft\u0131r. Aiskhylos \u00f6zellikle adaletin gereklili\u011fi \u00fczerinde durmu\u015f, eserlerinin \u00e7o\u011funda hak meselesini konunun a\u011f\u0131rl\u0131k merkezine yerle\u015ftirmi\u015ftir. Zincire Vurulmu\u015f Prometheus&#8217;da da farkl\u0131 ku\u015faklardan tanr\u0131lar aras\u0131ndaki anla\u015fmazl\u0131\u011f\u0131 ele alm\u0131\u015ft\u0131r. Tragedyan\u0131n kahraman\u0131 Olympos tanr\u0131lar\u0131na ba\u015fkald\u0131ran titan Prometheus ate\u015fi tanr\u0131lardan \u00e7alm\u0131\u015f ve insanlara vermi\u015f, tanr\u0131lar\u0131n kurmu\u015f oldu\u011fu d\u00fczene kar\u015f\u0131 geldi\u011fi i\u00e7in zincire vurulmu\u015ftur. Aiskhylos bu tragedyas\u0131nda ak\u0131l g\u00fcc\u00fcn\u00fcn kaba kuvvete \u00fcst\u00fcnl\u00fc\u011f\u00fcn\u00fc, akla ve \u00f6zg\u00fcr d\u00fc\u015f\u00fcnceye verilmesi gereken \u00f6nemi vurgulam\u0131\u015ft\u0131r. Azra Erhat (1915-1982): Hasan \u00c2li Y\u00fccel&#8217;in kurdu\u011fu Terc\u00fcme B\u00fcrosu&#8217;nun en \u00f6nemli \u00e7evirmenlerinden ve Mavi Uygarl\u0131k hareketinin en etkin \u00fcyelerinden biridir. Ortakla\u015fa yapt\u0131\u011f\u0131 Homeros ve Hesiodos \u00e7evirilerinin yan\u0131 s\u0131ra, dilimize telif bir Mitoloji S\u00f6zl\u00fc\u011f\u00fc de kazand\u0131rm\u0131\u015ft\u0131r. Sabahattin Ey\u00fcbo\u011flu (1909-1973): Terc\u00fcme B\u00fcrosu&#8217;nda g\u00f6rev ald\u0131. \u0130\u00dc Edebiyat Fak\u00fcltesi&#8217;nde Frans\u0131z Dili ve Edebiyat\u0131 b\u00f6l\u00fcm\u00fcnde \u00f6\u011fretim \u00fcyesi olarak \u00e7al\u0131\u015ft\u0131. K\u00f6y Enstit\u00fclerinde dersler verdi. Yazd\u0131\u011f\u0131 pek \u00e7ok kitab\u0131n yan\u0131 s\u0131ra Shakespeare, Montaigne, Platon, Hayyam gibi pek \u00e7ok \u00f6nemli yazar ve d\u00fc\u015f\u00fcn\u00fcr\u00fcn eserlerini \u00e7evirdi. \ufffcTan\u0131t\u0131m Metni<\/p>\n","protected":false},"excerpt":{"rendered":"<p>Aiskhylos (M\u00d6 525?-456): Eski Yunan&#8217;\u0131n en \u00f6nemli tragedya yazarlar\u0131ndand\u0131r. Mitolojik konular\u0131n hemen hemen hepsini eserlerinde i\u015flemi\u015ftir. Yazd\u0131\u011f\u0131 90 tragedyadan sadece 7 tanesi g\u00fcn\u00fcm\u00fcze kalm\u0131\u015ft\u0131r. Aiskhylos \u00f6zellikle<span class=\"excerpt-hellip\"> [\u2026]<\/span><\/p>\n","protected":false},"featured_media":0,"template":"","meta":{"_monsterinsights_skip_tracking":false,"_monsterinsights_sitenote_active":false,"_monsterinsights_sitenote_note":"","_monsterinsights_sitenote_category":0},"product_brand":[],"product_cat":[12388,14717],"product_tag":[],"class_list":{"0":"post-690083","1":"product","2":"type-product","3":"status-publish","5":"product_cat-felsefe","6":"product_cat-felsefe-tarihi","7":"pa_cilt-ciltsiz","8":"pa_tur-kitap","9":"pa_yayinevi-is-bankasi-kultur-yayinlari","10":"pa_yazar-aiskhylos","12":"first","13":"instock","14":"sale","15":"shipping-taxable","16":"purchasable","17":"product-type-simple"},"_links":{"self":[{"href":"https:\/\/roveyayinevi.com.tr\/index.php\/wp-json\/wp\/v2\/product\/690083","targetHints":{"allow":["GET"]}}],"collection":[{"href":"https:\/\/roveyayinevi.com.tr\/index.php\/wp-json\/wp\/v2\/product"}],"about":[{"href":"https:\/\/roveyayinevi.com.tr\/index.php\/wp-json\/wp\/v2\/types\/product"}],"wp:attachment":[{"href":"https:\/\/roveyayinevi.com.tr\/index.php\/wp-json\/wp\/v2\/media?parent=690083"}],"wp:term":[{"taxonomy":"product_brand","embeddable":true,"href":"https:\/\/roveyayinevi.com.tr\/index.php\/wp-json\/wp\/v2\/product_brand?post=690083"},{"taxonomy":"product_cat","embeddable":true,"href":"https:\/\/roveyayinevi.com.tr\/index.php\/wp-json\/wp\/v2\/product_cat?post=690083"},{"taxonomy":"product_tag","embeddable":true,"href":"https:\/\/roveyayinevi.com.tr\/index.php\/wp-json\/wp\/v2\/product_tag?post=690083"}],"curies":[{"name":"wp","href":"https:\/\/api.w.org\/{rel}","templated":true}]}}