{"id":690080,"date":"2025-08-27T13:49:54","date_gmt":"2025-08-27T10:49:54","guid":{"rendered":"https:\/\/roveyayinevi.com.tr\/index.php\/urun\/masonlarin-101-sirri\/"},"modified":"2026-04-16T01:59:47","modified_gmt":"2026-04-15T22:59:47","slug":"masonlarin-101-sirri","status":"publish","type":"product","link":"https:\/\/roveyayinevi.com.tr\/index.php\/urun\/masonlarin-101-sirri\/","title":{"rendered":"Masonlar\u0131n 101 S\u0131rr\u0131"},"content":{"rendered":"<p>Bu e\u011flenceli ve bilgilendirici kitap, genel okuyucu kitlesine H\u00fcr Masonlar ile \u00f6\u011frenmek istedikleri ilgili b\u00fct\u00fcn ger\u00e7ekleri sunuyor. Barb Karg, ilk olarak duvar ustalar\u0131ndan olu\u015fan ve   Zanaatk\u00e2rlar   olarak an\u0131lan Masonlar\u0131n varolu\u015f gelene\u011fini ku\u015fbak\u0131\u015f\u0131 a\u00e7\u0131dan ele alm\u0131\u015f ve etkileyici bir dizi temel bilginin yan\u0131 s\u0131ra onlar hakk\u0131nda ortaya at\u0131lan bir tak\u0131m ilgi \u00e7ekici iddialar\u0131 da, canl\u0131 ve ne\u015feli bir tav\u0131rla, tek bir cilt alt\u0131nda bir araya getirmi\u015ftir. <\/p>\n","protected":false},"excerpt":{"rendered":"<p>Bu e\u011flenceli ve bilgilendirici kitap, genel okuyucu kitlesine H\u00fcr Masonlar ile \u00f6\u011frenmek istedikleri ilgili b\u00fct\u00fcn ger\u00e7ekleri sunuyor. Barb Karg, ilk olarak duvar ustalar\u0131ndan olu\u015fan ve Zanaatk\u00e2rlar<span class=\"excerpt-hellip\"> [\u2026]<\/span><\/p>\n","protected":false},"featured_media":0,"template":"","meta":{"_monsterinsights_skip_tracking":false,"_monsterinsights_sitenote_active":false,"_monsterinsights_sitenote_note":"","_monsterinsights_sitenote_category":0},"product_brand":[],"product_cat":[12346,12337],"product_tag":[],"class_list":{"0":"post-690080","1":"product","2":"type-product","3":"status-publish","5":"product_cat-derin-siyaset-komplo-teorileri","6":"product_cat-politika-siyaset","7":"pa_tur-kitap","8":"pa_yayinevi-kalkedon-yayincilik","9":"pa_yazar-barb-karg","11":"first","12":"instock","13":"sale","14":"shipping-taxable","15":"purchasable","16":"product-type-simple"},"_links":{"self":[{"href":"https:\/\/roveyayinevi.com.tr\/index.php\/wp-json\/wp\/v2\/product\/690080","targetHints":{"allow":["GET"]}}],"collection":[{"href":"https:\/\/roveyayinevi.com.tr\/index.php\/wp-json\/wp\/v2\/product"}],"about":[{"href":"https:\/\/roveyayinevi.com.tr\/index.php\/wp-json\/wp\/v2\/types\/product"}],"wp:attachment":[{"href":"https:\/\/roveyayinevi.com.tr\/index.php\/wp-json\/wp\/v2\/media?parent=690080"}],"wp:term":[{"taxonomy":"product_brand","embeddable":true,"href":"https:\/\/roveyayinevi.com.tr\/index.php\/wp-json\/wp\/v2\/product_brand?post=690080"},{"taxonomy":"product_cat","embeddable":true,"href":"https:\/\/roveyayinevi.com.tr\/index.php\/wp-json\/wp\/v2\/product_cat?post=690080"},{"taxonomy":"product_tag","embeddable":true,"href":"https:\/\/roveyayinevi.com.tr\/index.php\/wp-json\/wp\/v2\/product_tag?post=690080"}],"curies":[{"name":"wp","href":"https:\/\/api.w.org\/{rel}","templated":true}]}}