{"id":690074,"date":"2025-08-27T13:49:53","date_gmt":"2025-08-27T10:49:53","guid":{"rendered":"https:\/\/roveyayinevi.com.tr\/index.php\/urun\/oltadaki-balik-turkiye\/"},"modified":"2026-04-16T01:59:46","modified_gmt":"2026-04-15T22:59:46","slug":"oltadaki-balik-turkiye","status":"publish","type":"product","link":"https:\/\/roveyayinevi.com.tr\/index.php\/urun\/oltadaki-balik-turkiye\/","title":{"rendered":"Oltadaki Bal\u0131k T\u00fcrkiye"},"content":{"rendered":"<p>&#8220;Devletimizin temelindeki ilk har\u00e7, ba\u011f\u0131ms\u0131zl\u0131k bilincidir. Bu bilin\u00e7 nas\u0131l yok edilmi\u015f? \u0130\u015fte bunun yan\u0131tlar\u0131n\u0131 veriyor Emin De\u011fer. Bu ger\u00e7ekler sadece ge\u00e7mi\u015f olaylar\u0131 de\u011fil, ileride ya\u015fayaca\u011f\u0131m\u0131z CIA damgal\u0131 oyunlar\u0131 da sergilemektedir.&#8221;- U\u011fur Mumcu&#8221;Emin De\u011fer&#8217;i CIA, Kontrgerilla ve T\u00fcrkiye adl\u0131 kitab\u0131ndan hat\u0131rlayacaks\u0131n\u0131z. Yeni eseri Oltadaki Bal\u0131k T\u00fcrkiye, bir batakl\u0131\u011fa saplan\u0131\u015f\u0131n \u00f6yk\u00fcs\u00fc. B\u00fcy\u00fck bir ilgiyle, ama yine de h\u00fcz\u00fcnle okuyorsunuz. \u00c7\u00fcnk\u00fc Emin De\u011fer, o heng\u00e2mede aymazl\u0131klar\u0131, yer yer ihanetleri de sergiliyor. &#8216;Bu kadar\u0131 da olmaz&#8217; diyorsunuz; olmu\u015f ama!&#8221;- Server Tanilli&#8221;T\u00fcrkiye nas\u0131l &#8216;oltadaki&#8217; oluyor? Bu ne bi\u00e7im benzetmedir?.. Benzetme, kitab\u0131n yazar\u0131 Emin De\u011fer&#8217;in de\u011fil, b\u00fct\u00fcn d\u00fcnyan\u0131n ad\u0131n\u0131 bildi\u011fi bir Amerikal\u0131&#8217;n\u0131n, Nelson A. Rockefeller&#8217;\u0131n&#8230; ABD Ba\u015fkan\u0131 Eisenhower&#8217;a yazd\u0131\u011f\u0131 bir mektupta Rockefeller, bu benzetmeye ba\u015fvuruyor&#8230; Bilin\u00e7sizli\u011fin k\u00f6r g\u00fcd\u00fcs\u00fcnde benli\u011fini d\u0131\u015f g\u00fcd\u00fcme teslim etmi\u015f bir toplum d\u00fczeyindeyiz. \u0130nanmayan, Oltadaki Bal\u0131k T\u00fcrkiye&#8217;yi okusun.&#8221;- \u0130lhan Sel\u00e7uk&#8221;Emin De\u011fer, Mill\u00ee Savunma Bakanl\u0131\u011f\u0131 Hukuk Dan\u0131\u015fmanl\u0131\u011f\u0131 gibi yetkili koltuklardan yabanc\u0131larla olan ili\u015fkilerimizi yak\u0131ndan izleyebilmi\u015f ve bir T\u00fcrk Subay\u0131&#8217;na yara\u015f\u0131r bi\u00e7imde tepki g\u00f6stermesini bilmi\u015ftir.&#8221;- T\u00fcrkkaya Ata\u00f6v<\/p>\n","protected":false},"excerpt":{"rendered":"<p>&#8220;Devletimizin temelindeki ilk har\u00e7, ba\u011f\u0131ms\u0131zl\u0131k bilincidir. Bu bilin\u00e7 nas\u0131l yok edilmi\u015f? \u0130\u015fte bunun yan\u0131tlar\u0131n\u0131 veriyor Emin De\u011fer. Bu ger\u00e7ekler sadece ge\u00e7mi\u015f olaylar\u0131 de\u011fil, ileride ya\u015fayaca\u011f\u0131m\u0131z CIA<span class=\"excerpt-hellip\"> [\u2026]<\/span><\/p>\n","protected":false},"featured_media":0,"template":"","meta":{"_monsterinsights_skip_tracking":false,"_monsterinsights_sitenote_active":false,"_monsterinsights_sitenote_note":"","_monsterinsights_sitenote_category":0},"product_brand":[],"product_cat":[12304,13493],"product_tag":[],"class_list":{"0":"post-690074","1":"product","2":"type-product","3":"status-publish","5":"product_cat-tarih","6":"product_cat-turkiye-ve-cumhuriyet-tarihi","7":"pa_cilt-ciltsiz","8":"pa_tur-kitap","9":"pa_yayinevi-kilit-yayinevi","10":"pa_yazar-m-emin-deger","12":"first","13":"instock","14":"sale","15":"shipping-taxable","16":"purchasable","17":"product-type-simple"},"_links":{"self":[{"href":"https:\/\/roveyayinevi.com.tr\/index.php\/wp-json\/wp\/v2\/product\/690074","targetHints":{"allow":["GET"]}}],"collection":[{"href":"https:\/\/roveyayinevi.com.tr\/index.php\/wp-json\/wp\/v2\/product"}],"about":[{"href":"https:\/\/roveyayinevi.com.tr\/index.php\/wp-json\/wp\/v2\/types\/product"}],"wp:attachment":[{"href":"https:\/\/roveyayinevi.com.tr\/index.php\/wp-json\/wp\/v2\/media?parent=690074"}],"wp:term":[{"taxonomy":"product_brand","embeddable":true,"href":"https:\/\/roveyayinevi.com.tr\/index.php\/wp-json\/wp\/v2\/product_brand?post=690074"},{"taxonomy":"product_cat","embeddable":true,"href":"https:\/\/roveyayinevi.com.tr\/index.php\/wp-json\/wp\/v2\/product_cat?post=690074"},{"taxonomy":"product_tag","embeddable":true,"href":"https:\/\/roveyayinevi.com.tr\/index.php\/wp-json\/wp\/v2\/product_tag?post=690074"}],"curies":[{"name":"wp","href":"https:\/\/api.w.org\/{rel}","templated":true}]}}