{"id":690064,"date":"2025-08-27T13:49:52","date_gmt":"2025-08-27T10:49:52","guid":{"rendered":"https:\/\/roveyayinevi.com.tr\/index.php\/urun\/uc-tarz-i-siyaset\/"},"modified":"2026-04-16T01:59:46","modified_gmt":"2026-04-15T22:59:46","slug":"uc-tarz-i-siyaset","status":"publish","type":"product","link":"https:\/\/roveyayinevi.com.tr\/index.php\/urun\/uc-tarz-i-siyaset\/","title":{"rendered":"\u00dc\u00e7 Tarz-\u0131 Siyaset"},"content":{"rendered":"<p>Osmanl\u0131 Devleti\u2019nin y\u0131k\u0131l\u0131\u015f s\u00fcrecinde bir\u00e7ok ayd\u0131n, devleti ve milleti kurtaracak de\u011fi\u015fik fikirler arama ba\u015flad\u0131lar. Ortaya bir \u00e7ok g\u00f6r\u00fc\u015f ve farkl\u0131 \u00e7\u00f6z\u00fcm \u00f6nerileri sunuluyor, bunlar ayd\u0131nlar aras\u0131nda tart\u0131\u015f\u0131l\u0131yordu. Ancak bu g\u00f6r\u00fc\u015f ve \u00f6neriler aras\u0131nda Yusuf Ak\u00e7ura\u2019n\u0131n \u2018\u2019\u00dc\u00e7 Tarz-\u0131 Siyaset\u2019\u2019 adl\u0131 makalesi fazlaca \u00f6ne \u00e7\u0131km\u0131\u015f ve b\u00fcy\u00fck \u00f6nem kazanm\u0131\u015ft\u0131.Bu kitap Yusuf Ak\u00e7ura\u2019n\u0131n bundan bir as\u0131r \u00f6nce ortaya koydu\u011fu fikir ak\u0131m\u0131 olan \u00dc\u00e7 Tarz-\u0131 Siyaset\u2019in yani Osmanl\u0131c\u0131l\u0131k, \u0130slamc\u0131l\u0131k ve T\u00fcrk\u00e7\u00fcl\u00fc\u011f\u00fcn tam metnidir. Bu fikir ak\u0131m\u0131n\u0131 gen\u00e7 nesillere aktarabilmek g\u00fcn\u00fcm\u00fczde \u00fclkemizin i\u00e7inde bulundu\u011fu sosyal, k\u00fclt\u00fcrel ve siyasal sorunlar\u0131n tarihsel nedenlerine \u0131\u015f\u0131k tutabilmek amac\u0131yla \u00e7ok b\u00fcy\u00fck \u00f6nem ta\u015f\u0131maktad\u0131r. <\/p>\n","protected":false},"excerpt":{"rendered":"<p>Osmanl\u0131 Devleti\u2019nin y\u0131k\u0131l\u0131\u015f s\u00fcrecinde bir\u00e7ok ayd\u0131n, devleti ve milleti kurtaracak de\u011fi\u015fik fikirler arama ba\u015flad\u0131lar. Ortaya bir \u00e7ok g\u00f6r\u00fc\u015f ve farkl\u0131 \u00e7\u00f6z\u00fcm \u00f6nerileri sunuluyor, bunlar ayd\u0131nlar aras\u0131nda<span class=\"excerpt-hellip\"> [\u2026]<\/span><\/p>\n","protected":false},"featured_media":0,"template":"","meta":{"_monsterinsights_skip_tracking":false,"_monsterinsights_sitenote_active":false,"_monsterinsights_sitenote_note":"","_monsterinsights_sitenote_category":0},"product_brand":[],"product_cat":[12304,13493],"product_tag":[],"class_list":{"0":"post-690064","1":"product","2":"type-product","3":"status-publish","5":"product_cat-tarih","6":"product_cat-turkiye-ve-cumhuriyet-tarihi","7":"pa_cilt-ciltsiz","8":"pa_tur-kitap","9":"pa_yayinevi-kilit-yayinevi","10":"pa_yazar-yusuf-akcura","12":"first","13":"instock","14":"sale","15":"shipping-taxable","16":"purchasable","17":"product-type-simple"},"_links":{"self":[{"href":"https:\/\/roveyayinevi.com.tr\/index.php\/wp-json\/wp\/v2\/product\/690064","targetHints":{"allow":["GET"]}}],"collection":[{"href":"https:\/\/roveyayinevi.com.tr\/index.php\/wp-json\/wp\/v2\/product"}],"about":[{"href":"https:\/\/roveyayinevi.com.tr\/index.php\/wp-json\/wp\/v2\/types\/product"}],"wp:attachment":[{"href":"https:\/\/roveyayinevi.com.tr\/index.php\/wp-json\/wp\/v2\/media?parent=690064"}],"wp:term":[{"taxonomy":"product_brand","embeddable":true,"href":"https:\/\/roveyayinevi.com.tr\/index.php\/wp-json\/wp\/v2\/product_brand?post=690064"},{"taxonomy":"product_cat","embeddable":true,"href":"https:\/\/roveyayinevi.com.tr\/index.php\/wp-json\/wp\/v2\/product_cat?post=690064"},{"taxonomy":"product_tag","embeddable":true,"href":"https:\/\/roveyayinevi.com.tr\/index.php\/wp-json\/wp\/v2\/product_tag?post=690064"}],"curies":[{"name":"wp","href":"https:\/\/api.w.org\/{rel}","templated":true}]}}