{"id":690063,"date":"2025-08-27T13:49:51","date_gmt":"2025-08-27T10:49:51","guid":{"rendered":"https:\/\/roveyayinevi.com.tr\/index.php\/urun\/turkiyede-mezhepler-ve-tarikatler\/"},"modified":"2026-04-16T01:59:46","modified_gmt":"2026-04-15T22:59:46","slug":"turkiyede-mezhepler-ve-tarikatler","status":"publish","type":"product","link":"https:\/\/roveyayinevi.com.tr\/index.php\/urun\/turkiyede-mezhepler-ve-tarikatler\/","title":{"rendered":"T\u00fcrkiye\u2019de Mezhepler ve Tarikatler"},"content":{"rendered":"<p>\u00dcnl\u00fc bilgin Abd\u00fclbaki G\u00f6lp\u0131narl\u0131, bu kitap i\u00e7in yazd\u0131\u011f\u0131 Sunu ta \u015f\u00f6yle diyor: T\u00fcrkiye\u2019de Mezhepler ve Tarikatler, mezheplerin meydana geli\u015findeki dini, siyasi, i\u00e7timai sebepler, ferdi menfaati k\u00f6r\u00fckleyen s\u00f6m\u00fcrgen siyasetin, son y\u00fczy\u0131llara kadar kurdu\u011fu mezhepler, hatta mezhep alt\u0131nda dinler; hem de uyanlar\u0131na koyun demekten \u00e7ekinmeyen, uyanlara, koyunlu\u011fu seve seve kabul ettiren d\u0131\u015f ve yabanc\u0131 s\u00f6m\u00fcrgenlerin korudu\u011fu uydurma dinler. Tasavvufun b\u00fcnyele\u015fmesi, tarikatlerin kurulu\u015fu, tarikatler, tarikatler, tarikatler&#8230; Bir de\u011fil, on de\u011fil, y\u00fcz de\u011fil; tarikatler, tarikatlerin kollar\u0131, kollar\u0131n\u0131n kollar\u0131. \u0130zahlarda ana kaynaklara dayanmak, onlar\u0131 incelemek, ele\u015ftirmek, de\u011ferlendirmek ve h\u00fck\u00fcmlerde tarafs\u0131z kalmak. Ger\u00e7ekten de bu, \u00e7ok g\u00fc\u00e7 bir i\u015fti. Bu g\u00fc\u00e7 i\u015fi ba\u015farmaya u\u011fra\u015ft\u0131k; san\u0131r\u0131m ki ba\u015fard\u0131k da&#8230; Bu kitapta, \u0130slam mezheplerini, bu mezheplerin T\u00fcrkiye\u2019deki geli\u015fimini, sosyal ve ekonomik hayattaki rollerini, tarikatlerin insani, yahut ba\u011fnaz y\u00f6nlerini ad\u0131m ad\u0131m izleyeceksiniz kan\u0131s\u0131nday\u0131z. \ufffcTan\u0131t\u0131m Metni<\/p>\n","protected":false},"excerpt":{"rendered":"<p>\u00dcnl\u00fc bilgin Abd\u00fclbaki G\u00f6lp\u0131narl\u0131, bu kitap i\u00e7in yazd\u0131\u011f\u0131 Sunu ta \u015f\u00f6yle diyor: T\u00fcrkiye\u2019de Mezhepler ve Tarikatler, mezheplerin meydana geli\u015findeki dini, siyasi, i\u00e7timai sebepler, ferdi menfaati k\u00f6r\u00fckleyen<span class=\"excerpt-hellip\"> [\u2026]<\/span><\/p>\n","protected":false},"featured_media":0,"template":"","meta":{"_monsterinsights_skip_tracking":false,"_monsterinsights_sitenote_active":false,"_monsterinsights_sitenote_note":"","_monsterinsights_sitenote_category":0},"product_brand":[],"product_cat":[12718,12719],"product_tag":[],"class_list":{"0":"post-690063","1":"product","2":"type-product","3":"status-publish","5":"product_cat-din","6":"product_cat-islam","7":"pa_cilt-ciltsiz","8":"pa_tur-kitap","9":"pa_yayinevi-inkilap-kitabevi","10":"pa_yazar-abdulbaki-golpinarli","12":"first","13":"instock","14":"sale","15":"shipping-taxable","16":"purchasable","17":"product-type-simple"},"_links":{"self":[{"href":"https:\/\/roveyayinevi.com.tr\/index.php\/wp-json\/wp\/v2\/product\/690063","targetHints":{"allow":["GET"]}}],"collection":[{"href":"https:\/\/roveyayinevi.com.tr\/index.php\/wp-json\/wp\/v2\/product"}],"about":[{"href":"https:\/\/roveyayinevi.com.tr\/index.php\/wp-json\/wp\/v2\/types\/product"}],"wp:attachment":[{"href":"https:\/\/roveyayinevi.com.tr\/index.php\/wp-json\/wp\/v2\/media?parent=690063"}],"wp:term":[{"taxonomy":"product_brand","embeddable":true,"href":"https:\/\/roveyayinevi.com.tr\/index.php\/wp-json\/wp\/v2\/product_brand?post=690063"},{"taxonomy":"product_cat","embeddable":true,"href":"https:\/\/roveyayinevi.com.tr\/index.php\/wp-json\/wp\/v2\/product_cat?post=690063"},{"taxonomy":"product_tag","embeddable":true,"href":"https:\/\/roveyayinevi.com.tr\/index.php\/wp-json\/wp\/v2\/product_tag?post=690063"}],"curies":[{"name":"wp","href":"https:\/\/api.w.org\/{rel}","templated":true}]}}