{"id":690039,"date":"2025-08-27T13:49:47","date_gmt":"2025-08-27T10:49:47","guid":{"rendered":"https:\/\/roveyayinevi.com.tr\/index.php\/urun\/yerlesik-dusunceler-sozlugu-2\/"},"modified":"2026-04-16T01:59:45","modified_gmt":"2026-04-15T22:59:45","slug":"yerlesik-dusunceler-sozlugu-2","status":"publish","type":"product","link":"https:\/\/roveyayinevi.com.tr\/index.php\/urun\/yerlesik-dusunceler-sozlugu-2\/","title":{"rendered":"Yerle\u015fik D\u00fc\u015f\u00fcnceler S\u00f6zl\u00fc\u011f\u00fc"},"content":{"rendered":"<p>Gustave Flaubert (1821-1880); 1857\u2019de yay\u0131mlanan ve kamuoyunda hayat-edebiyat ekseninde ciddi tart\u0131\u015fmalar yaratan ilk roman\u0131 Madame Bovary\u2019den insan\u0131n bilmeyle olan derin m\u00fccadelesine odaklanan ancak tamamlayamad\u0131\u011f\u0131 son roman\u0131 Bouvard ile P\u00e9cuchet\u2019ye 19. y\u00fczy\u0131l\u0131n en yenilik\u00e7i klasiklerinden biridir. Yerle\u015fik D\u00fc\u015f\u00fcnceler S\u00f6zl\u00fc\u011f\u00fc ise Flaubert\u2019in son roman\u0131yla birlikte y\u00fcr\u00fctt\u00fc\u011f\u00fc ve \u0130nsanl\u0131\u011f\u0131n   kli\u015fe   g\u00f6r\u00fc\u015flerle ne denli i\u00e7 i\u00e7e oldu\u011funu g\u00f6steren bir kara mizah an\u0131t\u0131d\u0131r. <\/p>\n","protected":false},"excerpt":{"rendered":"<p>Gustave Flaubert (1821-1880); 1857\u2019de yay\u0131mlanan ve kamuoyunda hayat-edebiyat ekseninde ciddi tart\u0131\u015fmalar yaratan ilk roman\u0131 Madame Bovary\u2019den insan\u0131n bilmeyle olan derin m\u00fccadelesine odaklanan ancak tamamlayamad\u0131\u011f\u0131 son roman\u0131<span class=\"excerpt-hellip\"> [\u2026]<\/span><\/p>\n","protected":false},"featured_media":0,"template":"","meta":{"_monsterinsights_skip_tracking":false,"_monsterinsights_sitenote_active":false,"_monsterinsights_sitenote_note":"","_monsterinsights_sitenote_category":0},"product_brand":[],"product_cat":[12291,14825],"product_tag":[],"class_list":{"0":"post-690039","1":"product","2":"type-product","3":"status-publish","5":"product_cat-edebiyat","6":"product_cat-mizah","7":"pa_cilt-ciltsiz","8":"pa_tur-kitap","9":"pa_yayinevi-is-bankasi-kultur-yayinlari","10":"pa_yazar-gustave-flaubert","12":"first","13":"instock","14":"sale","15":"shipping-taxable","16":"purchasable","17":"product-type-simple"},"_links":{"self":[{"href":"https:\/\/roveyayinevi.com.tr\/index.php\/wp-json\/wp\/v2\/product\/690039","targetHints":{"allow":["GET"]}}],"collection":[{"href":"https:\/\/roveyayinevi.com.tr\/index.php\/wp-json\/wp\/v2\/product"}],"about":[{"href":"https:\/\/roveyayinevi.com.tr\/index.php\/wp-json\/wp\/v2\/types\/product"}],"wp:attachment":[{"href":"https:\/\/roveyayinevi.com.tr\/index.php\/wp-json\/wp\/v2\/media?parent=690039"}],"wp:term":[{"taxonomy":"product_brand","embeddable":true,"href":"https:\/\/roveyayinevi.com.tr\/index.php\/wp-json\/wp\/v2\/product_brand?post=690039"},{"taxonomy":"product_cat","embeddable":true,"href":"https:\/\/roveyayinevi.com.tr\/index.php\/wp-json\/wp\/v2\/product_cat?post=690039"},{"taxonomy":"product_tag","embeddable":true,"href":"https:\/\/roveyayinevi.com.tr\/index.php\/wp-json\/wp\/v2\/product_tag?post=690039"}],"curies":[{"name":"wp","href":"https:\/\/api.w.org\/{rel}","templated":true}]}}