{"id":690021,"date":"2025-08-27T13:49:13","date_gmt":"2025-08-27T10:49:13","guid":{"rendered":"https:\/\/roveyayinevi.com.tr\/index.php\/urun\/dunyayi-ogreniyorum-zamanda-yolculuk\/"},"modified":"2026-04-16T01:59:45","modified_gmt":"2026-04-15T22:59:45","slug":"dunyayi-ogreniyorum-zamanda-yolculuk","status":"publish","type":"product","link":"https:\/\/roveyayinevi.com.tr\/index.php\/urun\/dunyayi-ogreniyorum-zamanda-yolculuk\/","title":{"rendered":"D\u00fcnyay\u0131 \u00d6\u011freniyorum &#8211; Zamanda Yolculuk"},"content":{"rendered":"<p>Zamanda yolculuk, insan\u0131n \u00e7a\u011flar\u0131n i\u00e7indeki yolculu\u011funu anlat\u0131rken, sizi bu ola\u011fan\u00fcst\u00fc maceran\u0131n bir par\u00e7as\u0131 olmaya \u00e7a\u011f\u0131r\u0131yor. Bu kitapla tarihte yolculu\u011fa \u00e7\u0131kacak ve ge\u00e7mi\u015fte insanlar\u0131n nas\u0131l ya\u015fad\u0131klar\u0131n\u0131 \u00f6\u011freneceksiniz. Piramitlerin nas\u0131l in\u015fa edildi\u011fini, bir \u015fatodaki ya\u015fam\u0131n nas\u0131l oldu\u011fu ya da korsanlar\u0131n \u0130spanyol kalyonlar\u0131na nas\u0131l sald\u0131rd\u0131klar\u0131n\u0131 g\u00f6receksiniz. \ufffc<\/p>\n","protected":false},"excerpt":{"rendered":"<p>Zamanda yolculuk, insan\u0131n \u00e7a\u011flar\u0131n i\u00e7indeki yolculu\u011funu anlat\u0131rken, sizi bu ola\u011fan\u00fcst\u00fc maceran\u0131n bir par\u00e7as\u0131 olmaya \u00e7a\u011f\u0131r\u0131yor. Bu kitapla tarihte yolculu\u011fa \u00e7\u0131kacak ve ge\u00e7mi\u015fte insanlar\u0131n nas\u0131l ya\u015fad\u0131klar\u0131n\u0131 \u00f6\u011freneceksiniz.<span class=\"excerpt-hellip\"> [\u2026]<\/span><\/p>\n","protected":false},"featured_media":0,"template":"","meta":{"_monsterinsights_skip_tracking":false,"_monsterinsights_sitenote_active":false,"_monsterinsights_sitenote_note":"","_monsterinsights_sitenote_category":0},"product_brand":[],"product_cat":[12274,15842],"product_tag":[],"class_list":{"0":"post-690021","1":"product","2":"type-product","3":"status-publish","5":"product_cat-cocuk-ve-genclik-kitaplari","6":"product_cat-egitici-kitaplar","7":"pa_cilt-ciltsiz","8":"pa_tur-kitap","9":"pa_yayinevi-is-bankasi-kultur-yayinlari","10":"pa_yazar-kolektif","12":"first","13":"instock","14":"sale","15":"shipping-taxable","16":"purchasable","17":"product-type-simple"},"_links":{"self":[{"href":"https:\/\/roveyayinevi.com.tr\/index.php\/wp-json\/wp\/v2\/product\/690021","targetHints":{"allow":["GET"]}}],"collection":[{"href":"https:\/\/roveyayinevi.com.tr\/index.php\/wp-json\/wp\/v2\/product"}],"about":[{"href":"https:\/\/roveyayinevi.com.tr\/index.php\/wp-json\/wp\/v2\/types\/product"}],"wp:attachment":[{"href":"https:\/\/roveyayinevi.com.tr\/index.php\/wp-json\/wp\/v2\/media?parent=690021"}],"wp:term":[{"taxonomy":"product_brand","embeddable":true,"href":"https:\/\/roveyayinevi.com.tr\/index.php\/wp-json\/wp\/v2\/product_brand?post=690021"},{"taxonomy":"product_cat","embeddable":true,"href":"https:\/\/roveyayinevi.com.tr\/index.php\/wp-json\/wp\/v2\/product_cat?post=690021"},{"taxonomy":"product_tag","embeddable":true,"href":"https:\/\/roveyayinevi.com.tr\/index.php\/wp-json\/wp\/v2\/product_tag?post=690021"}],"curies":[{"name":"wp","href":"https:\/\/api.w.org\/{rel}","templated":true}]}}