{"id":689991,"date":"2025-08-27T13:49:07","date_gmt":"2025-08-27T10:49:07","guid":{"rendered":"https:\/\/roveyayinevi.com.tr\/index.php\/urun\/bir-turk-zabitinin-anilari\/"},"modified":"2026-04-16T01:59:44","modified_gmt":"2026-04-15T22:59:44","slug":"bir-turk-zabitinin-anilari","status":"publish","type":"product","link":"https:\/\/roveyayinevi.com.tr\/index.php\/urun\/bir-turk-zabitinin-anilari\/","title":{"rendered":"Bir T\u00fcrk Zabitinin An\u0131lar\u0131"},"content":{"rendered":"<p>\u0130lk T\u00fcrk zabitinin Atat\u00fcrk&#8217;\u00fcn emriyle \u0130talya&#8217;da yapt\u0131\u011f\u0131 operasyon, bug\u00fcne dek ilk defa yay\u0131mlan\u0131yor. Bize balland\u0131r\u0131larak anlat\u0131lan MOSSAD operasyonlar\u0131n\u0131 g\u00f6lgede b\u0131rak\u0131r, okuyunca gururlanacaks\u0131n\u0131z.Y\u00fczy\u0131l\u0131n ba\u015f\u0131nda \u0130stanbul&#8217;da hayat nas\u0131ld\u0131? Yoksulluk, zenginlik, Rum, Ermeni, Yahudi ve T\u00fcrkler&#8217;in ili\u015fkileri ve gelenekleri nelerdir? K\u00fc\u00e7\u00fck Muhittin&#8217;in g\u00f6z\u00fcnden dinleyeceksiniz. <\/p>\n","protected":false},"excerpt":{"rendered":"<p>\u0130lk T\u00fcrk zabitinin Atat\u00fcrk&#8217;\u00fcn emriyle \u0130talya&#8217;da yapt\u0131\u011f\u0131 operasyon, bug\u00fcne dek ilk defa yay\u0131mlan\u0131yor. Bize balland\u0131r\u0131larak anlat\u0131lan MOSSAD operasyonlar\u0131n\u0131 g\u00f6lgede b\u0131rak\u0131r, okuyunca gururlanacaks\u0131n\u0131z.Y\u00fczy\u0131l\u0131n ba\u015f\u0131nda \u0130stanbul&#8217;da hayat nas\u0131ld\u0131?<span class=\"excerpt-hellip\"> [\u2026]<\/span><\/p>\n","protected":false},"featured_media":0,"template":"","meta":{"_monsterinsights_skip_tracking":false,"_monsterinsights_sitenote_active":false,"_monsterinsights_sitenote_note":"","_monsterinsights_sitenote_category":0},"product_brand":[],"product_cat":[13701,12291],"product_tag":[],"class_list":{"0":"post-689991","1":"product","2":"type-product","3":"status-publish","5":"product_cat-ani-mektup-gunluk","6":"product_cat-edebiyat","7":"pa_cilt-ciltsiz","8":"pa_tur-kitap","9":"pa_yayinevi-izgoren-yayinlari","10":"pa_yazar-ahmet-serif-izgoren","12":"first","13":"instock","14":"sale","15":"shipping-taxable","16":"purchasable","17":"product-type-simple"},"_links":{"self":[{"href":"https:\/\/roveyayinevi.com.tr\/index.php\/wp-json\/wp\/v2\/product\/689991","targetHints":{"allow":["GET"]}}],"collection":[{"href":"https:\/\/roveyayinevi.com.tr\/index.php\/wp-json\/wp\/v2\/product"}],"about":[{"href":"https:\/\/roveyayinevi.com.tr\/index.php\/wp-json\/wp\/v2\/types\/product"}],"wp:attachment":[{"href":"https:\/\/roveyayinevi.com.tr\/index.php\/wp-json\/wp\/v2\/media?parent=689991"}],"wp:term":[{"taxonomy":"product_brand","embeddable":true,"href":"https:\/\/roveyayinevi.com.tr\/index.php\/wp-json\/wp\/v2\/product_brand?post=689991"},{"taxonomy":"product_cat","embeddable":true,"href":"https:\/\/roveyayinevi.com.tr\/index.php\/wp-json\/wp\/v2\/product_cat?post=689991"},{"taxonomy":"product_tag","embeddable":true,"href":"https:\/\/roveyayinevi.com.tr\/index.php\/wp-json\/wp\/v2\/product_tag?post=689991"}],"curies":[{"name":"wp","href":"https:\/\/api.w.org\/{rel}","templated":true}]}}