{"id":689973,"date":"2025-08-27T13:49:04","date_gmt":"2025-08-27T10:49:04","guid":{"rendered":"https:\/\/roveyayinevi.com.tr\/index.php\/urun\/varliktan-baska\/"},"modified":"2026-04-16T01:59:43","modified_gmt":"2026-04-15T22:59:43","slug":"varliktan-baska","status":"publish","type":"product","link":"https:\/\/roveyayinevi.com.tr\/index.php\/urun\/varliktan-baska\/","title":{"rendered":"Varl\u0131ktan Ba\u015fka"},"content":{"rendered":"<p>Levinas\u2019\u0131n felsefesi, varl\u0131\u011f\u0131n bo\u011fucu, ki\u015fisizle\u015ftirici ve anlams\u0131z i\u015fleyi\u015finde mahpus kalan \u00f6znenin varl\u0131ktan ba\u015fka olana i\u015ftiyak\u0131n\u0131, varl\u0131\u011f\u0131 a\u015fma ve onun \u00f6tesine ge\u00e7me \u00f6zlemini ifade eder. Anlam\u0131 varl\u0131\u011f\u0131n d\u0131\u015f\u0131nda ve varl\u0131\u011fa ra\u011fmen arayan bir a\u015fk\u0131nl\u0131k felsefesidir bu. \u015eu halde Levinas\u2019ta a\u015fk\u0131nl\u0131k ve anlam (ve a\u015fk\u0131nl\u0131\u011f\u0131n anlam\u0131) as\u0131l olarak varl\u0131\u011f\u0131n a\u015f\u0131lmas\u0131nda ortaya \u00e7\u0131kar. B\u00f6ylesi bir a\u015fma, somut olarak, etikte ve etik yoluyla vuku bulabilir ancak. Etik, ba\u015fkas\u0131 ile &#8211; nam-\u0131 di\u011fer \u00f6teki ile &#8211; dolays\u0131z ve asimetrik \u00e7\u0131kar-g\u00f6zetmez ili\u015fkidir. \u00d6zne, bu ili\u015fki yoluyla kendine dolay\u0131s\u0131yla varl\u0131\u011fa zincirlenmi\u015flikten kurtulur ve b\u00f6ylece \u00f6teki\u2019nin y\u00fcz\u00fcnden \u00f6te\u2019ye yani a\u015fk\u0131n olana a\u00e7\u0131lma imk\u00e2n\u0131na kavu\u015fur. Etik terimlerde ifadesini bulan \u00f6tekiyle kar\u015f\u0131la\u015fma, varl\u0131\u011f\u0131 a\u015fman\u0131n, dolay\u0131s\u0131yla a\u015fk\u0131nl\u0131\u011f\u0131n bir, hatta biricik imk\u00e2n\u0131d\u0131r Levinas\u2019ta. <\/p>\n","protected":false},"excerpt":{"rendered":"<p>Levinas\u2019\u0131n felsefesi, varl\u0131\u011f\u0131n bo\u011fucu, ki\u015fisizle\u015ftirici ve anlams\u0131z i\u015fleyi\u015finde mahpus kalan \u00f6znenin varl\u0131ktan ba\u015fka olana i\u015ftiyak\u0131n\u0131, varl\u0131\u011f\u0131 a\u015fma ve onun \u00f6tesine ge\u00e7me \u00f6zlemini ifade eder. Anlam\u0131 varl\u0131\u011f\u0131n<span class=\"excerpt-hellip\"> [\u2026]<\/span><\/p>\n","protected":false},"featured_media":0,"template":"","meta":{"_monsterinsights_skip_tracking":false,"_monsterinsights_sitenote_active":false,"_monsterinsights_sitenote_note":"","_monsterinsights_sitenote_category":0},"product_brand":[],"product_cat":[15319,12388],"product_tag":[],"class_list":{"0":"post-689973","1":"product","2":"type-product","3":"status-publish","5":"product_cat-etik","6":"product_cat-felsefe","7":"pa_tur-kitap","8":"pa_yayinevi-ithaki-yayinlari","9":"pa_yazar-ozkan-gozel","11":"first","12":"instock","13":"sale","14":"shipping-taxable","15":"purchasable","16":"product-type-simple"},"_links":{"self":[{"href":"https:\/\/roveyayinevi.com.tr\/index.php\/wp-json\/wp\/v2\/product\/689973","targetHints":{"allow":["GET"]}}],"collection":[{"href":"https:\/\/roveyayinevi.com.tr\/index.php\/wp-json\/wp\/v2\/product"}],"about":[{"href":"https:\/\/roveyayinevi.com.tr\/index.php\/wp-json\/wp\/v2\/types\/product"}],"wp:attachment":[{"href":"https:\/\/roveyayinevi.com.tr\/index.php\/wp-json\/wp\/v2\/media?parent=689973"}],"wp:term":[{"taxonomy":"product_brand","embeddable":true,"href":"https:\/\/roveyayinevi.com.tr\/index.php\/wp-json\/wp\/v2\/product_brand?post=689973"},{"taxonomy":"product_cat","embeddable":true,"href":"https:\/\/roveyayinevi.com.tr\/index.php\/wp-json\/wp\/v2\/product_cat?post=689973"},{"taxonomy":"product_tag","embeddable":true,"href":"https:\/\/roveyayinevi.com.tr\/index.php\/wp-json\/wp\/v2\/product_tag?post=689973"}],"curies":[{"name":"wp","href":"https:\/\/api.w.org\/{rel}","templated":true}]}}