{"id":689969,"date":"2025-08-27T13:49:03","date_gmt":"2025-08-27T10:49:03","guid":{"rendered":"https:\/\/roveyayinevi.com.tr\/index.php\/urun\/sineklerin-tanrisi\/"},"modified":"2026-04-16T01:59:43","modified_gmt":"2026-04-15T22:59:43","slug":"sineklerin-tanrisi","status":"publish","type":"product","link":"https:\/\/roveyayinevi.com.tr\/index.php\/urun\/sineklerin-tanrisi\/","title":{"rendered":"Sineklerin Tanr\u0131s\u0131"},"content":{"rendered":"<p>&#8221;Sineklerin Tanr\u0131s\u0131 bas\u0327lang\u0131\u00e7ta, \u0131ss\u0131z bir adaya d\u00fcs\u0327en \u00e7ocuklar\u0131n ser\u00fcvenlerini anlatan, k\u00fc\u00e7\u00fckler i\u00e7in yaz\u0131lm\u0131s\u0327 bir \u00f6yk\u00fc, R.M. Ballantyne\u2019\u0131n Mercan Adas\u0131\u2019n\u0131n \u00e7ag\u0306das\u0327 bir uygulamas\u0131 san\u0131labilir. Hatta Golding, kendine \u00f6zg\u00fc buruk alayc\u0131l\u0131kla, okuyucunun bu san\u0131s\u0131n\u0131 pekis\u0327tirmek istercesine, Sineklerin Tanr\u0131s\u0131\u2019n\u0131n bas\u0327l\u0131ca iki kis\u0327isine Mercan Adas\u0131\u2019ndaki \u00e7ocuklardan ald\u0131g\u0306\u0131 Ralph ve Jack adlar\u0131n\u0131 verir. Mercan Adas\u0131\u2019nda Ballantyne, olduk\u00e7a duygusal ve biraz da b\u00f6n bir iyimserlikle, gemileri batt\u0131ktan sonra Pasifik Okyanusu\u2019nda \u0131ss\u0131z bir adaya s\u0131g\u0306\u0131nan \u00fc\u00e7 \u0130ngiliz gencinin, B\u00fcy\u00fck Britanya uygarl\u0131g\u0306\u0131n\u0131n olduk\u00e7a bas\u0327ar\u0131l\u0131 bir k\u00fc\u00e7\u00fck \u00f6rneg\u0306ini nas\u0131l yeniden kurduklar\u0131n\u0131 anlat\u0131r. Golding\u2019in Sineklerin Tanr\u0131s\u0131\u2019nda da bir mercan adas\u0131 ve \u0130ngiliz \u00e7ocuklar vard\u0131r. Ama alt\u0131 ile on iki yas\u0327 aras\u0131nda olan bu \u00e7ocuklar, gelecekteki atom savas\u0327\u0131 s\u0131ras\u0131nda, g\u00fcvenilir bir yere g\u00f6t\u00fcr\u00fclmek \u00fczere bindikleri u\u00e7ak bir sald\u0131r\u0131ya ug\u0306rad\u0131g\u0306\u0131 i\u00e7in bu mercan adas\u0131na d\u00fcs\u0327m\u00fcs\u0327lerdir. Ve bu mercan adas\u0131nda olup bitenler, Ballantyne\u2019\u0131n roman\u0131nda olup bitenlere hi\u00e7 mi hi\u00e7 benzememektedir&#8230;Sineklerin Tanr\u0131s\u0131\u2019nda g\u00f6rd\u00fcg\u0306\u00fcm\u00fcz \u0131ss\u0131z ada da yery\u00fcz\u00fcn\u00fcn cennetlerinden biridir. \u00c7ocuklar da bu adan\u0131n, okuduklar\u0131 Mercan Adas\u0131\u2019na \u00e7ok benzedig\u0306ini s\u00f6ylerler. Ne var ki, bas\u0327lang\u0131\u00e7ta bunu hi\u00e7 sezinlemedig\u0306imiz halde, atom \u00e7ag\u0306\u0131n\u0131n \u00e7ocuklar\u0131, bu g\u00fczelim aday\u0131 her a\u00e7\u0131dan bir cehenneme \u00e7evireceklerdir.&#8221; <\/p>\n","protected":false},"excerpt":{"rendered":"<p>&#8221;Sineklerin Tanr\u0131s\u0131 bas\u0327lang\u0131\u00e7ta, \u0131ss\u0131z bir adaya d\u00fcs\u0327en \u00e7ocuklar\u0131n ser\u00fcvenlerini anlatan, k\u00fc\u00e7\u00fckler i\u00e7in yaz\u0131lm\u0131s\u0327 bir \u00f6yk\u00fc, R.M. Ballantyne\u2019\u0131n Mercan Adas\u0131\u2019n\u0131n \u00e7ag\u0306das\u0327 bir uygulamas\u0131 san\u0131labilir. Hatta Golding, kendine<span class=\"excerpt-hellip\"> [\u2026]<\/span><\/p>\n","protected":false},"featured_media":0,"template":"","meta":{"_monsterinsights_skip_tracking":false,"_monsterinsights_sitenote_active":false,"_monsterinsights_sitenote_note":"","_monsterinsights_sitenote_category":0},"product_brand":[],"product_cat":[12291,12866],"product_tag":[],"class_list":{"0":"post-689969","1":"product","2":"type-product","3":"status-publish","5":"product_cat-edebiyat","6":"product_cat-ingiliz-edebiyati","7":"pa_cilt-ciltsiz","8":"pa_tur-kitap","9":"pa_yayinevi-is-bankasi-kultur-yayinlari","10":"pa_yazar-william-golding","12":"first","13":"instock","14":"sale","15":"shipping-taxable","16":"purchasable","17":"product-type-simple"},"_links":{"self":[{"href":"https:\/\/roveyayinevi.com.tr\/index.php\/wp-json\/wp\/v2\/product\/689969","targetHints":{"allow":["GET"]}}],"collection":[{"href":"https:\/\/roveyayinevi.com.tr\/index.php\/wp-json\/wp\/v2\/product"}],"about":[{"href":"https:\/\/roveyayinevi.com.tr\/index.php\/wp-json\/wp\/v2\/types\/product"}],"wp:attachment":[{"href":"https:\/\/roveyayinevi.com.tr\/index.php\/wp-json\/wp\/v2\/media?parent=689969"}],"wp:term":[{"taxonomy":"product_brand","embeddable":true,"href":"https:\/\/roveyayinevi.com.tr\/index.php\/wp-json\/wp\/v2\/product_brand?post=689969"},{"taxonomy":"product_cat","embeddable":true,"href":"https:\/\/roveyayinevi.com.tr\/index.php\/wp-json\/wp\/v2\/product_cat?post=689969"},{"taxonomy":"product_tag","embeddable":true,"href":"https:\/\/roveyayinevi.com.tr\/index.php\/wp-json\/wp\/v2\/product_tag?post=689969"}],"curies":[{"name":"wp","href":"https:\/\/api.w.org\/{rel}","templated":true}]}}