{"id":689950,"date":"2025-08-27T13:48:59","date_gmt":"2025-08-27T10:48:59","guid":{"rendered":"https:\/\/roveyayinevi.com.tr\/index.php\/urun\/frankenstein\/"},"modified":"2026-04-16T01:59:43","modified_gmt":"2026-04-15T22:59:43","slug":"frankenstein","status":"publish","type":"product","link":"https:\/\/roveyayinevi.com.tr\/index.php\/urun\/frankenstein\/","title":{"rendered":"Frankenstein"},"content":{"rendered":"<p>\u201cFrankenstein, gu\u0308nu\u0308mu\u0308z bilimkurgusunun bas\u0327lang\u0131c\u0327 noktas\u0131.\u201d \u2014 Stephen King \u201cFrankenstein\u2019\u0131n bas\u0327ar\u0131s\u0131, insanl\u0131g\u0306\u0131n sonu gelmeyen korkular\u0131ndan biri olan tehlikeli bilgiye kars\u0327\u0131 korkuyu yeniden ortaya koymas\u0131nda sakl\u0131.\u201d \u2014 Isaac Asimov <\/p>\n","protected":false},"excerpt":{"rendered":"<p>\u201cFrankenstein, gu\u0308nu\u0308mu\u0308z bilimkurgusunun bas\u0327lang\u0131c\u0327 noktas\u0131.\u201d \u2014 Stephen King \u201cFrankenstein\u2019\u0131n bas\u0327ar\u0131s\u0131, insanl\u0131g\u0306\u0131n sonu gelmeyen korkular\u0131ndan biri olan tehlikeli bilgiye kars\u0327\u0131 korkuyu yeniden ortaya koymas\u0131nda sakl\u0131.\u201d \u2014 Isaac<span class=\"excerpt-hellip\"> [\u2026]<\/span><\/p>\n","protected":false},"featured_media":0,"template":"","meta":{"_monsterinsights_skip_tracking":false,"_monsterinsights_sitenote_active":false,"_monsterinsights_sitenote_note":"","_monsterinsights_sitenote_category":0},"product_brand":[],"product_cat":[12540,12291],"product_tag":[],"class_list":{"0":"post-689950","1":"product","2":"type-product","3":"status-publish","5":"product_cat-bilim-kurgu","6":"product_cat-edebiyat","7":"pa_cilt-ciltsiz","8":"pa_tur-kitap","9":"pa_yayinevi-ithaki-yayinlari","10":"pa_yazar-mary-shelley","12":"first","13":"instock","14":"sale","15":"shipping-taxable","16":"purchasable","17":"product-type-simple"},"_links":{"self":[{"href":"https:\/\/roveyayinevi.com.tr\/index.php\/wp-json\/wp\/v2\/product\/689950","targetHints":{"allow":["GET"]}}],"collection":[{"href":"https:\/\/roveyayinevi.com.tr\/index.php\/wp-json\/wp\/v2\/product"}],"about":[{"href":"https:\/\/roveyayinevi.com.tr\/index.php\/wp-json\/wp\/v2\/types\/product"}],"wp:attachment":[{"href":"https:\/\/roveyayinevi.com.tr\/index.php\/wp-json\/wp\/v2\/media?parent=689950"}],"wp:term":[{"taxonomy":"product_brand","embeddable":true,"href":"https:\/\/roveyayinevi.com.tr\/index.php\/wp-json\/wp\/v2\/product_brand?post=689950"},{"taxonomy":"product_cat","embeddable":true,"href":"https:\/\/roveyayinevi.com.tr\/index.php\/wp-json\/wp\/v2\/product_cat?post=689950"},{"taxonomy":"product_tag","embeddable":true,"href":"https:\/\/roveyayinevi.com.tr\/index.php\/wp-json\/wp\/v2\/product_tag?post=689950"}],"curies":[{"name":"wp","href":"https:\/\/api.w.org\/{rel}","templated":true}]}}