{"id":689944,"date":"2025-08-27T13:48:58","date_gmt":"2025-08-27T10:48:58","guid":{"rendered":"https:\/\/roveyayinevi.com.tr\/index.php\/urun\/rusya-tarihi\/"},"modified":"2026-04-16T01:59:43","modified_gmt":"2026-04-15T22:59:43","slug":"rusya-tarihi","status":"publish","type":"product","link":"https:\/\/roveyayinevi.com.tr\/index.php\/urun\/rusya-tarihi\/","title":{"rendered":"Rusya Tarihi"},"content":{"rendered":"<p>Ba\u015flang\u0131c\u0131ndan g\u00fcn\u00fcm\u00fcz post-kom\u00fcnist Rusya\u2019s\u0131na kadar olan evreyi tek ciltte toplamay\u0131 ba\u015faran ve Rusya\u2019n\u0131n politik, askeri, ekonomik, sosyal, k\u00fclt\u00fcrel ge\u00e7mi\u015fini, uluslararas\u0131 ili\u015fkilerini ve i\u00e7 dinamiklerini objektif bir de\u011ferlendirmeyle ele alan Rusya Tarihi, kapsaml\u0131 ve bilimsel bir kaynak. Yazarlar Nicholas V. Riasanovsky ve Mark D. Steinberg, \u00f6zellikle son b\u00f6l\u00fcmlerde, Sovyet Sosyalist Cumhuriyetler Birli\u011fi ve \u00e7\u00f6ken kom\u00fcnizm sonras\u0131nda \u00fclkenin politika, toplum ve k\u00fclt\u00fcr \u00fc\u00e7geninde ya\u015fad\u0131\u011f\u0131 karma\u015f\u0131k deneyimi detaylar\u0131yla ele al\u0131yor.  Kievan zaman\u0131ndan g\u00fcn\u00fcm\u00fcze kadar uzanan s\u00fcreci tek cilde s\u0131\u011fd\u0131ran Rusya Tarihi, bu alanda yaz\u0131lm\u0131\u015f en iyi kitaplardan biridir. Bu kitap, Rusya\/Avrasya tarihi hakk\u0131nda yap\u0131lan \u00f6nemli akademik tart\u0131\u015fmalar\u0131 sentezleyerek zaman i\u00e7inde temel akademik konular\u0131n nas\u0131l geli\u015fti\u011fini g\u00f6steren tarihi tart\u0131\u015fmalara giri\u015f niteli\u011fi ta\u015f\u0131yor. Hem k\u0131lavuz, hem de kaynak niteli\u011finde. <\/p>\n","protected":false},"excerpt":{"rendered":"<p>Ba\u015flang\u0131c\u0131ndan g\u00fcn\u00fcm\u00fcz post-kom\u00fcnist Rusya\u2019s\u0131na kadar olan evreyi tek ciltte toplamay\u0131 ba\u015faran ve Rusya\u2019n\u0131n politik, askeri, ekonomik, sosyal, k\u00fclt\u00fcrel ge\u00e7mi\u015fini, uluslararas\u0131 ili\u015fkilerini ve i\u00e7 dinamiklerini objektif bir<span class=\"excerpt-hellip\"> [\u2026]<\/span><\/p>\n","protected":false},"featured_media":0,"template":"","meta":{"_monsterinsights_skip_tracking":false,"_monsterinsights_sitenote_active":false,"_monsterinsights_sitenote_note":"","_monsterinsights_sitenote_category":0},"product_brand":[],"product_cat":[13590,12337],"product_tag":[],"class_list":{"0":"post-689944","1":"product","2":"type-product","3":"status-publish","5":"product_cat-arastirma-inceleme-politika-siyaset","6":"product_cat-politika-siyaset","7":"pa_cilt-ciltsiz","8":"pa_tur-kitap","9":"pa_yayinevi-inkilap-kitabevi","10":"pa_yazar-nicholas-v-riasanovsky","12":"first","13":"instock","14":"sale","15":"shipping-taxable","16":"purchasable","17":"product-type-simple"},"_links":{"self":[{"href":"https:\/\/roveyayinevi.com.tr\/index.php\/wp-json\/wp\/v2\/product\/689944","targetHints":{"allow":["GET"]}}],"collection":[{"href":"https:\/\/roveyayinevi.com.tr\/index.php\/wp-json\/wp\/v2\/product"}],"about":[{"href":"https:\/\/roveyayinevi.com.tr\/index.php\/wp-json\/wp\/v2\/types\/product"}],"wp:attachment":[{"href":"https:\/\/roveyayinevi.com.tr\/index.php\/wp-json\/wp\/v2\/media?parent=689944"}],"wp:term":[{"taxonomy":"product_brand","embeddable":true,"href":"https:\/\/roveyayinevi.com.tr\/index.php\/wp-json\/wp\/v2\/product_brand?post=689944"},{"taxonomy":"product_cat","embeddable":true,"href":"https:\/\/roveyayinevi.com.tr\/index.php\/wp-json\/wp\/v2\/product_cat?post=689944"},{"taxonomy":"product_tag","embeddable":true,"href":"https:\/\/roveyayinevi.com.tr\/index.php\/wp-json\/wp\/v2\/product_tag?post=689944"}],"curies":[{"name":"wp","href":"https:\/\/api.w.org\/{rel}","templated":true}]}}