{"id":689942,"date":"2025-08-27T13:48:57","date_gmt":"2025-08-27T10:48:57","guid":{"rendered":"https:\/\/roveyayinevi.com.tr\/index.php\/urun\/12-zaman-carki-serisi-ciltli-1-kitap-firtina-toplaniyor\/"},"modified":"2026-04-16T01:59:43","modified_gmt":"2026-04-15T22:59:43","slug":"12-zaman-carki-serisi-ciltli-1-kitap-firtina-toplaniyor","status":"publish","type":"product","link":"https:\/\/roveyayinevi.com.tr\/index.php\/urun\/12-zaman-carki-serisi-ciltli-1-kitap-firtina-toplaniyor\/","title":{"rendered":"12 &#8211; Zaman \u00c7ark\u0131 Serisi (Ciltli) 1. Kitap: F\u0131rt\u0131na Toplan\u0131yor"},"content":{"rendered":"<p>Renald Fanwar evinin verandas\u0131nda oturmu\u015f, iki sene \u00f6nce torununun onun i\u00e7in karame\u015feden yapt\u0131\u011f\u0131 sa\u011flam sandalyeyi \u0131s\u0131tmaktayd\u0131. Renald kuzeye bak\u0131yordu. \ufffcTan\u0131t\u0131m Metni<\/p>\n","protected":false},"excerpt":{"rendered":"<p>Renald Fanwar evinin verandas\u0131nda oturmu\u015f, iki sene \u00f6nce torununun onun i\u00e7in karame\u015feden yapt\u0131\u011f\u0131 sa\u011flam sandalyeyi \u0131s\u0131tmaktayd\u0131. Renald kuzeye bak\u0131yordu. \ufffcTan\u0131t\u0131m Metni<\/p>\n","protected":false},"featured_media":0,"template":"","meta":{"_monsterinsights_skip_tracking":false,"_monsterinsights_sitenote_active":false,"_monsterinsights_sitenote_note":"","_monsterinsights_sitenote_category":0},"product_brand":[],"product_cat":[12291,14777],"product_tag":[],"class_list":{"0":"post-689942","1":"product","2":"type-product","3":"status-publish","5":"product_cat-edebiyat","6":"product_cat-fantastik","7":"pa_cilt-ciltli","8":"pa_tur-kitap","9":"pa_yayinevi-ithaki-yayinlari","10":"pa_yazar-robert-jordan-brandon-sanderson","12":"first","13":"instock","14":"sale","15":"shipping-taxable","16":"purchasable","17":"product-type-simple"},"_links":{"self":[{"href":"https:\/\/roveyayinevi.com.tr\/index.php\/wp-json\/wp\/v2\/product\/689942","targetHints":{"allow":["GET"]}}],"collection":[{"href":"https:\/\/roveyayinevi.com.tr\/index.php\/wp-json\/wp\/v2\/product"}],"about":[{"href":"https:\/\/roveyayinevi.com.tr\/index.php\/wp-json\/wp\/v2\/types\/product"}],"wp:attachment":[{"href":"https:\/\/roveyayinevi.com.tr\/index.php\/wp-json\/wp\/v2\/media?parent=689942"}],"wp:term":[{"taxonomy":"product_brand","embeddable":true,"href":"https:\/\/roveyayinevi.com.tr\/index.php\/wp-json\/wp\/v2\/product_brand?post=689942"},{"taxonomy":"product_cat","embeddable":true,"href":"https:\/\/roveyayinevi.com.tr\/index.php\/wp-json\/wp\/v2\/product_cat?post=689942"},{"taxonomy":"product_tag","embeddable":true,"href":"https:\/\/roveyayinevi.com.tr\/index.php\/wp-json\/wp\/v2\/product_tag?post=689942"}],"curies":[{"name":"wp","href":"https:\/\/api.w.org\/{rel}","templated":true}]}}