{"id":689933,"date":"2025-08-27T13:48:56","date_gmt":"2025-08-27T10:48:56","guid":{"rendered":"https:\/\/roveyayinevi.com.tr\/index.php\/urun\/mutlulugun-en-guzel-tarihi\/"},"modified":"2026-04-16T01:59:42","modified_gmt":"2026-04-15T22:59:42","slug":"mutlulugun-en-guzel-tarihi","status":"publish","type":"product","link":"https:\/\/roveyayinevi.com.tr\/index.php\/urun\/mutlulugun-en-guzel-tarihi\/","title":{"rendered":"Mutlulu\u011fun En G\u00fczel Tarihi"},"content":{"rendered":"<p>Mutluluk nedir? Mutlu olmak i\u00e7in y\u00fczde y\u00fcz garantili yollar, re\u00e7eteler var m\u0131d\u0131r? G\u00fcn\u00fcm\u00fczde mutluluk adeta bir zorunluluk haline mi geldi? Art\u0131k mutsuz olma \u00f6zg\u00fcrl\u00fc\u011f\u00fcnden mi s\u00f6z etmek gerekiyor? Ahlaka ayk\u0131r\u0131 mutluluk olur mu; k\u00f6t\u00fcl\u00fck ve erdemsizlik ger\u00e7ek bir mutluluk sa\u011flar m\u0131? \u0130nsan\u0131 mutlu eden \u00f6zg\u00fcrl\u00fck m\u00fcd\u00fcr, s\u0131n\u0131rlar m\u0131? Mutlu olmak i\u00e7in ger\u00e7eklikten vaz m\u0131 ge\u00e7ilmeli? \u0130nsan mutlu olmay\u0131 m\u0131 ister, mutlulu\u011fun sonsuz olmas\u0131n\u0131 m\u0131?.. En G\u00fczel Tarihler dizimizin bu kitab\u0131nda mutlulu\u011fun pe\u015fine d\u00fc\u015f\u00fcyoruz. Hayattan mutluluk istiyoruz, \u00f6yle ki bazen b\u00fct\u00fcn \u00f6mr\u00fcm\u00fcz\u00fc onu beklemekle ge\u00e7iriyoruz, diyor r\u00f6portajlar\u0131 yapan Alice Germain. Mutluluk hakk\u0131nda bilmek istedi\u011finiz her \u015fey Mutlulu\u011fun En G\u00fczel Tarihi\u2019nde. Andre Comte-Sponville: Mutluluk \u00fczerine pek \u00e7ok yap\u0131t\u0131 olan e\u011fitimci ve d\u00fc\u015f\u00fcn\u00fcr; antik\u00e7a\u011fdan itibaren bu kavram\u0131n yazg\u0131s\u0131n\u0131n felsefeninkine ne \u015fekilde ba\u011fland\u0131\u011f\u0131n\u0131 anlat\u0131yor. Jean Delumeau: College de France&#8217;\u0131n onursal profes\u00f6rlerinden. Dinsel d\u00fc\u015f\u00fcnceler tarihi uzman\u0131. Arlette Farge: CNRS&#8217;te ara\u015ft\u0131rma sorumlusu ve 18. y\u00fczy\u0131lda halk hareketleri uzamn\u0131 tarih\u00e7i. \ufffcTan\u0131t\u0131m Metni<\/p>\n","protected":false},"excerpt":{"rendered":"<p>Mutluluk nedir? Mutlu olmak i\u00e7in y\u00fczde y\u00fcz garantili yollar, re\u00e7eteler var m\u0131d\u0131r? G\u00fcn\u00fcm\u00fczde mutluluk adeta bir zorunluluk haline mi geldi? Art\u0131k mutsuz olma \u00f6zg\u00fcrl\u00fc\u011f\u00fcnden mi s\u00f6z<span class=\"excerpt-hellip\"> [\u2026]<\/span><\/p>\n","protected":false},"featured_media":0,"template":"","meta":{"_monsterinsights_skip_tracking":false,"_monsterinsights_sitenote_active":false,"_monsterinsights_sitenote_note":"","_monsterinsights_sitenote_category":0},"product_brand":[],"product_cat":[12312,12304],"product_tag":[],"class_list":{"0":"post-689933","1":"product","2":"type-product","3":"status-publish","5":"product_cat-diger","6":"product_cat-tarih","7":"pa_cilt-ciltsiz","8":"pa_tur-kitap","9":"pa_yayinevi-is-bankasi-kultur-yayinlari","10":"pa_yazar-jean-delumeau","12":"first","13":"instock","14":"sale","15":"shipping-taxable","16":"purchasable","17":"product-type-simple"},"_links":{"self":[{"href":"https:\/\/roveyayinevi.com.tr\/index.php\/wp-json\/wp\/v2\/product\/689933","targetHints":{"allow":["GET"]}}],"collection":[{"href":"https:\/\/roveyayinevi.com.tr\/index.php\/wp-json\/wp\/v2\/product"}],"about":[{"href":"https:\/\/roveyayinevi.com.tr\/index.php\/wp-json\/wp\/v2\/types\/product"}],"wp:attachment":[{"href":"https:\/\/roveyayinevi.com.tr\/index.php\/wp-json\/wp\/v2\/media?parent=689933"}],"wp:term":[{"taxonomy":"product_brand","embeddable":true,"href":"https:\/\/roveyayinevi.com.tr\/index.php\/wp-json\/wp\/v2\/product_brand?post=689933"},{"taxonomy":"product_cat","embeddable":true,"href":"https:\/\/roveyayinevi.com.tr\/index.php\/wp-json\/wp\/v2\/product_cat?post=689933"},{"taxonomy":"product_tag","embeddable":true,"href":"https:\/\/roveyayinevi.com.tr\/index.php\/wp-json\/wp\/v2\/product_tag?post=689933"}],"curies":[{"name":"wp","href":"https:\/\/api.w.org\/{rel}","templated":true}]}}