{"id":689919,"date":"2025-08-27T13:48:53","date_gmt":"2025-08-27T10:48:53","guid":{"rendered":"https:\/\/roveyayinevi.com.tr\/index.php\/urun\/sari-lacivert-kurtulus\/"},"modified":"2026-04-16T01:59:42","modified_gmt":"2026-04-15T22:59:42","slug":"sari-lacivert-kurtulus","status":"publish","type":"product","link":"https:\/\/roveyayinevi.com.tr\/index.php\/urun\/sari-lacivert-kurtulus\/","title":{"rendered":"Sar\u0131 Lacivert Kurtulu\u015f"},"content":{"rendered":"<p>Futbolu yasaklayan Osmanl\u0131 Padi\u015fah\u0131 kimdir? \u0130ttihat ve Terakki\u2019nin futbol merak\u0131n\u0131n ve Fenerbah\u00e7e sevdas\u0131n\u0131n arkas\u0131nda ne vard\u0131r? Osmanl\u0131 d\u00f6nemindeki Fenerbah\u00e7e-Galatasaray derbilerinin bilinmeyenleri nelerdir? Atat\u00fcrk\u2019\u00fcn Fenerbah\u00e7e\u2019yi ziyaretinin gizli amac\u0131 nedir? Fenerbah\u00e7e\u2019nin Kurulu\u015f T\u00fcz\u00fc\u011f\u00fc\u2019ndeki 2. Madde\u2019nin s\u0131rr\u0131 nedir? Fenerbah\u00e7e Kurtulu\u015f Sava\u015f\u0131\u2019nda Anadolu\u2019ya nas\u0131l gizlice silah ka\u00e7\u0131rm\u0131\u015ft\u0131r? Anadolu\u2019ya ge\u00e7erek Kurtulu\u015f Sava\u015f\u0131\u2019na kat\u0131lmak isteyen Fenerbah\u00e7eli \u015fehzade kimdir? \u0130ngiliz \u0130\u015fgal Kuvvetleri Komutan\u0131 General Harrington, Fenerbah\u00e7e\u2019yi neden kapatm\u0131\u015ft\u0131r? Atat\u00fcrk\u2019\u00fcn B\u00fcy\u00fck Taarruz \u00f6ncesindeki futbol plan\u0131 nedir? Fenerbah\u00e7e, Harrington Kupas\u0131\u2019n\u0131 nas\u0131l kazanm\u0131\u015ft\u0131r? Atat\u00fcrk futbolla ne kadar ilgilenmi\u015ftir? Hi\u00e7 futbol ma\u00e7\u0131 izlemi\u015f midir? Atat\u00fcrk Altay, Kar\u015f\u0131yaka, Galatasaray ve Be\u015fikta\u015f\u2019la neden ve nas\u0131l ilgilenmi\u015ftir? Atat\u00fcrk\u2019\u00fcn Fenerbah\u00e7eli oldu\u011funun bilinmeyen 12 kan\u0131t\u0131 nedir? <\/p>\n","protected":false},"excerpt":{"rendered":"<p>Futbolu yasaklayan Osmanl\u0131 Padi\u015fah\u0131 kimdir? \u0130ttihat ve Terakki\u2019nin futbol merak\u0131n\u0131n ve Fenerbah\u00e7e sevdas\u0131n\u0131n arkas\u0131nda ne vard\u0131r? Osmanl\u0131 d\u00f6nemindeki Fenerbah\u00e7e-Galatasaray derbilerinin bilinmeyenleri nelerdir? Atat\u00fcrk\u2019\u00fcn Fenerbah\u00e7e\u2019yi ziyaretinin gizli<span class=\"excerpt-hellip\"> [\u2026]<\/span><\/p>\n","protected":false},"featured_media":0,"template":"","meta":{"_monsterinsights_skip_tracking":false,"_monsterinsights_sitenote_active":false,"_monsterinsights_sitenote_note":"","_monsterinsights_sitenote_category":0},"product_brand":[],"product_cat":[12530,12304],"product_tag":[],"class_list":{"0":"post-689919","1":"product","2":"type-product","3":"status-publish","5":"product_cat-mustafa-kemal-ataturk","6":"product_cat-tarih","7":"pa_cilt-ciltsiz","8":"pa_tur-kitap","9":"pa_yayinevi-inkilap-kitabevi","10":"pa_yazar-sinan-meydan","12":"first","13":"instock","14":"sale","15":"shipping-taxable","16":"purchasable","17":"product-type-simple"},"_links":{"self":[{"href":"https:\/\/roveyayinevi.com.tr\/index.php\/wp-json\/wp\/v2\/product\/689919","targetHints":{"allow":["GET"]}}],"collection":[{"href":"https:\/\/roveyayinevi.com.tr\/index.php\/wp-json\/wp\/v2\/product"}],"about":[{"href":"https:\/\/roveyayinevi.com.tr\/index.php\/wp-json\/wp\/v2\/types\/product"}],"wp:attachment":[{"href":"https:\/\/roveyayinevi.com.tr\/index.php\/wp-json\/wp\/v2\/media?parent=689919"}],"wp:term":[{"taxonomy":"product_brand","embeddable":true,"href":"https:\/\/roveyayinevi.com.tr\/index.php\/wp-json\/wp\/v2\/product_brand?post=689919"},{"taxonomy":"product_cat","embeddable":true,"href":"https:\/\/roveyayinevi.com.tr\/index.php\/wp-json\/wp\/v2\/product_cat?post=689919"},{"taxonomy":"product_tag","embeddable":true,"href":"https:\/\/roveyayinevi.com.tr\/index.php\/wp-json\/wp\/v2\/product_tag?post=689919"}],"curies":[{"name":"wp","href":"https:\/\/api.w.org\/{rel}","templated":true}]}}