{"id":689902,"date":"2025-08-27T13:48:50","date_gmt":"2025-08-27T10:48:50","guid":{"rendered":"https:\/\/roveyayinevi.com.tr\/index.php\/urun\/uygarlik-macerasi\/"},"modified":"2026-04-16T01:59:26","modified_gmt":"2026-04-15T22:59:26","slug":"uygarlik-macerasi","status":"publish","type":"product","link":"https:\/\/roveyayinevi.com.tr\/index.php\/urun\/uygarlik-macerasi\/","title":{"rendered":"Uygarl\u0131k Maceras\u0131"},"content":{"rendered":"<p>Ya\u015fad\u0131\u011f\u0131n\u0131z heyecan verici d\u00fcnyay\u0131 ke\u015ffedin. Bu kitapta bir okula, kalabal\u0131k bir \u015fehre, bir \u00e7iftli\u011fe gidip, ba\u015fka \u00fclkelerdeki insanlar\u0131n ya\u015fam tarzlar\u0131n\u0131 g\u00f6rmek i\u00e7in bir d\u00fcnya turuna \u00e7\u0131kabilirsiniz. Kitapta yer alan 10 b\u00fcy\u00fck resimde farkl\u0131 \u00fclkeleri, farkl\u0131 yerleri ayr\u0131nt\u0131lar\u0131yla inceleyebilir, binalar\u0131n i\u00e7ine girip, egzotik mekanlarda gezinebilirsiniz.<\/p>\n","protected":false},"excerpt":{"rendered":"<p>Ya\u015fad\u0131\u011f\u0131n\u0131z heyecan verici d\u00fcnyay\u0131 ke\u015ffedin. Bu kitapta bir okula, kalabal\u0131k bir \u015fehre, bir \u00e7iftli\u011fe gidip, ba\u015fka \u00fclkelerdeki insanlar\u0131n ya\u015fam tarzlar\u0131n\u0131 g\u00f6rmek i\u00e7in bir d\u00fcnya turuna \u00e7\u0131kabilirsiniz.<span class=\"excerpt-hellip\"> [\u2026]<\/span><\/p>\n","protected":false},"featured_media":0,"template":"","meta":{"_monsterinsights_skip_tracking":false,"_monsterinsights_sitenote_active":false,"_monsterinsights_sitenote_note":"","_monsterinsights_sitenote_category":0},"product_brand":[],"product_cat":[12312,12304],"product_tag":[],"class_list":{"0":"post-689902","1":"product","2":"type-product","3":"status-publish","5":"product_cat-diger","6":"product_cat-tarih","7":"pa_cilt-ciltsiz","8":"pa_tur-kitap","9":"pa_yayinevi-is-bankasi-kultur-yayinlari","10":"pa_yazar-kolektif","12":"first","13":"instock","14":"sale","15":"shipping-taxable","16":"purchasable","17":"product-type-simple"},"_links":{"self":[{"href":"https:\/\/roveyayinevi.com.tr\/index.php\/wp-json\/wp\/v2\/product\/689902","targetHints":{"allow":["GET"]}}],"collection":[{"href":"https:\/\/roveyayinevi.com.tr\/index.php\/wp-json\/wp\/v2\/product"}],"about":[{"href":"https:\/\/roveyayinevi.com.tr\/index.php\/wp-json\/wp\/v2\/types\/product"}],"wp:attachment":[{"href":"https:\/\/roveyayinevi.com.tr\/index.php\/wp-json\/wp\/v2\/media?parent=689902"}],"wp:term":[{"taxonomy":"product_brand","embeddable":true,"href":"https:\/\/roveyayinevi.com.tr\/index.php\/wp-json\/wp\/v2\/product_brand?post=689902"},{"taxonomy":"product_cat","embeddable":true,"href":"https:\/\/roveyayinevi.com.tr\/index.php\/wp-json\/wp\/v2\/product_cat?post=689902"},{"taxonomy":"product_tag","embeddable":true,"href":"https:\/\/roveyayinevi.com.tr\/index.php\/wp-json\/wp\/v2\/product_tag?post=689902"}],"curies":[{"name":"wp","href":"https:\/\/api.w.org\/{rel}","templated":true}]}}